{"id":694,"date":"2020-06-30T11:46:48","date_gmt":"2020-06-30T11:46:48","guid":{"rendered":"https:\/\/www.coach-hunter.com\/content\/?page_id=694"},"modified":"2020-09-08T13:18:47","modified_gmt":"2020-09-08T13:18:47","slug":"bpjeps-sports-de-contact","status":"publish","type":"page","link":"https:\/\/www.coach-hunter.com\/content\/bpjeps-sports-de-contact\/","title":{"rendered":"BPJEPS Sports de contact, sp\u00e9cialit\u00e9 des coachs de muay tha\u00ef"},"content":{"rendered":"\n<p>Les <a class=\"callAction\" href=\"https:\/\/www.coach-hunter.com\/content\/bpjeps-sports-de-combat\/\">BPJEPS Sports de combat<\/a> sont des <strong>dipl\u00f4mes d&rsquo;Etat<\/strong> permettant d&rsquo;exercer en tant que <strong>coach sportif<\/strong>. Le <strong>BPJEPS Sports de contact<\/strong> est une formation sp\u00e9cialis\u00e9e, \u00e0 l&rsquo;issue de laquelle on peut animer des cours de boxe tha\u00eflandaise, de kick boxing ou de full contact. <\/p>\n\n\n\n<div class=\"wp-block-image\"><figure class=\"aligncenter size-large\"><img loading=\"lazy\" decoding=\"async\" width=\"626\" height=\"417\" src=\"https:\/\/www.coach-hunter.com\/content\/wp-content\/uploads\/2020\/06\/bpjeps-sports-de-contact.jpg\" alt=\"BPJEPS Sports de contact\" class=\"wp-image-695\" srcset=\"https:\/\/www.coach-hunter.com\/content\/wp-content\/uploads\/2020\/06\/bpjeps-sports-de-contact.jpg 626w, https:\/\/www.coach-hunter.com\/content\/wp-content\/uploads\/2020\/06\/bpjeps-sports-de-contact-300x200.jpg 300w\" sizes=\"auto, (max-width: 626px) 85vw, 626px\" \/><\/figure><\/div>\n\n\n\n<div class='flexo'><div class=\"lames2\">\n\n\n\n<h2 class=\"wp-block-heading\">Les objectifs du&nbsp;BPJEPS sp\u00e9cialit\u00e9 \u00c9ducateur sportif mention Sports de contact<\/h2>\n\n\n\n<p>Le <strong>BPJEPS Sports de contact et disciplines associ\u00e9es<\/strong> a pour but de former des entra\u00eeneurs sportifs \u00e0&nbsp;la <strong>pratique du full contact, kick boxing ou muay tha\u00ef<\/strong>. Le d\u00e9tenteur du dipl\u00f4me aura pour mission d&rsquo;<strong>encadrer les activit\u00e9s physiques et sportives<\/strong>. Il aura pour surveillance des groupes ou des particuliers, selon l&rsquo;\u00e9tendue de ses fonctions. Il devra concevoir et ex\u00e9cuter des s\u00e9ances ou cycles d&rsquo;animation.<\/p>\n\n\n\n<p>\u00c9ventuellement, il pourra <strong>participer \u00e0 l&rsquo;organisation de la structure<\/strong> qui l\u2019accueille. Dans ce cas, il devra mettre en \u0153uvre les <strong>projets de la structure<\/strong>, sa communication et sa promotion. Ainsi, la formation des brevets professionnels de la jeunesse, de l\u2019\u00e9ducation populaire et du sport inclus des notions de management. Enfin, il pourra aussi <strong>intervenir en centre de formation<\/strong> pour guider les candidats au BPJEPS vers l&rsquo;obtention du dipl\u00f4me.<\/p>\n\n\n\n<\/div><div class=\"lames2\">\n\n\n\n<h2 class=\"wp-block-heading\">Quel parcours pour obtenir le BPJEPS Sports de contact ?<\/h2>\n\n\n\n<p>La mention Sports de contact fait aussi partie du <strong>BPJEPS sp\u00e9cialit\u00e9 activit\u00e9s pugilistiques<\/strong>. D\u00e8s l&rsquo; entr\u00e9e en formation, il vous sera demand\u00e9 d&rsquo; avoir un certificat m\u00e9dical. En outre, il attestera que vous pouvez pratiquer ces disciplines. L&rsquo;impact physique des sports de contact n&rsquo;est pas n\u00e9gligeable. Il faut donc que vous ayez une bonne condition physique avant de vous porter candidat au dipl\u00f4me.<\/p>\n\n\n\n<p>Par ailleurs, l&rsquo;obtention de ce dernier requiert de <strong>passer un test technique<\/strong>. Il s&rsquo;agit de l&rsquo;<strong>exigence pr\u00e9alable <\/strong>\u00e0 laquelle le candidat doit r\u00e9pondre. Pour obtenir le dipl\u00f4me, le candidat devra donc passer un <strong>test de mise en pratique des techniques de la mention<\/strong>. En l&rsquo;esp\u00e8ce, il s&rsquo;agit d&rsquo;un <strong>assaut de trois reprises<\/strong>, durant 2 minutes, respectant les r\u00e8gles de s\u00e9curit\u00e9. Par ailleurs, les <strong>Brevets F\u00e9d\u00e9raux<\/strong>, d\u00e9livr\u00e9s par la <strong>F\u00e9d\u00e9ration fran\u00e7aise de kick boxing, muay tha\u00ef et disciplines associ\u00e9es<\/strong> (FFKMDA), dispensent leur d\u00e9tenteur de passer le test.<\/p>\n\n\n\n<p><strong>Accessibilit\u00e9<\/strong> : d\u00e8s l&rsquo;\u00e2ge de 18 ans, avec le BAFA ou une exp\u00e9rience d&rsquo;animateur. Il faut \u00eatre titulaire du certificat de participation \u00e0 la Journ\u00e9e D\u00e9fense et Citoyennet\u00e9 (JDC ) pour les 18 &#8211; 25 ans et du PSC1 ou d\u2019un dipl\u00f4me \u00e9quivalent.<br><strong>Dur\u00e9e de formation<\/strong>&nbsp;:&nbsp;1 an \u00e0 18 mois dans un organisme agr\u00e9\u00e9 par les Directions r\u00e9gionales de la jeunesse, des sports et de la coh\u00e9sion sociale (DRJSCS).<br><strong>Co\u00fbt de la formation<\/strong>&nbsp;:&nbsp;entre 3 000 et 6 000 euros<\/p>\n\n\n\n<\/div><\/div>\n\n\n\n<h2 class=\"wp-block-heading\">D\u2019autres BPJEPS Sports de combat :<\/h2>\n\n\n\n<ul class=\"wp-block-list\"><li><a href=\"https:\/\/www.coach-hunter.com\/content\/bpjeps-boxe-anglaise\/\">BPJEPS Boxe Anglaise<\/a><\/li><li><a href=\"https:\/\/www.coach-hunter.com\/content\/bpjeps-boxe-francaise\/\">BPJEPS Boxe fran\u00e7aise<\/a><\/li><li><a href=\"https:\/\/www.coach-hunter.com\/content\/bpjeps-judo-jujitsu\/\">BPJEPS Judo-Jujitsu<\/a><\/li><li><a href=\"https:\/\/www.coach-hunter.com\/content\/bpjeps-karate-disciplines-associees\/\">BPJEPS Karat\u00e9 et disciplines associ\u00e9es<\/a><\/li><li><a href=\"https:\/\/www.coach-hunter.com\/content\/bpjeps-lutte\/\">BPJEPS Lutte<\/a><\/li><\/ul>\n","protected":false},"excerpt":{"rendered":"<p>Les BPJEPS Sports de combat sont des dipl\u00f4mes d&rsquo;Etat permettant d&rsquo;exercer en tant que coach sportif. Le BPJEPS Sports de contact est une formation sp\u00e9cialis\u00e9e, \u00e0 l&rsquo;issue de laquelle on peut animer des cours de boxe tha\u00eflandaise, de kick boxing ou de full contact. Les objectifs du&nbsp;BPJEPS sp\u00e9cialit\u00e9 \u00c9ducateur sportif mention Sports de contact Le &hellip; <a href=\"https:\/\/www.coach-hunter.com\/content\/bpjeps-sports-de-contact\/\" class=\"more-link\">Continuer la lecture<span class=\"screen-reader-text\"> de &laquo;&nbsp;BPJEPS Sports de contact, sp\u00e9cialit\u00e9 des coachs de muay tha\u00ef&nbsp;&raquo;<\/span><\/a><\/p>\n","protected":false},"author":5,"featured_media":0,"parent":0,"menu_order":0,"comment_status":"closed","ping_status":"closed","template":"","meta":{"footnotes":""},"class_list":["post-694","page","type-page","status-publish","hentry"],"yoast_head":"<!-- This site is optimized with the Yoast SEO plugin v25.9 - https:\/\/yoast.com\/wordpress\/plugins\/seo\/ -->\n<title>BPJEPS Sports de contact : devenez un coach sportif expert en full contact<\/title>\n<meta name=\"description\" content=\"Le BPJEPS Sports de contact est un dipl\u00f4me d&#039;Etat formant des coachs sportifs dans la pratique du full contact, muay tha\u00ef et kick boxing.\" \/>\n<meta name=\"robots\" content=\"index, follow, max-snippet:-1, max-image-preview:large, max-video-preview:-1\" \/>\n<link rel=\"canonical\" href=\"https:\/\/www.coach-hunter.com\/content\/bpjeps-sports-de-contact\/\" \/>\n<meta property=\"og:locale\" content=\"fr_FR\" \/>\n<meta property=\"og:type\" content=\"article\" \/>\n<meta property=\"og:title\" content=\"BPJEPS Sports de contact : devenez un coach sportif expert en full contact\" \/>\n<meta property=\"og:description\" content=\"Le BPJEPS Sports de contact est un dipl\u00f4me d&#039;Etat formant des coachs sportifs dans la pratique du full contact, muay tha\u00ef et kick boxing.\" \/>\n<meta property=\"og:url\" content=\"https:\/\/www.coach-hunter.com\/content\/bpjeps-sports-de-contact\/\" \/>\n<meta property=\"og:site_name\" content=\"Blog Coach Hunter\" \/>\n<meta property=\"article:modified_time\" content=\"2020-09-08T13:18:47+00:00\" \/>\n<meta property=\"og:image\" content=\"https:\/\/www.coach-hunter.com\/content\/wp-content\/uploads\/2020\/06\/bpjeps-sports-de-contact.jpg\" \/>\n\t<meta property=\"og:image:width\" content=\"626\" \/>\n\t<meta property=\"og:image:height\" content=\"417\" \/>\n\t<meta property=\"og:image:type\" content=\"image\/jpeg\" \/>\n<meta name=\"twitter:card\" content=\"summary_large_image\" \/>\n<meta name=\"twitter:label1\" content=\"Dur\u00e9e de lecture estim\u00e9e\" \/>\n\t<meta name=\"twitter:data1\" content=\"2 minutes\" \/>\n<script type=\"application\/ld+json\" class=\"yoast-schema-graph\">{\"@context\":\"https:\/\/schema.org\",\"@graph\":[{\"@type\":\"WebPage\",\"@id\":\"https:\/\/www.coach-hunter.com\/content\/bpjeps-sports-de-contact\/\",\"url\":\"https:\/\/www.coach-hunter.com\/content\/bpjeps-sports-de-contact\/\",\"name\":\"BPJEPS Sports de contact : devenez un coach sportif expert en full contact\",\"isPartOf\":{\"@id\":\"https:\/\/www.coach-hunter.com\/content\/#website\"},\"primaryImageOfPage\":{\"@id\":\"https:\/\/www.coach-hunter.com\/content\/bpjeps-sports-de-contact\/#primaryimage\"},\"image\":{\"@id\":\"https:\/\/www.coach-hunter.com\/content\/bpjeps-sports-de-contact\/#primaryimage\"},\"thumbnailUrl\":\"https:\/\/www.coach-hunter.com\/content\/wp-content\/uploads\/2020\/06\/bpjeps-sports-de-contact.jpg\",\"datePublished\":\"2020-06-30T11:46:48+00:00\",\"dateModified\":\"2020-09-08T13:18:47+00:00\",\"description\":\"Le BPJEPS Sports de contact est un dipl\u00f4me d'Etat formant des coachs sportifs dans la pratique du full contact, muay tha\u00ef et kick boxing.\",\"breadcrumb\":{\"@id\":\"https:\/\/www.coach-hunter.com\/content\/bpjeps-sports-de-contact\/#breadcrumb\"},\"inLanguage\":\"fr-FR\",\"potentialAction\":[{\"@type\":\"ReadAction\",\"target\":[\"https:\/\/www.coach-hunter.com\/content\/bpjeps-sports-de-contact\/\"]}]},{\"@type\":\"ImageObject\",\"inLanguage\":\"fr-FR\",\"@id\":\"https:\/\/www.coach-hunter.com\/content\/bpjeps-sports-de-contact\/#primaryimage\",\"url\":\"https:\/\/www.coach-hunter.com\/content\/wp-content\/uploads\/2020\/06\/bpjeps-sports-de-contact.jpg\",\"contentUrl\":\"https:\/\/www.coach-hunter.com\/content\/wp-content\/uploads\/2020\/06\/bpjeps-sports-de-contact.jpg\",\"width\":626,\"height\":417},{\"@type\":\"BreadcrumbList\",\"@id\":\"https:\/\/www.coach-hunter.com\/content\/bpjeps-sports-de-contact\/#breadcrumb\",\"itemListElement\":[{\"@type\":\"ListItem\",\"position\":1,\"name\":\"Accueil\",\"item\":\"https:\/\/www.coach-hunter.com\/content\/\"},{\"@type\":\"ListItem\",\"position\":2,\"name\":\"BPJEPS Sports de contact, sp\u00e9cialit\u00e9 des coachs de muay tha\u00ef\"}]},{\"@type\":\"WebSite\",\"@id\":\"https:\/\/www.coach-hunter.com\/content\/#website\",\"url\":\"https:\/\/www.coach-hunter.com\/content\/\",\"name\":\"Blog Coach Hunter\",\"description\":\"\",\"potentialAction\":[{\"@type\":\"SearchAction\",\"target\":{\"@type\":\"EntryPoint\",\"urlTemplate\":\"https:\/\/www.coach-hunter.com\/content\/?s={search_term_string}\"},\"query-input\":{\"@type\":\"PropertyValueSpecification\",\"valueRequired\":true,\"valueName\":\"search_term_string\"}}],\"inLanguage\":\"fr-FR\"}]}<\/script>\n<!-- \/ Yoast SEO plugin. -->","yoast_head_json":{"title":"BPJEPS Sports de contact : devenez un coach sportif expert en full contact","description":"Le BPJEPS Sports de contact est un dipl\u00f4me d'Etat formant des coachs sportifs dans la pratique du full contact, muay tha\u00ef et kick boxing.","robots":{"index":"index","follow":"follow","max-snippet":"max-snippet:-1","max-image-preview":"max-image-preview:large","max-video-preview":"max-video-preview:-1"},"canonical":"https:\/\/www.coach-hunter.com\/content\/bpjeps-sports-de-contact\/","og_locale":"fr_FR","og_type":"article","og_title":"BPJEPS Sports de contact : devenez un coach sportif expert en full contact","og_description":"Le BPJEPS Sports de contact est un dipl\u00f4me d'Etat formant des coachs sportifs dans la pratique du full contact, muay tha\u00ef et kick boxing.","og_url":"https:\/\/www.coach-hunter.com\/content\/bpjeps-sports-de-contact\/","og_site_name":"Blog Coach Hunter","article_modified_time":"2020-09-08T13:18:47+00:00","og_image":[{"width":626,"height":417,"url":"https:\/\/www.coach-hunter.com\/content\/wp-content\/uploads\/2020\/06\/bpjeps-sports-de-contact.jpg","type":"image\/jpeg"}],"twitter_card":"summary_large_image","twitter_misc":{"Dur\u00e9e de lecture estim\u00e9e":"2 minutes"},"schema":{"@context":"https:\/\/schema.org","@graph":[{"@type":"WebPage","@id":"https:\/\/www.coach-hunter.com\/content\/bpjeps-sports-de-contact\/","url":"https:\/\/www.coach-hunter.com\/content\/bpjeps-sports-de-contact\/","name":"BPJEPS Sports de contact : devenez un coach sportif expert en full contact","isPartOf":{"@id":"https:\/\/www.coach-hunter.com\/content\/#website"},"primaryImageOfPage":{"@id":"https:\/\/www.coach-hunter.com\/content\/bpjeps-sports-de-contact\/#primaryimage"},"image":{"@id":"https:\/\/www.coach-hunter.com\/content\/bpjeps-sports-de-contact\/#primaryimage"},"thumbnailUrl":"https:\/\/www.coach-hunter.com\/content\/wp-content\/uploads\/2020\/06\/bpjeps-sports-de-contact.jpg","datePublished":"2020-06-30T11:46:48+00:00","dateModified":"2020-09-08T13:18:47+00:00","description":"Le BPJEPS Sports de contact est un dipl\u00f4me d'Etat formant des coachs sportifs dans la pratique du full contact, muay tha\u00ef et kick boxing.","breadcrumb":{"@id":"https:\/\/www.coach-hunter.com\/content\/bpjeps-sports-de-contact\/#breadcrumb"},"inLanguage":"fr-FR","potentialAction":[{"@type":"ReadAction","target":["https:\/\/www.coach-hunter.com\/content\/bpjeps-sports-de-contact\/"]}]},{"@type":"ImageObject","inLanguage":"fr-FR","@id":"https:\/\/www.coach-hunter.com\/content\/bpjeps-sports-de-contact\/#primaryimage","url":"https:\/\/www.coach-hunter.com\/content\/wp-content\/uploads\/2020\/06\/bpjeps-sports-de-contact.jpg","contentUrl":"https:\/\/www.coach-hunter.com\/content\/wp-content\/uploads\/2020\/06\/bpjeps-sports-de-contact.jpg","width":626,"height":417},{"@type":"BreadcrumbList","@id":"https:\/\/www.coach-hunter.com\/content\/bpjeps-sports-de-contact\/#breadcrumb","itemListElement":[{"@type":"ListItem","position":1,"name":"Accueil","item":"https:\/\/www.coach-hunter.com\/content\/"},{"@type":"ListItem","position":2,"name":"BPJEPS Sports de contact, sp\u00e9cialit\u00e9 des coachs de muay tha\u00ef"}]},{"@type":"WebSite","@id":"https:\/\/www.coach-hunter.com\/content\/#website","url":"https:\/\/www.coach-hunter.com\/content\/","name":"Blog Coach Hunter","description":"","potentialAction":[{"@type":"SearchAction","target":{"@type":"EntryPoint","urlTemplate":"https:\/\/www.coach-hunter.com\/content\/?s={search_term_string}"},"query-input":{"@type":"PropertyValueSpecification","valueRequired":true,"valueName":"search_term_string"}}],"inLanguage":"fr-FR"}]}},"_links":{"self":[{"href":"https:\/\/www.coach-hunter.com\/content\/wp-json\/wp\/v2\/pages\/694","targetHints":{"allow":["GET"]}}],"collection":[{"href":"https:\/\/www.coach-hunter.com\/content\/wp-json\/wp\/v2\/pages"}],"about":[{"href":"https:\/\/www.coach-hunter.com\/content\/wp-json\/wp\/v2\/types\/page"}],"author":[{"embeddable":true,"href":"https:\/\/www.coach-hunter.com\/content\/wp-json\/wp\/v2\/users\/5"}],"replies":[{"embeddable":true,"href":"https:\/\/www.coach-hunter.com\/content\/wp-json\/wp\/v2\/comments?post=694"}],"version-history":[{"count":14,"href":"https:\/\/www.coach-hunter.com\/content\/wp-json\/wp\/v2\/pages\/694\/revisions"}],"predecessor-version":[{"id":1537,"href":"https:\/\/www.coach-hunter.com\/content\/wp-json\/wp\/v2\/pages\/694\/revisions\/1537"}],"wp:attachment":[{"href":"https:\/\/www.coach-hunter.com\/content\/wp-json\/wp\/v2\/media?parent=694"}],"curies":[{"name":"wp","href":"https:\/\/api.w.org\/{rel}","templated":true}]}}