{"id":679,"date":"2020-07-06T11:14:37","date_gmt":"2020-07-06T11:14:37","guid":{"rendered":"https:\/\/www.coach-hunter.com\/content\/?page_id=679"},"modified":"2020-09-08T13:23:42","modified_gmt":"2020-09-08T13:23:42","slug":"bpjeps-rugby-le-diplome-coach-sportif-du-rugby-a-xv","status":"publish","type":"page","link":"https:\/\/www.coach-hunter.com\/content\/bpjeps-rugby-le-diplome-coach-sportif-du-rugby-a-xv\/","title":{"rendered":"BPJEPS Rugby, le dipl\u00f4me coach sportif du Rugby \u00e0 XV"},"content":{"rendered":"\n<p>Le <a class=\"callAction\" href=\"https:\/\/www.coach-hunter.com\/content\/bpjeps-sports-collectifs\/\">BPJEPS Sports collectifs<\/a> est un <strong>dipl\u00f4me d&rsquo;Etat<\/strong>. Il permet \u00e0 ses titulaires d&rsquo;encadrer la <strong>pratique sportive<\/strong> en tant que <strong>coach sportif<\/strong>. Le brevet professionnel <strong>BPJEPS Rugby<\/strong> permet aux dipl\u00f4m\u00e9s d&rsquo;animer des <strong>s\u00e9ances de sports<\/strong> autour de cette <strong>discipline sportive<\/strong>, aupr\u00e8s d&rsquo;individuels ou d&rsquo;\u00e9quipes.<\/p>\n\n\n\n<div class=\"wp-block-image\"><figure class=\"aligncenter size-large\"><img loading=\"lazy\" decoding=\"async\" width=\"626\" height=\"417\" src=\"https:\/\/www.coach-hunter.com\/content\/wp-content\/uploads\/2020\/06\/bpjeps-rugby.jpg\" alt=\"Bpjeps Rugby\" class=\"wp-image-681\" srcset=\"https:\/\/www.coach-hunter.com\/content\/wp-content\/uploads\/2020\/06\/bpjeps-rugby.jpg 626w, https:\/\/www.coach-hunter.com\/content\/wp-content\/uploads\/2020\/06\/bpjeps-rugby-300x200.jpg 300w\" sizes=\"auto, (max-width: 626px) 85vw, 626px\" \/><\/figure><\/div>\n\n\n\n<div class='flexo'><div class=\"lames2\">\n\n\n\n<h2 class=\"wp-block-heading\">Les objectifs du&nbsp;BPJEPS sp\u00e9cialit\u00e9 \u00c9ducateur sportif mention Rugby<\/h2>\n\n\n\n<p>Le <strong>BPJEPS sp\u00e9cialit\u00e9 Rugby \u00e0 XV<\/strong> vise \u00e0 former des professionnels encadrant des groupes dans le cadre des <strong>sports collectifs<\/strong>, ici en particulier le rubgy. Le d\u00e9tenteur du dipl\u00f4me devra mobiliser les connaissances n\u00e9cessaires pour pr\u00e9parer un <strong>projet sportif<\/strong>. Il devra prendre en compte les caract\u00e9ristiques de chaque \u00e9l\u00e8ve, et communiquer dans les situations de groupe. \u00c9ventuellement, il devra participer au <strong>fonctionnement de la structure<\/strong> qui l\u2019accueille. <\/p>\n\n\n\n<p>Il devra mobiliser les <strong>comp\u00e9tences <\/strong>n\u00e9cessaires \u00e0 la conduite des activit\u00e9s d&rsquo;animation de rugby \u00e0 XV. En tant que <strong>responsable p\u00e9dagogique<\/strong>, il fera la promotion du rugby et devra pr\u00e9parer des actions \u00e9ducatives aupr\u00e8s des plus jeunes.<\/p>\n\n\n\n<\/div><div class=\"lames2\">\n\n\n\n<h2 class=\"wp-block-heading\">Quel parcours pour obtenir le BPJEPS ASC Rugby ?<\/h2>\n\n\n\n<p>Le <strong>Brevet professionnel de la jeunesse, de l&rsquo;\u00e9ducation populaire et du sport<\/strong>, mention rugby, cible tous les publics. Le professionnel pourra exercer en club, en association, ou aupr\u00e8s de particuliers. Il devra connaitre les caract\u00e9ristiques des publics pour pr\u00e9parer des programmes sportifs cibl\u00e9s. Il devra ainsi \u00eatre capable de pr\u00e9parer un <strong>entrainement de rugby \u00e0 XV<\/strong>, qu&rsquo;il s&rsquo;agisse d&rsquo;un public d&rsquo;enfants ou d&rsquo;adultes.<\/p>\n\n\n\n<p>Pour obtenir ce dipl\u00f4me, le candidat devra r\u00e9pondre \u00e0 certaines exigences pr\u00e9alables. Le candidat devra prouver des ses <strong>capacit\u00e9s physiques<\/strong> au travers de 2 tests de s\u00e9lection. Auront lieu un <strong>test d&rsquo;opposition<\/strong> et un <strong>test d&rsquo;habilet\u00e9 motrice<\/strong>.<\/p>\n\n\n\n<p><strong>Accessibilit\u00e9<\/strong> : d\u00e8s l&rsquo;\u00e2ge de 18 ans, avec le BAFA ou une exp\u00e9rience d&rsquo;animateur. Il faut \u00eatre titulaire du certificat de participation \u00e0 la Journ\u00e9e D\u00e9fense et Citoyennet\u00e9 (JDC ) pour les 18 &#8211; 25 ans et du PSC1 ou d\u2019un dipl\u00f4me \u00e9quivalent.<br><strong>Dur\u00e9e de formation<\/strong>&nbsp;:&nbsp;1 an \u00e0 18 mois dans un organisme agr\u00e9\u00e9 par les Directions r\u00e9gionales de la jeunesse, des sports et de la coh\u00e9sion sociale (DRJSCS).<br><strong>Co\u00fbt de la formation<\/strong>&nbsp;:&nbsp;de 4 500 \u00e0 7 000 \u20ac<\/p>\n\n\n\n<\/div><\/div>\n\n\n\n<h2 class=\"wp-block-heading\">D\u2019autres BPJEPS Sports collectifs :<\/h2>\n\n\n\n<ul class=\"wp-block-list\"><li><a href=\"https:\/\/www.coach-hunter.com\/content\/bpjeps-basket-ball\/\">BPJEPS Basket-ball<\/a><\/li><li><a href=\"https:\/\/www.coach-hunter.com\/content\/bpjeps-football\/\">BPJEPS Football<\/a><\/li><li><a href=\"https:\/\/www.coach-hunter.com\/content\/bpjeps-handball\/\">BPJEPS Handball<\/a><\/li><li><a href=\"https:\/\/www.coach-hunter.com\/content\/bpjeps-volley-ball\/\">BPJEPS Volley-ball<\/a><\/li><\/ul>\n","protected":false},"excerpt":{"rendered":"<p>Le BPJEPS Sports collectifs est un dipl\u00f4me d&rsquo;Etat. Il permet \u00e0 ses titulaires d&rsquo;encadrer la pratique sportive en tant que coach sportif. Le brevet professionnel BPJEPS Rugby permet aux dipl\u00f4m\u00e9s d&rsquo;animer des s\u00e9ances de sports autour de cette discipline sportive, aupr\u00e8s d&rsquo;individuels ou d&rsquo;\u00e9quipes. Les objectifs du&nbsp;BPJEPS sp\u00e9cialit\u00e9 \u00c9ducateur sportif mention Rugby Le BPJEPS sp\u00e9cialit\u00e9 &hellip; <a href=\"https:\/\/www.coach-hunter.com\/content\/bpjeps-rugby-le-diplome-coach-sportif-du-rugby-a-xv\/\" class=\"more-link\">Continuer la lecture<span class=\"screen-reader-text\"> de &laquo;&nbsp;BPJEPS Rugby, le dipl\u00f4me coach sportif du Rugby \u00e0 XV&nbsp;&raquo;<\/span><\/a><\/p>\n","protected":false},"author":5,"featured_media":0,"parent":0,"menu_order":0,"comment_status":"closed","ping_status":"closed","template":"","meta":{"footnotes":""},"class_list":["post-679","page","type-page","status-publish","hentry"],"yoast_head":"<!-- This site is optimized with the Yoast SEO plugin v25.9 - https:\/\/yoast.com\/wordpress\/plugins\/seo\/ -->\n<title>BPJEPS Rugby : devenez un coach sportif sp\u00e9cialis\u00e9 en Rugby \u00e0 XV !<\/title>\n<meta name=\"description\" content=\"Le BPJEPS Rugby \u00e0 XV est un dipl\u00f4me d&#039;Etat permettant d&#039;animer des cours de sports collectifs, plus particuli\u00e8rement de rugby, en tant que coach sportif.\" \/>\n<meta name=\"robots\" content=\"index, follow, max-snippet:-1, max-image-preview:large, max-video-preview:-1\" \/>\n<link rel=\"canonical\" href=\"https:\/\/www.coach-hunter.com\/content\/bpjeps-rugby-le-diplome-coach-sportif-du-rugby-a-xv\/\" \/>\n<meta property=\"og:locale\" content=\"fr_FR\" \/>\n<meta property=\"og:type\" content=\"article\" \/>\n<meta property=\"og:title\" content=\"BPJEPS Rugby : devenez un coach sportif sp\u00e9cialis\u00e9 en Rugby \u00e0 XV !\" \/>\n<meta property=\"og:description\" content=\"Le BPJEPS Rugby \u00e0 XV est un dipl\u00f4me d&#039;Etat permettant d&#039;animer des cours de sports collectifs, plus particuli\u00e8rement de rugby, en tant que coach sportif.\" \/>\n<meta property=\"og:url\" content=\"https:\/\/www.coach-hunter.com\/content\/bpjeps-rugby-le-diplome-coach-sportif-du-rugby-a-xv\/\" \/>\n<meta property=\"og:site_name\" content=\"Blog Coach Hunter\" \/>\n<meta property=\"article:modified_time\" content=\"2020-09-08T13:23:42+00:00\" \/>\n<meta property=\"og:image\" content=\"https:\/\/www.coach-hunter.com\/content\/wp-content\/uploads\/2020\/06\/bpjeps-rugby.jpg\" \/>\n\t<meta property=\"og:image:width\" content=\"626\" \/>\n\t<meta property=\"og:image:height\" content=\"417\" \/>\n\t<meta property=\"og:image:type\" content=\"image\/jpeg\" \/>\n<meta name=\"twitter:card\" content=\"summary_large_image\" \/>\n<meta name=\"twitter:label1\" content=\"Dur\u00e9e de lecture estim\u00e9e\" \/>\n\t<meta name=\"twitter:data1\" content=\"2 minutes\" \/>\n<script type=\"application\/ld+json\" class=\"yoast-schema-graph\">{\"@context\":\"https:\/\/schema.org\",\"@graph\":[{\"@type\":\"WebPage\",\"@id\":\"https:\/\/www.coach-hunter.com\/content\/bpjeps-rugby-le-diplome-coach-sportif-du-rugby-a-xv\/\",\"url\":\"https:\/\/www.coach-hunter.com\/content\/bpjeps-rugby-le-diplome-coach-sportif-du-rugby-a-xv\/\",\"name\":\"BPJEPS Rugby : devenez un coach sportif sp\u00e9cialis\u00e9 en Rugby \u00e0 XV !\",\"isPartOf\":{\"@id\":\"https:\/\/www.coach-hunter.com\/content\/#website\"},\"primaryImageOfPage\":{\"@id\":\"https:\/\/www.coach-hunter.com\/content\/bpjeps-rugby-le-diplome-coach-sportif-du-rugby-a-xv\/#primaryimage\"},\"image\":{\"@id\":\"https:\/\/www.coach-hunter.com\/content\/bpjeps-rugby-le-diplome-coach-sportif-du-rugby-a-xv\/#primaryimage\"},\"thumbnailUrl\":\"https:\/\/www.coach-hunter.com\/content\/wp-content\/uploads\/2020\/06\/bpjeps-rugby.jpg\",\"datePublished\":\"2020-07-06T11:14:37+00:00\",\"dateModified\":\"2020-09-08T13:23:42+00:00\",\"description\":\"Le BPJEPS Rugby \u00e0 XV est un dipl\u00f4me d'Etat permettant d'animer des cours de sports collectifs, plus particuli\u00e8rement de rugby, en tant que coach sportif.\",\"breadcrumb\":{\"@id\":\"https:\/\/www.coach-hunter.com\/content\/bpjeps-rugby-le-diplome-coach-sportif-du-rugby-a-xv\/#breadcrumb\"},\"inLanguage\":\"fr-FR\",\"potentialAction\":[{\"@type\":\"ReadAction\",\"target\":[\"https:\/\/www.coach-hunter.com\/content\/bpjeps-rugby-le-diplome-coach-sportif-du-rugby-a-xv\/\"]}]},{\"@type\":\"ImageObject\",\"inLanguage\":\"fr-FR\",\"@id\":\"https:\/\/www.coach-hunter.com\/content\/bpjeps-rugby-le-diplome-coach-sportif-du-rugby-a-xv\/#primaryimage\",\"url\":\"https:\/\/www.coach-hunter.com\/content\/wp-content\/uploads\/2020\/06\/bpjeps-rugby.jpg\",\"contentUrl\":\"https:\/\/www.coach-hunter.com\/content\/wp-content\/uploads\/2020\/06\/bpjeps-rugby.jpg\",\"width\":626,\"height\":417},{\"@type\":\"BreadcrumbList\",\"@id\":\"https:\/\/www.coach-hunter.com\/content\/bpjeps-rugby-le-diplome-coach-sportif-du-rugby-a-xv\/#breadcrumb\",\"itemListElement\":[{\"@type\":\"ListItem\",\"position\":1,\"name\":\"Accueil\",\"item\":\"https:\/\/www.coach-hunter.com\/content\/\"},{\"@type\":\"ListItem\",\"position\":2,\"name\":\"BPJEPS Rugby, le dipl\u00f4me coach sportif du Rugby \u00e0 XV\"}]},{\"@type\":\"WebSite\",\"@id\":\"https:\/\/www.coach-hunter.com\/content\/#website\",\"url\":\"https:\/\/www.coach-hunter.com\/content\/\",\"name\":\"Blog Coach Hunter\",\"description\":\"\",\"potentialAction\":[{\"@type\":\"SearchAction\",\"target\":{\"@type\":\"EntryPoint\",\"urlTemplate\":\"https:\/\/www.coach-hunter.com\/content\/?s={search_term_string}\"},\"query-input\":{\"@type\":\"PropertyValueSpecification\",\"valueRequired\":true,\"valueName\":\"search_term_string\"}}],\"inLanguage\":\"fr-FR\"}]}<\/script>\n<!-- \/ Yoast SEO plugin. -->","yoast_head_json":{"title":"BPJEPS Rugby : devenez un coach sportif sp\u00e9cialis\u00e9 en Rugby \u00e0 XV !","description":"Le BPJEPS Rugby \u00e0 XV est un dipl\u00f4me d'Etat permettant d'animer des cours de sports collectifs, plus particuli\u00e8rement de rugby, en tant que coach sportif.","robots":{"index":"index","follow":"follow","max-snippet":"max-snippet:-1","max-image-preview":"max-image-preview:large","max-video-preview":"max-video-preview:-1"},"canonical":"https:\/\/www.coach-hunter.com\/content\/bpjeps-rugby-le-diplome-coach-sportif-du-rugby-a-xv\/","og_locale":"fr_FR","og_type":"article","og_title":"BPJEPS Rugby : devenez un coach sportif sp\u00e9cialis\u00e9 en Rugby \u00e0 XV !","og_description":"Le BPJEPS Rugby \u00e0 XV est un dipl\u00f4me d'Etat permettant d'animer des cours de sports collectifs, plus particuli\u00e8rement de rugby, en tant que coach sportif.","og_url":"https:\/\/www.coach-hunter.com\/content\/bpjeps-rugby-le-diplome-coach-sportif-du-rugby-a-xv\/","og_site_name":"Blog Coach Hunter","article_modified_time":"2020-09-08T13:23:42+00:00","og_image":[{"width":626,"height":417,"url":"https:\/\/www.coach-hunter.com\/content\/wp-content\/uploads\/2020\/06\/bpjeps-rugby.jpg","type":"image\/jpeg"}],"twitter_card":"summary_large_image","twitter_misc":{"Dur\u00e9e de lecture estim\u00e9e":"2 minutes"},"schema":{"@context":"https:\/\/schema.org","@graph":[{"@type":"WebPage","@id":"https:\/\/www.coach-hunter.com\/content\/bpjeps-rugby-le-diplome-coach-sportif-du-rugby-a-xv\/","url":"https:\/\/www.coach-hunter.com\/content\/bpjeps-rugby-le-diplome-coach-sportif-du-rugby-a-xv\/","name":"BPJEPS Rugby : devenez un coach sportif sp\u00e9cialis\u00e9 en Rugby \u00e0 XV !","isPartOf":{"@id":"https:\/\/www.coach-hunter.com\/content\/#website"},"primaryImageOfPage":{"@id":"https:\/\/www.coach-hunter.com\/content\/bpjeps-rugby-le-diplome-coach-sportif-du-rugby-a-xv\/#primaryimage"},"image":{"@id":"https:\/\/www.coach-hunter.com\/content\/bpjeps-rugby-le-diplome-coach-sportif-du-rugby-a-xv\/#primaryimage"},"thumbnailUrl":"https:\/\/www.coach-hunter.com\/content\/wp-content\/uploads\/2020\/06\/bpjeps-rugby.jpg","datePublished":"2020-07-06T11:14:37+00:00","dateModified":"2020-09-08T13:23:42+00:00","description":"Le BPJEPS Rugby \u00e0 XV est un dipl\u00f4me d'Etat permettant d'animer des cours de sports collectifs, plus particuli\u00e8rement de rugby, en tant que coach sportif.","breadcrumb":{"@id":"https:\/\/www.coach-hunter.com\/content\/bpjeps-rugby-le-diplome-coach-sportif-du-rugby-a-xv\/#breadcrumb"},"inLanguage":"fr-FR","potentialAction":[{"@type":"ReadAction","target":["https:\/\/www.coach-hunter.com\/content\/bpjeps-rugby-le-diplome-coach-sportif-du-rugby-a-xv\/"]}]},{"@type":"ImageObject","inLanguage":"fr-FR","@id":"https:\/\/www.coach-hunter.com\/content\/bpjeps-rugby-le-diplome-coach-sportif-du-rugby-a-xv\/#primaryimage","url":"https:\/\/www.coach-hunter.com\/content\/wp-content\/uploads\/2020\/06\/bpjeps-rugby.jpg","contentUrl":"https:\/\/www.coach-hunter.com\/content\/wp-content\/uploads\/2020\/06\/bpjeps-rugby.jpg","width":626,"height":417},{"@type":"BreadcrumbList","@id":"https:\/\/www.coach-hunter.com\/content\/bpjeps-rugby-le-diplome-coach-sportif-du-rugby-a-xv\/#breadcrumb","itemListElement":[{"@type":"ListItem","position":1,"name":"Accueil","item":"https:\/\/www.coach-hunter.com\/content\/"},{"@type":"ListItem","position":2,"name":"BPJEPS Rugby, le dipl\u00f4me coach sportif du Rugby \u00e0 XV"}]},{"@type":"WebSite","@id":"https:\/\/www.coach-hunter.com\/content\/#website","url":"https:\/\/www.coach-hunter.com\/content\/","name":"Blog Coach Hunter","description":"","potentialAction":[{"@type":"SearchAction","target":{"@type":"EntryPoint","urlTemplate":"https:\/\/www.coach-hunter.com\/content\/?s={search_term_string}"},"query-input":{"@type":"PropertyValueSpecification","valueRequired":true,"valueName":"search_term_string"}}],"inLanguage":"fr-FR"}]}},"_links":{"self":[{"href":"https:\/\/www.coach-hunter.com\/content\/wp-json\/wp\/v2\/pages\/679","targetHints":{"allow":["GET"]}}],"collection":[{"href":"https:\/\/www.coach-hunter.com\/content\/wp-json\/wp\/v2\/pages"}],"about":[{"href":"https:\/\/www.coach-hunter.com\/content\/wp-json\/wp\/v2\/types\/page"}],"author":[{"embeddable":true,"href":"https:\/\/www.coach-hunter.com\/content\/wp-json\/wp\/v2\/users\/5"}],"replies":[{"embeddable":true,"href":"https:\/\/www.coach-hunter.com\/content\/wp-json\/wp\/v2\/comments?post=679"}],"version-history":[{"count":13,"href":"https:\/\/www.coach-hunter.com\/content\/wp-json\/wp\/v2\/pages\/679\/revisions"}],"predecessor-version":[{"id":1542,"href":"https:\/\/www.coach-hunter.com\/content\/wp-json\/wp\/v2\/pages\/679\/revisions\/1542"}],"wp:attachment":[{"href":"https:\/\/www.coach-hunter.com\/content\/wp-json\/wp\/v2\/media?parent=679"}],"curies":[{"name":"wp","href":"https:\/\/api.w.org\/{rel}","templated":true}]}}