{"id":596,"date":"2020-06-29T12:46:28","date_gmt":"2020-06-29T12:46:28","guid":{"rendered":"https:\/\/www.coach-hunter.com\/content\/?page_id=596"},"modified":"2020-09-08T13:31:03","modified_gmt":"2020-09-08T13:31:03","slug":"bpjeps-activites-gymniques","status":"publish","type":"page","link":"https:\/\/www.coach-hunter.com\/content\/bpjeps-activites-gymniques\/","title":{"rendered":"BPJEPS Activit\u00e9s gymniques : Coach Hunter est \u00e0 vos c\u00f4t\u00e9s"},"content":{"rendered":"\n<p>Les <a class=\"callAction\" href=\"https:\/\/www.coach-hunter.com\/content\/bpjeps-autre-mention\/\">autres mentions du BPJEPS<\/a> permettent de se sp\u00e9cialiser dans certaines disciplines. La formation <strong>BPJEPS Activit\u00e9s gymniques<\/strong> est l\u2019une des plus abouties pour encadrer en autonomie et en s\u00e9curit\u00e9 tout public dans les activit\u00e9s gymniques. M\u00eame pour les sp\u00e9cialistes de la discipline, ce <strong>brevet professionnel<\/strong> s\u2019av\u00e8re indispensable. Il vous permet d\u2019en conna\u00eetre plus sur l\u2019aspect technique ou administratif de la discipline ainsi que sa gestion. <\/p>\n\n\n\n<p>Ce dipl\u00f4me professionnel vous permet d\u2019animer toutes les activit\u00e9s gymniques et d\u2019entra\u00eener jusqu\u2019au 1er niveau de comp\u00e9tition. <strong>Coach Hunter<\/strong> vous accompagne afin de r\u00e9ussir votre avenir professionnel.&nbsp;<\/p>\n\n\n\n<div class='flexo'><div class=\"lames2\">\n\n\n\n<h2 class=\"wp-block-heading\"><strong>Vivez de votre passion gr\u00e2ce au BPJEPS Activit\u00e9s gymniques<\/strong><\/h2>\n\n\n\n<div class=\"wp-block-image\"><figure class=\"aligncenter size-large\"><img loading=\"lazy\" decoding=\"async\" width=\"1024\" height=\"546\" src=\"https:\/\/www.coach-hunter.com\/content\/wp-content\/uploads\/2020\/06\/Optimized-ANIM_SPORT_GRS_CMYK-1024x546.jpg\" alt=\"BPJEPS Activit\u00e9s gymniques\" class=\"wp-image-733\" srcset=\"https:\/\/www.coach-hunter.com\/content\/wp-content\/uploads\/2020\/06\/Optimized-ANIM_SPORT_GRS_CMYK-1024x546.jpg 1024w, https:\/\/www.coach-hunter.com\/content\/wp-content\/uploads\/2020\/06\/Optimized-ANIM_SPORT_GRS_CMYK-300x160.jpg 300w, https:\/\/www.coach-hunter.com\/content\/wp-content\/uploads\/2020\/06\/Optimized-ANIM_SPORT_GRS_CMYK-768x410.jpg 768w, https:\/\/www.coach-hunter.com\/content\/wp-content\/uploads\/2020\/06\/Optimized-ANIM_SPORT_GRS_CMYK.jpg 1200w\" sizes=\"auto, (max-width: 709px) 85vw, (max-width: 909px) 67vw, (max-width: 1362px) 62vw, 840px\" \/><\/figure><\/div>\n\n\n\n<p>Se r\u00e9veiller chaque matin avec l\u2019envie d\u2019aller travailler est le souhait de milliers de personnes. Lorsque l\u2019on interroge les fran\u00e7ais, la r\u00e9mun\u00e9ration appara\u00eet comme la motivation premi\u00e8re au travail. Or, le climat de l\u2019entreprise, les relations inter-personnelles ainsi que les responsabilit\u00e9s sont \u00e0 prendre en compte sur le long terme. <\/p>\n\n\n\n<p>Le <strong>brevet professionnel de la jeunesse, de l\u2019\u00e9ducation populaire et du sport<\/strong> est un dipl\u00f4me d\u2019Etat permettant de vivre de sa passion. De <strong>niveau IV <\/strong>(baccalaur\u00e9at), le BPJEPS Activit\u00e9s gymniques vous conf\u00e8re le statut d\u2019<strong>\u00e9ducateur sportif<\/strong> sp\u00e9cialiste de votre discipline.&nbsp;<\/p>\n\n\n\n<p>Dipl\u00f4me en poche, vous pouvez encadrer des actions d\u2019initiation ou de d\u00e9couverte dans toutes les activit\u00e9s gymniques. On pense au babygym, au&nbsp;<a href=\"https:\/\/www.ffgym.fr\/La_FFGYM\/Les_disciplines\/Tumbling\" target=\"_blank\" rel=\"noreferrer noopener\">Tumbling<\/a>, \u00e0 la <strong>gym acrobatique<\/strong> ou encore \u00e0 la gym senior. Le titulaire du BPJEPS Activit\u00e9s Gymniques intervient aupr\u00e8s d\u2019un public large. Il encadre des groupes d\u2019enfants, d\u2019adolescents, d\u2019adultes et de s\u00e9niors.&nbsp;<\/p>\n\n\n\n<p>C\u00f4t\u00e9 comp\u00e9tition, vous pourrez entra\u00eener jusqu\u2019au <strong>premier niveau de comp\u00e9tition<\/strong>. A vous de concevoir, conduire et \u00e9valuer un cycle d\u2019entra\u00eenement pour votre \u00e9quipe.&nbsp;<\/p>\n\n\n\n<p>Enfin, sachez que vous pouvez travailler au sein d\u2019une structure associative \u00e0 l\u2019image de votre club sportif, une structure priv\u00e9e en devenant \u00e9ducateur physique pour un centre de remise en forme ou coach sportif Ownsport gr\u00e2ce au r\u00e9gime micro-entrepreneur. A vous de choisir votre voie selon vos envies ainsi que les offres d\u2019emploi disponibles dans votre r\u00e9gion.&nbsp;&nbsp;<\/p>\n\n\n\n<\/div><div class=\"lames2\">\n\n\n\n<h2 class=\"wp-block-heading\"><strong>Pr\u00e9sentation du BPJEPS Educateur sportif mention Activit\u00e9s gymniques<\/strong><\/h2>\n\n\n\n<div class=\"wp-block-image\"><figure class=\"aligncenter size-large\"><img loading=\"lazy\" decoding=\"async\" width=\"1024\" height=\"576\" src=\"https:\/\/www.coach-hunter.com\/content\/wp-content\/uploads\/2020\/06\/Optimized-5a2b02598bd4f-1024x576.jpg\" alt=\"BPJEPS Activit\u00e9s gymniques\" class=\"wp-image-735\" srcset=\"https:\/\/www.coach-hunter.com\/content\/wp-content\/uploads\/2020\/06\/Optimized-5a2b02598bd4f-1024x576.jpg 1024w, https:\/\/www.coach-hunter.com\/content\/wp-content\/uploads\/2020\/06\/Optimized-5a2b02598bd4f-300x169.jpg 300w, https:\/\/www.coach-hunter.com\/content\/wp-content\/uploads\/2020\/06\/Optimized-5a2b02598bd4f-768x432.jpg 768w, https:\/\/www.coach-hunter.com\/content\/wp-content\/uploads\/2020\/06\/Optimized-5a2b02598bd4f.jpg 1200w\" sizes=\"auto, (max-width: 709px) 85vw, (max-width: 909px) 67vw, (max-width: 1362px) 62vw, 840px\" \/><\/figure><\/div>\n\n\n\n<p>Le BPJEPS sp\u00e9cialit\u00e9 \u00ab&nbsp;Educateur Sportif&nbsp;\u00bb mention \u00ab&nbsp;Activit\u00e9s gymniques&nbsp;\u00bb se d\u00e9cline en <strong>deux options<\/strong>&nbsp;:&nbsp;<\/p>\n\n\n\n<p>&#8211; <strong>Activit\u00e9s gymniques acrobatiques<\/strong><br>&#8211; <strong>Gymnastique Rythmique<\/strong>.<\/p>\n\n\n\n<p>La <strong>formation <\/strong>dure environ 1 an au cours de laquelle vous devrez acqu\u00e9rir 4 unit\u00e9s capitalisables. Vous devrez, entre autre, pr\u00e9parer, mettre en \u0153uvre et \u00e9valuer un projet au sein de votre structure. Ensuite, l\u2019<strong>animation<\/strong> tout public prendra une place importante afin de v\u00e9rifier si vous \u00eates apte \u00e0 intervenir aupr\u00e8s d\u2019enfants ou de s\u00e9niors. Enfin, l\u2019aspect comp\u00e9titif sera pr\u00e9sent puisque vous devrez vous montrer apte \u00e0 encadrer et conduire des actions d\u2019animation en gymnastique acrobatique ou rythmique jusqu\u2019au premier niveau de comp\u00e9tition f\u00e9d\u00e9rale.&nbsp;<\/p>\n\n\n\n<p>Les heures en pr\u00e9sentiel en <strong>centre de formation<\/strong> alterneront avec des p\u00e9riodes de stage ou de distanciel selon l\u2019organisme choisi. Quoi qu\u2019il en soit, les stages occupent une place de choix dans les BPJEPS afin de vous immerger \u00e0 100% dans votre avenir professionnel.&nbsp;<\/p>\n\n\n\n<p>Face \u00e0 la demande grandissante de candidats, des <strong>tests de s\u00e9lection<\/strong> sont organis\u00e9s pour v\u00e9rifier votre aptitude \u00e0 suivre cette formation. Bien \u00e9videmment, on attend de vous un bon <strong>niveau sportif<\/strong> en gymnastique mais pas seulement. Une aisance \u00e0 l\u2019\u00e9crit et \u00e0 l\u2019oral est un plus.&nbsp;<\/p>\n\n\n\n<\/div><div class=\"lames2\">\n\n\n\n<h2 class=\"wp-block-heading\"><strong>Les conditions pour acc\u00e9der \u00e0 cette formation<\/strong><\/h2>\n\n\n\n<figure class=\"wp-block-table\"><table><tbody><tr><td><strong>Age requis<\/strong><\/td><td>18 ans minimum<\/td><\/tr><tr><td><strong>Dipl\u00f4me requis<\/strong><\/td><td>Etre titulaire d&rsquo;un dipl\u00f4me de secourisme \u00e0 jour<br>PSC1, AFPS, PSE1, PSE2, SST ou AFGSU<\/td><\/tr><tr><td><strong>Documents n\u00e9cessaires<\/strong><\/td><td>Dossier d&rsquo;inscription complet<br>Certificat m\u00e9dical de non contre-indication \u00e0 la pratique des activit\u00e9s gymniques.<br>Justifier d\u2019une exp\u00e9rience dans l\u2019animation et\/ou avoir une structure d\u2019accueil pour son stage p\u00e9dagogique.&nbsp;<\/td><\/tr><tr><td><strong>Epreuves de s\u00e9lection<\/strong><strong>&nbsp;<\/strong><\/td><td>Option activit\u00e9s gymnastiques acrobatiques&nbsp;:&nbsp;<br>Encha\u00eenement de 30sec int\u00e9grant 5 \u00e9l\u00e9ments techniques<br><br>Option gymnastiques rythmiques&nbsp;:&nbsp;<br>Encha\u00eenement de 30sec avec 1engin au choix parmi 5 possibles (cerceau, corde, ruban, ballon, massue)<br><br>Pour tous&nbsp;:&nbsp;<br>Epreuve \u00e9crite \u00e0 partir d\u2019une vid\u00e9o<br>Entretien oral relatif \u00e0 son projet&nbsp;<\/td><\/tr><\/tbody><\/table><\/figure>\n\n\n\n<p>Il est possible que les \u00e9preuves de s\u00e9lection diff\u00e8rent d\u2019un centre \u00e0 l\u2019autre, pensez \u00e0 bien vous renseigner sur les exigences de votre structure. Sachez que certains candidats peuvent \u00eatre exempt\u00e9s des tests d\u2019encha\u00eenement. C\u2019est le cas des <strong>sportifs de haut niveau<\/strong> en gymnastique ou des titulaires d\u2019un dipl\u00f4me d\u00e9livr\u00e9 par la f\u00e9d\u00e9ration fran\u00e7aise de gym&nbsp;: CP, animateur f\u00e9d\u00e9ral, moniteur f\u00e9d\u00e9ral ou encore BF1A UFOLEP, BAF1 FSCF, BF1 FSGT.<\/p>\n\n\n\n<\/div><div class=\"lames2\">\n\n\n\n<h2 class=\"wp-block-heading\"><strong>Une formation compl\u00e8te mais exigeante<\/strong><\/h2>\n\n\n\n<div class=\"wp-block-image\"><figure class=\"aligncenter size-large\"><img loading=\"lazy\" decoding=\"async\" width=\"1024\" height=\"683\" src=\"https:\/\/www.coach-hunter.com\/content\/wp-content\/uploads\/2020\/06\/Optimized-Bresilienne-Flavia-Saraivade-finale-gymnastique-artistique-feminine-Jeux-olympiques-Rio-Janeiro-Bresil-9-2016_0_729_486-1024x683.jpg\" alt=\"BPJEPS Activit\u00e9s gymniques\" class=\"wp-image-734\" srcset=\"https:\/\/www.coach-hunter.com\/content\/wp-content\/uploads\/2020\/06\/Optimized-Bresilienne-Flavia-Saraivade-finale-gymnastique-artistique-feminine-Jeux-olympiques-Rio-Janeiro-Bresil-9-2016_0_729_486-1024x683.jpg 1024w, https:\/\/www.coach-hunter.com\/content\/wp-content\/uploads\/2020\/06\/Optimized-Bresilienne-Flavia-Saraivade-finale-gymnastique-artistique-feminine-Jeux-olympiques-Rio-Janeiro-Bresil-9-2016_0_729_486-300x200.jpg 300w, https:\/\/www.coach-hunter.com\/content\/wp-content\/uploads\/2020\/06\/Optimized-Bresilienne-Flavia-Saraivade-finale-gymnastique-artistique-feminine-Jeux-olympiques-Rio-Janeiro-Bresil-9-2016_0_729_486-768x512.jpg 768w, https:\/\/www.coach-hunter.com\/content\/wp-content\/uploads\/2020\/06\/Optimized-Bresilienne-Flavia-Saraivade-finale-gymnastique-artistique-feminine-Jeux-olympiques-Rio-Janeiro-Bresil-9-2016_0_729_486.jpg 1200w\" sizes=\"auto, (max-width: 709px) 85vw, (max-width: 909px) 67vw, (max-width: 1362px) 62vw, 840px\" \/><\/figure><\/div>\n\n\n\n<p>Au programme, pr\u00e8s de <strong>900 h de formation<\/strong> pour un tarif d\u2019environ 7000 euros. Vous l\u2019aurez compris, ce BPJEPS Activit\u00e9s Gymniques est une formation compl\u00e8te et exigeante.&nbsp;<\/p>\n\n\n\n<p>C\u00f4t\u00e9 financement, des aides sont accord\u00e9es (pole emploi, conseil r\u00e9gional, misson locale, Club, D.D.C.S, etc) afin d\u2019all\u00e9ger la facture.<\/p>\n\n\n\n<p>C\u00f4t\u00e9 programme, ce ne sera pas une ann\u00e9e de tout repos mais l\u2019investissement en vaut la chandelle au regard des d\u00e9bouch\u00e9s et des comp\u00e9tences acquises.&nbsp;<\/p>\n\n\n\n<p>En effet, face \u00e0 la complexit\u00e9 de la <strong>discipline gymnique<\/strong> ou encore au risque d\u2019accident pour le pratiquant, les clubs sportifs recrutent uniquement des candidats dipl\u00f4m\u00e9s. Bien que vous allez devoir faire vos preuves et acqu\u00e9rir de l\u2019exp\u00e9rience, ce BPJEPS Activit\u00e9s gymniques est gage de comp\u00e9tence et de <strong>professionnalisme<\/strong>.&nbsp;<\/p>\n\n\n\n<p>Physiquement, tenez-vous pr\u00eat pour r\u00e9ussir les <strong>tests d\u2019entr\u00e9e<\/strong> ainsi que, plus globalement, votre ann\u00e9e. De nombreux <strong>futurs candidats<\/strong> BPJEPS ont fait appel \u00e0 <strong>Coach Hunter<\/strong> dans le cadre de leur pr\u00e9paration physique.&nbsp;<\/p>\n\n\n\n<\/div><div class=\"lames2\">\n\n\n\n<h2 class=\"wp-block-heading\"><strong>Les coachs sportifs du r\u00e9seau Coach Hunter vous accompagnent&nbsp;<\/strong><\/h2>\n\n\n\n<p>De nombreux&nbsp;<a class=\"callAction\" href=\"https:\/\/www.coach-hunter.com\/coach-sportif\">coachs sportifs du r\u00e9seau Coach Hunter<\/a>&nbsp;sont titulaires d\u2019un BPJEPS Activit\u00e9s gymniques. De fait, ils sont parfaitement \u00e0 m\u00eame de vous pr\u00e9parer et vous conseiller avec efficacit\u00e9.&nbsp;<br>C\u00f4t\u00e9 pr\u00e9paration physique, il est primordial d\u2019<strong>am\u00e9liorer votre endurance<\/strong>, votre force ainsi que votre souplesse pour suivre la formation sans encombre.&nbsp;<\/p>\n\n\n\n<p>Les sportifs en formation BPJEPS \u00e9prouvent souvent des difficult\u00e9s au regard d\u2019un emploi du temps tr\u00e8s charg\u00e9s. Ils doivent jongler entre les entra\u00eenements, les cours th\u00e9oriques, les <strong>stages p\u00e9dagogiques<\/strong> ainsi que leur vie personnelle. A ceci se rajoute le temps pass\u00e9 dans les transports ainsi que les r\u00e9visions quotidiennes ou la constitution des dossiers devant \u00eatre rendus en temps et en heure.&nbsp;<\/p>\n\n\n\n<p>De fait, b\u00e9n\u00e9ficier d\u2019un <strong>coach sportif<\/strong> se d\u00e9pla\u00e7ant directement \u00e0 votre domicile n\u2019est pas n\u00e9gligeable. Que ce soit avant ou pendant votre formation, il r\u00e9alisera un premier bilan afin de mettre en avant les qualit\u00e9s \u00e0 am\u00e9liorer chez vous au regard de votre formation et de vos contraintes. Vous ne vous souciez de rien. En effet, nos coachs sportifs interviennent \u00e0 domicile ou en ext\u00e9rieur en apportant tout le mat\u00e9riel n\u00e9cessaire \u00e0 la s\u00e9ance de sport.&nbsp;<\/p>\n\n\n\n<p>Les candidats BPJEPS qui nous ont fait confiance entament plus sereinement leur formation en ayant acquis plus de <strong>masse musculaire<\/strong>, plus d\u2019explosivit\u00e9 ou encore moins de blessures gr\u00e2ce \u00e0 une pr\u00e9paration physique sur-mesure. G\u00e9n\u00e9ralement, nous vous conseillons de prendre contact avec un coach sportif \u00e0 minima 3 mois avant votre formation. A raison de <strong>3 s\u00e9ances par semaine<\/strong>, vous mettrez toutes les chances de votre c\u00f4t\u00e9 pour r\u00e9ussir votre BPJEPS Activit\u00e9s gymniques.&nbsp;<\/p>\n\n\n\n<\/div><\/div>\n\n\n\n<h2 class=\"wp-block-heading\"><strong>Conclusion<\/strong><\/h2>\n\n\n\n<p>Le BPJEPS Activit\u00e9s gymniques, d\u2019une dur\u00e9e de 1an pour environ 7000 euros&nbsp;se doit d\u2019\u00eatre pr\u00e9par\u00e9 tr\u00e8s s\u00e9rieusement. Ceci passe par une pr\u00e9paration physique et mentale encadr\u00e9e par un coach sportif de qualit\u00e9. Le <strong>r\u00e9seau Coach Hunter<\/strong> recrute uniquement des coachs dipl\u00f4m\u00e9s et exp\u00e9riment\u00e9s. <\/p>\n\n\n\n<p>Gr\u00e2ce \u00e0 leur fiche, vous aurez imm\u00e9diatement acc\u00e8s \u00e0 leurs dipl\u00f4mes, leurs comp\u00e9tences ainsi que leurs objectifs. Avant votre premi\u00e8re s\u00e9ance, vous pourrez en savoir plus sur sa personnalit\u00e9, son exp\u00e9rience professionnelle ainsi que les avis clients. Enfin, les tarifs sont clairs et \u00e9quitables.&nbsp;<\/p>\n\n\n\n<p>Gr\u00e2ce \u00e0 cet article, nous esp\u00e9rons que vous en savez un peu plus sur la <strong>formation BPJEPS Activit\u00e9s gymniques option gymnastique acrobatique ou rythmique<\/strong>. N\u2019h\u00e9sitez pas \u00e0 nous solliciter pour un compl\u00e9ment d\u2019informations ou un besoin sp\u00e9cifique.&nbsp;<\/p>\n\n\n\n<h2 class=\"wp-block-heading\">D\u2019autres mentions du BPJEPS :<\/h2>\n\n\n\n<ul class=\"wp-block-list\"><li><a href=\"https:\/\/www.coach-hunter.com\/content\/bpjeps-activites-physiques-pour-tous\/\">BPJEPS Activit\u00e9s physiques pour tous<\/a><\/li><li><a href=\"https:\/\/www.coach-hunter.com\/content\/bpjeps-cyclisme\/\">BPJEPS Cyclisme<\/a><\/li><li><a href=\"https:\/\/www.coach-hunter.com\/content\/bpjeps-forme-en-cours-collectifs\/\">BPJEPS Forme en cours collectifs<\/a><\/li><li><a href=\"https:\/\/www.coach-hunter.com\/content\/bpjeps-golf\/\">BPJEPS Golf<\/a><\/li><li><a href=\"https:\/\/www.coach-hunter.com\/content\/bpjeps-haltere-musculation-forme-sur-plateau\/\">BPJEPS Halt\u00e8re Musculation et Forme sur Plateau<\/a><\/li><li><a href=\"https:\/\/www.coach-hunter.com\/content\/bpjeps-natation-comment-reussir-sa-formation-mns\/\">BPJEPS Natation<\/a><\/li><li><a href=\"https:\/\/www.coach-hunter.com\/content\/bpjeps-patinage-sur-glace\/\">BPJEPS Patinage sur glace<\/a><\/li><\/ul>\n","protected":false},"excerpt":{"rendered":"<p>Les autres mentions du BPJEPS permettent de se sp\u00e9cialiser dans certaines disciplines. La formation BPJEPS Activit\u00e9s gymniques est l\u2019une des plus abouties pour encadrer en autonomie et en s\u00e9curit\u00e9 tout public dans les activit\u00e9s gymniques. M\u00eame pour les sp\u00e9cialistes de la discipline, ce brevet professionnel s\u2019av\u00e8re indispensable. Il vous permet d\u2019en conna\u00eetre plus sur l\u2019aspect &hellip; <a href=\"https:\/\/www.coach-hunter.com\/content\/bpjeps-activites-gymniques\/\" class=\"more-link\">Continuer la lecture<span class=\"screen-reader-text\"> de &laquo;&nbsp;BPJEPS Activit\u00e9s gymniques : Coach Hunter est \u00e0 vos c\u00f4t\u00e9s&nbsp;&raquo;<\/span><\/a><\/p>\n","protected":false},"author":6,"featured_media":0,"parent":0,"menu_order":0,"comment_status":"closed","ping_status":"closed","template":"","meta":{"footnotes":""},"class_list":["post-596","page","type-page","status-publish","hentry"],"yoast_head":"<!-- This site is optimized with the Yoast SEO plugin v27.5 - https:\/\/yoast.com\/product\/yoast-seo-wordpress\/ -->\n<title>BPJEPS Activit\u00e9s Gymniques : pr\u00e9parez-vous avec Coach Hunter !<\/title>\n<meta name=\"description\" content=\"Le BPJEPS Activit\u00e9s gymniques permet de vivre de sa passion. Pour mettre toutes les chances de votre c\u00f4t\u00e9, rapprochez-vous de nos coachs sportifs dipl\u00f4m\u00e9s\" \/>\n<meta name=\"robots\" content=\"index, follow, max-snippet:-1, max-image-preview:large, max-video-preview:-1\" \/>\n<link rel=\"canonical\" href=\"https:\/\/www.coach-hunter.com\/content\/bpjeps-activites-gymniques\/\" \/>\n<meta property=\"og:locale\" content=\"fr_FR\" \/>\n<meta property=\"og:type\" content=\"article\" \/>\n<meta property=\"og:title\" content=\"BPJEPS Activit\u00e9s Gymniques : pr\u00e9parez-vous avec Coach Hunter !\" \/>\n<meta property=\"og:description\" content=\"Le BPJEPS Activit\u00e9s gymniques permet de vivre de sa passion. Pour mettre toutes les chances de votre c\u00f4t\u00e9, rapprochez-vous de nos coachs sportifs dipl\u00f4m\u00e9s\" \/>\n<meta property=\"og:url\" content=\"https:\/\/www.coach-hunter.com\/content\/bpjeps-activites-gymniques\/\" \/>\n<meta property=\"og:site_name\" content=\"Blog Coach Hunter\" \/>\n<meta property=\"article:modified_time\" content=\"2020-09-08T13:31:03+00:00\" \/>\n<meta property=\"og:image\" content=\"https:\/\/www.coach-hunter.com\/content\/wp-content\/uploads\/2020\/06\/Optimized-ANIM_SPORT_GRS_CMYK.jpg\" \/>\n\t<meta property=\"og:image:width\" content=\"1200\" \/>\n\t<meta property=\"og:image:height\" content=\"640\" \/>\n\t<meta property=\"og:image:type\" content=\"image\/jpeg\" \/>\n<meta name=\"twitter:card\" content=\"summary_large_image\" \/>\n<meta name=\"twitter:label1\" content=\"Dur\u00e9e de lecture estim\u00e9e\" \/>\n\t<meta name=\"twitter:data1\" content=\"8 minutes\" \/>\n<script type=\"application\/ld+json\" class=\"yoast-schema-graph\">{\"@context\":\"https:\\\/\\\/schema.org\",\"@graph\":[{\"@type\":\"WebPage\",\"@id\":\"https:\\\/\\\/www.coach-hunter.com\\\/content\\\/bpjeps-activites-gymniques\\\/\",\"url\":\"https:\\\/\\\/www.coach-hunter.com\\\/content\\\/bpjeps-activites-gymniques\\\/\",\"name\":\"BPJEPS Activit\u00e9s Gymniques : pr\u00e9parez-vous avec Coach Hunter !\",\"isPartOf\":{\"@id\":\"https:\\\/\\\/www.coach-hunter.com\\\/content\\\/#website\"},\"primaryImageOfPage\":{\"@id\":\"https:\\\/\\\/www.coach-hunter.com\\\/content\\\/bpjeps-activites-gymniques\\\/#primaryimage\"},\"image\":{\"@id\":\"https:\\\/\\\/www.coach-hunter.com\\\/content\\\/bpjeps-activites-gymniques\\\/#primaryimage\"},\"thumbnailUrl\":\"https:\\\/\\\/www.coach-hunter.com\\\/content\\\/wp-content\\\/uploads\\\/2020\\\/06\\\/Optimized-ANIM_SPORT_GRS_CMYK-1024x546.jpg\",\"datePublished\":\"2020-06-29T12:46:28+00:00\",\"dateModified\":\"2020-09-08T13:31:03+00:00\",\"description\":\"Le BPJEPS Activit\u00e9s gymniques permet de vivre de sa passion. Pour mettre toutes les chances de votre c\u00f4t\u00e9, rapprochez-vous de nos coachs sportifs dipl\u00f4m\u00e9s\",\"breadcrumb\":{\"@id\":\"https:\\\/\\\/www.coach-hunter.com\\\/content\\\/bpjeps-activites-gymniques\\\/#breadcrumb\"},\"inLanguage\":\"fr-FR\",\"potentialAction\":[{\"@type\":\"ReadAction\",\"target\":[\"https:\\\/\\\/www.coach-hunter.com\\\/content\\\/bpjeps-activites-gymniques\\\/\"]}]},{\"@type\":\"ImageObject\",\"inLanguage\":\"fr-FR\",\"@id\":\"https:\\\/\\\/www.coach-hunter.com\\\/content\\\/bpjeps-activites-gymniques\\\/#primaryimage\",\"url\":\"https:\\\/\\\/www.coach-hunter.com\\\/content\\\/wp-content\\\/uploads\\\/2020\\\/06\\\/Optimized-ANIM_SPORT_GRS_CMYK.jpg\",\"contentUrl\":\"https:\\\/\\\/www.coach-hunter.com\\\/content\\\/wp-content\\\/uploads\\\/2020\\\/06\\\/Optimized-ANIM_SPORT_GRS_CMYK.jpg\",\"width\":1200,\"height\":640},{\"@type\":\"BreadcrumbList\",\"@id\":\"https:\\\/\\\/www.coach-hunter.com\\\/content\\\/bpjeps-activites-gymniques\\\/#breadcrumb\",\"itemListElement\":[{\"@type\":\"ListItem\",\"position\":1,\"name\":\"Accueil\",\"item\":\"https:\\\/\\\/www.coach-hunter.com\\\/content\\\/\"},{\"@type\":\"ListItem\",\"position\":2,\"name\":\"BPJEPS Activit\u00e9s gymniques : Coach Hunter est \u00e0 vos c\u00f4t\u00e9s\"}]},{\"@type\":\"WebSite\",\"@id\":\"https:\\\/\\\/www.coach-hunter.com\\\/content\\\/#website\",\"url\":\"https:\\\/\\\/www.coach-hunter.com\\\/content\\\/\",\"name\":\"Blog Coach Hunter\",\"description\":\"\",\"potentialAction\":[{\"@type\":\"SearchAction\",\"target\":{\"@type\":\"EntryPoint\",\"urlTemplate\":\"https:\\\/\\\/www.coach-hunter.com\\\/content\\\/?s={search_term_string}\"},\"query-input\":{\"@type\":\"PropertyValueSpecification\",\"valueRequired\":true,\"valueName\":\"search_term_string\"}}],\"inLanguage\":\"fr-FR\"}]}<\/script>\n<!-- \/ Yoast SEO plugin. -->","yoast_head_json":{"title":"BPJEPS Activit\u00e9s Gymniques : pr\u00e9parez-vous avec Coach Hunter !","description":"Le BPJEPS Activit\u00e9s gymniques permet de vivre de sa passion. Pour mettre toutes les chances de votre c\u00f4t\u00e9, rapprochez-vous de nos coachs sportifs dipl\u00f4m\u00e9s","robots":{"index":"index","follow":"follow","max-snippet":"max-snippet:-1","max-image-preview":"max-image-preview:large","max-video-preview":"max-video-preview:-1"},"canonical":"https:\/\/www.coach-hunter.com\/content\/bpjeps-activites-gymniques\/","og_locale":"fr_FR","og_type":"article","og_title":"BPJEPS Activit\u00e9s Gymniques : pr\u00e9parez-vous avec Coach Hunter !","og_description":"Le BPJEPS Activit\u00e9s gymniques permet de vivre de sa passion. Pour mettre toutes les chances de votre c\u00f4t\u00e9, rapprochez-vous de nos coachs sportifs dipl\u00f4m\u00e9s","og_url":"https:\/\/www.coach-hunter.com\/content\/bpjeps-activites-gymniques\/","og_site_name":"Blog Coach Hunter","article_modified_time":"2020-09-08T13:31:03+00:00","og_image":[{"width":1200,"height":640,"url":"https:\/\/www.coach-hunter.com\/content\/wp-content\/uploads\/2020\/06\/Optimized-ANIM_SPORT_GRS_CMYK.jpg","type":"image\/jpeg"}],"twitter_card":"summary_large_image","twitter_misc":{"Dur\u00e9e de lecture estim\u00e9e":"8 minutes"},"schema":{"@context":"https:\/\/schema.org","@graph":[{"@type":"WebPage","@id":"https:\/\/www.coach-hunter.com\/content\/bpjeps-activites-gymniques\/","url":"https:\/\/www.coach-hunter.com\/content\/bpjeps-activites-gymniques\/","name":"BPJEPS Activit\u00e9s Gymniques : pr\u00e9parez-vous avec Coach Hunter !","isPartOf":{"@id":"https:\/\/www.coach-hunter.com\/content\/#website"},"primaryImageOfPage":{"@id":"https:\/\/www.coach-hunter.com\/content\/bpjeps-activites-gymniques\/#primaryimage"},"image":{"@id":"https:\/\/www.coach-hunter.com\/content\/bpjeps-activites-gymniques\/#primaryimage"},"thumbnailUrl":"https:\/\/www.coach-hunter.com\/content\/wp-content\/uploads\/2020\/06\/Optimized-ANIM_SPORT_GRS_CMYK-1024x546.jpg","datePublished":"2020-06-29T12:46:28+00:00","dateModified":"2020-09-08T13:31:03+00:00","description":"Le BPJEPS Activit\u00e9s gymniques permet de vivre de sa passion. Pour mettre toutes les chances de votre c\u00f4t\u00e9, rapprochez-vous de nos coachs sportifs dipl\u00f4m\u00e9s","breadcrumb":{"@id":"https:\/\/www.coach-hunter.com\/content\/bpjeps-activites-gymniques\/#breadcrumb"},"inLanguage":"fr-FR","potentialAction":[{"@type":"ReadAction","target":["https:\/\/www.coach-hunter.com\/content\/bpjeps-activites-gymniques\/"]}]},{"@type":"ImageObject","inLanguage":"fr-FR","@id":"https:\/\/www.coach-hunter.com\/content\/bpjeps-activites-gymniques\/#primaryimage","url":"https:\/\/www.coach-hunter.com\/content\/wp-content\/uploads\/2020\/06\/Optimized-ANIM_SPORT_GRS_CMYK.jpg","contentUrl":"https:\/\/www.coach-hunter.com\/content\/wp-content\/uploads\/2020\/06\/Optimized-ANIM_SPORT_GRS_CMYK.jpg","width":1200,"height":640},{"@type":"BreadcrumbList","@id":"https:\/\/www.coach-hunter.com\/content\/bpjeps-activites-gymniques\/#breadcrumb","itemListElement":[{"@type":"ListItem","position":1,"name":"Accueil","item":"https:\/\/www.coach-hunter.com\/content\/"},{"@type":"ListItem","position":2,"name":"BPJEPS Activit\u00e9s gymniques : Coach Hunter est \u00e0 vos c\u00f4t\u00e9s"}]},{"@type":"WebSite","@id":"https:\/\/www.coach-hunter.com\/content\/#website","url":"https:\/\/www.coach-hunter.com\/content\/","name":"Blog Coach Hunter","description":"","potentialAction":[{"@type":"SearchAction","target":{"@type":"EntryPoint","urlTemplate":"https:\/\/www.coach-hunter.com\/content\/?s={search_term_string}"},"query-input":{"@type":"PropertyValueSpecification","valueRequired":true,"valueName":"search_term_string"}}],"inLanguage":"fr-FR"}]}},"_links":{"self":[{"href":"https:\/\/www.coach-hunter.com\/content\/wp-json\/wp\/v2\/pages\/596","targetHints":{"allow":["GET"]}}],"collection":[{"href":"https:\/\/www.coach-hunter.com\/content\/wp-json\/wp\/v2\/pages"}],"about":[{"href":"https:\/\/www.coach-hunter.com\/content\/wp-json\/wp\/v2\/types\/page"}],"author":[{"embeddable":true,"href":"https:\/\/www.coach-hunter.com\/content\/wp-json\/wp\/v2\/users\/6"}],"replies":[{"embeddable":true,"href":"https:\/\/www.coach-hunter.com\/content\/wp-json\/wp\/v2\/comments?post=596"}],"version-history":[{"count":20,"href":"https:\/\/www.coach-hunter.com\/content\/wp-json\/wp\/v2\/pages\/596\/revisions"}],"predecessor-version":[{"id":1544,"href":"https:\/\/www.coach-hunter.com\/content\/wp-json\/wp\/v2\/pages\/596\/revisions\/1544"}],"wp:attachment":[{"href":"https:\/\/www.coach-hunter.com\/content\/wp-json\/wp\/v2\/media?parent=596"}],"curies":[{"name":"wp","href":"https:\/\/api.w.org\/{rel}","templated":true}]}}