{"id":564,"date":"2020-06-30T11:54:52","date_gmt":"2020-06-30T11:54:52","guid":{"rendered":"https:\/\/www.coach-hunter.com\/content\/?page_id=564"},"modified":"2020-09-08T13:07:18","modified_gmt":"2020-09-08T13:07:18","slug":"bpjeps-boxe-anglaise","status":"publish","type":"page","link":"https:\/\/www.coach-hunter.com\/content\/bpjeps-boxe-anglaise\/","title":{"rendered":"BPJEPS Boxe anglaise : Coach Hunter vous accompagne"},"content":{"rendered":"\n<p>Le <strong>BPJEPS Boxe anglaise<\/strong> permet de vivre sa passion contre r\u00e9mun\u00e9ration. D\u2019ailleurs, c\u2019est l\u2019une des raisons majeures de l\u2019engouement pour les <a class=\"callAction\" href=\"https:\/\/www.coach-hunter.com\/content\/bpjeps-sports-de-combat\/\">BPJEPS Sports de combat<\/a>. De fait, chaque ann\u00e9e, des milliers de candidats de tous \u00e2ges s\u2019orientent vers cette formation courte pour devenir \u00e9ducateur sportif. <\/p>\n\n\n\n<p>Ici, le titulaire du <strong>BPJEPS Educateur sportif mention Boxe<\/strong> pourra enseigner la boxe anglaise mais pas seulement. En effet, son panel d\u2019intervention est bien plus large. Pour r\u00e9ussir cette entr\u00e9e en formation, il convient donc d\u2019y \u00eatre bien pr\u00e9par\u00e9. Pour cela, les coachs sportifs du r\u00e9seau <strong>Coach Hunter<\/strong> sont \u00e0 vos c\u00f4t\u00e9s.&nbsp;&nbsp;<\/p>\n\n\n\n<div class='flexo'><div class=\"lames2\">\n\n\n\n<h2 class=\"wp-block-heading\"><strong>BPJEPS Boxe anglaise, quels d\u00e9bouch\u00e9s&nbsp;?&nbsp;<\/strong><\/h2>\n\n\n\n<div class=\"wp-block-image\"><figure class=\"aligncenter size-large\"><img loading=\"lazy\" decoding=\"async\" width=\"1024\" height=\"770\" src=\"https:\/\/www.coach-hunter.com\/content\/wp-content\/uploads\/2020\/06\/Optimized-78c40a77e8afbb7734777a1dcd447f86-1024x770.jpg\" alt=\"BPJEPS Boxe Anglaise\" class=\"wp-image-744\" srcset=\"https:\/\/www.coach-hunter.com\/content\/wp-content\/uploads\/2020\/06\/Optimized-78c40a77e8afbb7734777a1dcd447f86-1024x770.jpg 1024w, https:\/\/www.coach-hunter.com\/content\/wp-content\/uploads\/2020\/06\/Optimized-78c40a77e8afbb7734777a1dcd447f86-300x226.jpg 300w, https:\/\/www.coach-hunter.com\/content\/wp-content\/uploads\/2020\/06\/Optimized-78c40a77e8afbb7734777a1dcd447f86-768x577.jpg 768w, https:\/\/www.coach-hunter.com\/content\/wp-content\/uploads\/2020\/06\/Optimized-78c40a77e8afbb7734777a1dcd447f86.jpg 1197w\" sizes=\"auto, (max-width: 709px) 85vw, (max-width: 909px) 67vw, (max-width: 1362px) 62vw, 840px\" \/><\/figure><\/div>\n\n\n\n<p>Vous pratiquez la boxe depuis plusieurs ann\u00e9es&nbsp;? Vous \u00eates un(e) passionn\u00e9(e)&nbsp;? Et vous aimez transmettre vos valeurs et vos connaissances&nbsp;? Autant en faire votre m\u00e9tier \u00e0 temps plein. La <strong>formation BPJEPS Boxe anglaise<\/strong> permet de conduire des actions d\u2019animation ou d\u2019apprentissage aupr\u00e8s d\u2019un large public. Gr\u00e2ce \u00e0 ce <strong>brevet professionnel de la jeunesse, de l\u2019\u00e9ducation populaire et du sport<\/strong>, vous allez pouvoir <strong>encadrer <\/strong>par groupes ou individuellement jusqu\u2019au <strong>1<sup>er<\/sup>&nbsp;niveau de comp\u00e9tition f\u00e9d\u00e9ral<\/strong>. Enfants, adolescents, adultes, personnes \u00e2g\u00e9es, tout est possible.&nbsp;<\/p>\n\n\n\n<p>En \u00e9tant <strong>dipl\u00f4m\u00e9 <\/strong>par la f\u00e9d\u00e9ration fran\u00e7aise de boxe, vous pourrez exercer dans un club sportif, en milieu scolaire, dans une association sportive ou encore au sein d\u2019une entreprise. En effet, il a \u00e9t\u00e9 d\u00e9montr\u00e9 que la <strong>pratique de la boxe<\/strong> est un v\u00e9ritable exutoire pour de nombreux salari\u00e9s. Les hommes comme les femmes appr\u00e9cient de pouvoir se d\u00e9fouler et ainsi <strong>\u00e9vacuer leur stress<\/strong>. Le coaching en entreprise est donc une possibilit\u00e9 comme une autre avec votre BPJEPS Boxe anglaise.&nbsp;<\/p>\n\n\n\n<p>Par cons\u00e9quent, sachez que les titulaires d\u2019un BPJEPS \u00c9ducateur Sportif n\u2019ont pas de mal \u00e0 s\u2019int\u00e9grer dans la vie active.&nbsp;<\/p>\n\n\n\n<\/div><div class=\"lames2\">\n\n\n\n<h2 class=\"wp-block-heading\"><strong>Pr\u00e9sentation du BPJEPS \u00c9ducateur sportif mention Boxe<\/strong><strong><\/strong><\/h2>\n\n\n\n<p>Autrefois nomm\u00e9 <strong>BPJEPS sp\u00e9cialit\u00e9 activit\u00e9s pugilistiques mention boxe<\/strong>, on parle aujourd\u2019hui de BPJEPS sp\u00e9cialit\u00e9 \u00ab&nbsp;\u00c9ducateur sportif&nbsp;\u00bb mention Boxe. En parall\u00e8le, il existe la mention&nbsp;:&nbsp;<\/p>\n\n\n\n<ul class=\"wp-block-list\"><li>Activit\u00e9s de la <strong>Savate<\/strong><\/li><li><strong>Sports de contacts<\/strong> et disciplines associ\u00e9es<\/li><\/ul>\n\n\n\n<p>De fait, ce dipl\u00f4me fait de vous un sp\u00e9cialiste de la discipline mais pas seulement. Vous \u00eates avant tout un \u00e9ducateur sportif \u00e0 part enti\u00e8re ayant la boxe comme sp\u00e9cialit\u00e9. De fait, cette double reconnaissance ouvre de nombreuses possibilit\u00e9s.&nbsp;<\/p>\n\n\n\n<figure class=\"wp-block-image size-large\"><img loading=\"lazy\" decoding=\"async\" width=\"1024\" height=\"641\" src=\"https:\/\/www.coach-hunter.com\/content\/wp-content\/uploads\/2020\/06\/Optimized-boxe-1200x751-1-1024x641.jpg\" alt=\"BPJEPS Boxe Anglaise\" class=\"wp-image-745\" srcset=\"https:\/\/www.coach-hunter.com\/content\/wp-content\/uploads\/2020\/06\/Optimized-boxe-1200x751-1-1024x641.jpg 1024w, https:\/\/www.coach-hunter.com\/content\/wp-content\/uploads\/2020\/06\/Optimized-boxe-1200x751-1-300x188.jpg 300w, https:\/\/www.coach-hunter.com\/content\/wp-content\/uploads\/2020\/06\/Optimized-boxe-1200x751-1-768x481.jpg 768w, https:\/\/www.coach-hunter.com\/content\/wp-content\/uploads\/2020\/06\/Optimized-boxe-1200x751-1.jpg 1200w\" sizes=\"auto, (max-width: 709px) 85vw, (max-width: 909px) 67vw, (max-width: 1362px) 62vw, 840px\" \/><\/figure>\n\n\n\n<p>Au cours de votre formation boxe anglaise, vous devrez obtenir 4 unit\u00e9s capitalisables (UC). Les deux premi\u00e8res sont transversales \u00e0 tous les BPJEPS. De fait, vous en \u00eates dispens\u00e9 si vous poss\u00e9dez d\u00e9j\u00e0 un autre BPJEPS.<\/p>\n\n\n\n<p>UC1&nbsp;: Encadrer tout public, dans tout lieu et toute structure.&nbsp;<br>UC2&nbsp;: <strong>Mettre en \u0153uvre un projet d\u2019animation<\/strong> s\u2019inscrivant dans le projet de la structure.&nbsp;<br>UC 3&nbsp;: <strong>Concevoir une s\u00e9ance<\/strong>, un cycle&nbsp;d&rsquo;animation ou d&rsquo;apprentissage dans le champ de la mention \u00ab\u00a0Boxe\u00a0\u00bb jusqu&rsquo;au premier niveau de comp\u00e9tition f\u00e9d\u00e9rale.<br>UC 4&nbsp;: <strong>Mobiliser les techniques <\/strong>dans le champ de la mention \u00ab\u00a0Boxe\u00a0\u00bb pour mettre en \u0153uvre une s\u00e9ance ou un cycle d&rsquo;apprentissage jusqu&rsquo;au premier niveau de comp\u00e9tition f\u00e9d\u00e9rale.<\/p>\n\n\n\n<p>La formation BPJEPS Boxe anglaise peut durer de 4 \u00e0 8 mois (400 h) pour un co\u00fbt de 1300&nbsp;euros environ \u00e0 r\u00e9gler avant l\u2019entr\u00e9e en formation. En France, de nombreuses structures permettent d\u2019obtenir ce dipl\u00f4me, notamment les CREPS.&nbsp;<\/p>\n\n\n\n<p>Durant cette p\u00e9riode, l\u2019\u00e9tudiant alterne des p\u00e9riodes de cours en pr\u00e9sentiel, en distanciel ainsi que des stages. Lors de ces stages, vous serez accompagn\u00e9 par un tuteur afin de vous immerger au mieux dans cet univers professionnel.&nbsp;<\/p>\n\n\n\n<\/div><div class=\"lames2\">\n\n\n\n<h2 class=\"wp-block-heading\"><strong>Les pr\u00e9requis pour acc\u00e9der \u00e0 cette formation&nbsp;<\/strong><strong><\/strong><\/h2>\n\n\n\n<figure class=\"wp-block-table\"><table><tbody><tr><td><strong>Age requis<\/strong><\/td><td>18 ans minimum<\/td><\/tr><tr><td><strong>Dipl\u00f4me requis<\/strong><\/td><td>Etre titulaire d&rsquo;un dipl\u00f4me de secourisme \u00e0 jour<br>PSC1, AFPS, PSE1, PSE2, SST ou AFGSU<\/td><\/tr><tr><td><strong>Documents n\u00e9cessaires<\/strong><\/td><td>Dossier d&rsquo;inscription complet<br>Certificat m\u00e9dical de moins de 3 mois de non contre-indication \u00e0 la pratique et \u00e0 l\u2019enseignement de la boxe.&nbsp;<\/td><\/tr><tr><td><strong>Epreuves de s\u00e9lection<\/strong><strong>&nbsp;<\/strong><\/td><td>&#8211; R\u00e9aliser 4 s\u00e9quences de 1min chacune. Vous devrez pr\u00e9senter en situation d&rsquo;opposition 4 intentions tactiques tir\u00e9es au sort<br><br>&nbsp;&#8211; R\u00e9aliser 4 s\u00e9quences de 1min o\u00f9 vous devrez d\u00e9montrer et expliquer hors opposition 4 techniques d&rsquo;ex\u00e9cution de la boxe tir\u00e9es au sort<br><br>&nbsp;&#8211; Epreuves \u00e9crites et QCM<\/td><\/tr><\/tbody><\/table><\/figure>\n\n\n\n<p>A noter que comme bon nombre de BPJEPS, vous pouvez \u00eatre dispens\u00e9 des \u00e9preuves physiques lors des tests de s\u00e9lection si vous attestez d\u2019un certain niveau de pratique en Boxe. Ces niveaux doivent \u00eatre d\u00e9livr\u00e9s par la <strong>F\u00e9d\u00e9ration Fran\u00e7aise de Boxe<\/strong>&nbsp;:&nbsp;<\/p>\n\n\n\n<p>&#8211; Le grade technique gant marron<br>&#8211; Le \u00ab\u00a0Pr\u00e9v\u00f4t f\u00e9d\u00e9ral\u00a0\u00bb<br>&#8211; Le \u00ab\u00a0Pr\u00e9v\u00f4t d&rsquo;Etat\u00a0\u00bb&nbsp;<br>&#8211; Sportif de haut niveau en boxe<\/p>\n\n\n\n<p>Le financement est un pr\u00e9requis non n\u00e9gligeable. Ce co\u00fbt de 1300 euros en moyenne (hors repas, transport et h\u00e9bergement) peut \u00eatre pris en charge par divers organismes. Rapprochez-vous de votre club sportif mais aussi de p\u00f4le emploi, Conseil R\u00e9gional, Conseil G\u00e9n\u00e9ral ou d\u2019un op\u00e9rateur de comp\u00e9tences. Ces&nbsp;<a href=\"https:\/\/travail-emploi.gouv.fr\/ministere\/acteurs\/partenaires\/opco\" target=\"_blank\" rel=\"noreferrer noopener\">OPCO<\/a>&nbsp;ont pour mission d\u2019accompagner la formation professionnelle.&nbsp;<\/p>\n\n\n\n<\/div><div class=\"lames2\">\n\n\n\n<h2 class=\"wp-block-heading\"><strong>\u00cates-vous pr\u00eat physiquement&nbsp;et mentalement ?&nbsp;<\/strong><strong><\/strong><\/h2>\n\n\n\n<p>Bien qu\u2019\u00e9tant un <strong>boxeur <\/strong>chevronn\u00e9, ce BPJEPS Boxe anglaise requiert du travail, de la rigueur ainsi que de l\u2019assiduit\u00e9. Les cours th\u00e9oriques auront une place pr\u00e9pond\u00e9rante et posent parfois des difficult\u00e9s aux candidats. Il convient d&rsquo;\u00eatre pr\u00eat. En effet, un BPJEPS se pr\u00e9pare physiquement et mentalement.&nbsp;<\/p>\n\n\n\n<p>Dans certaines structures, les tests de s\u00e9lection ne se r\u00e9sument donc pas \u00e0 des <strong>exercices physiques<\/strong>. Au CREPS PACA, les candidats seront d\u00e9partag\u00e9s sur&nbsp;:&nbsp;<\/p>\n\n\n\n<ul class=\"wp-block-list\"><li>Une \u00e9preuve \u00e9crite de 2h sur un th\u00e8me relatif aux sports de combat<\/li><li>Un QCM pour v\u00e9rifier la culture sportive g\u00e9n\u00e9rale (hors boxe anglaise)<\/li><li>Une lettre de motivation \u00e0 r\u00e9diger en 1h<\/li><\/ul>\n\n\n\n<p>Si l\u2019issue des <strong>tests <\/strong>est favorable, vous pourrez entrer en formation BPJEPS Boxe anglaise.&nbsp;<\/p>\n\n\n\n<p>Lors de votre pr\u00e9paration, nous vous conseillons de vous pr\u00e9parer en boxe anglaise au sein de votre club mais \u00e9galement de consacrer du temps \u00e0 d\u00e9velopper vos qualit\u00e9s r\u00e9dactionnelles et r\u00e9flexives.&nbsp;<\/p>\n\n\n\n<\/div><div class=\"lames2\">\n\n\n\n<h2 class=\"wp-block-heading\"><strong>Coach Hunter est \u00e0 vos c\u00f4t\u00e9s pour r\u00e9ussir votre BPJEPS Boxe anglaise<\/strong><strong><\/strong><\/h2>\n\n\n\n<div class=\"wp-block-image\"><figure class=\"aligncenter size-large\"><img loading=\"lazy\" decoding=\"async\" width=\"1024\" height=\"682\" src=\"https:\/\/www.coach-hunter.com\/content\/wp-content\/uploads\/2020\/06\/Optimized-pogudx53agb32hncl-1024x682.jpg\" alt=\"BPJEPS Boxe Anglaise\" class=\"wp-image-746\" srcset=\"https:\/\/www.coach-hunter.com\/content\/wp-content\/uploads\/2020\/06\/Optimized-pogudx53agb32hncl-1024x682.jpg 1024w, https:\/\/www.coach-hunter.com\/content\/wp-content\/uploads\/2020\/06\/Optimized-pogudx53agb32hncl-300x200.jpg 300w, https:\/\/www.coach-hunter.com\/content\/wp-content\/uploads\/2020\/06\/Optimized-pogudx53agb32hncl-768x511.jpg 768w, https:\/\/www.coach-hunter.com\/content\/wp-content\/uploads\/2020\/06\/Optimized-pogudx53agb32hncl.jpg 1200w\" sizes=\"auto, (max-width: 709px) 85vw, (max-width: 909px) 67vw, (max-width: 1362px) 62vw, 840px\" \/><\/figure><\/div>\n\n\n\n<p><strong>Coach Hunter<\/strong> dispose de plusieurs&nbsp;coachs sportifs&nbsp;titulaires d\u2019un BPJEPS Boxe. Ils \/ Elles pourront vous prendre en coaching avant ou pendant votre entr\u00e9e en formation afin de mettre toutes les chances de votre c\u00f4t\u00e9. Qui de mieux qu\u2019un sp\u00e9cialiste de la <strong>performance sportive<\/strong> et de la boxe pour vous pr\u00e9parer physiquement \u00e0 r\u00e9ussir votre BPJEPS Boxe anglaise.&nbsp;<\/p>\n\n\n\n<p>Gr\u00e2ce \u00e0 son exp\u00e9rience, le coach pourra vous conseiller pour participer \u00e0 des actions ou encore participer au fonctionnement de la structure d\u2019accueil de mani\u00e8re efficace. Ensemble, vous allez pouvoir mettre en \u0153uvre un travail de qualit\u00e9 afin de de ne pas laisser place \u00e0 l\u2019impr\u00e9vu.&nbsp;<\/p>\n\n\n\n<p>Coach Hunter ne recrutent que des intervenants exp\u00e9riment\u00e9s et dipl\u00f4m\u00e9s. Titulaire d\u2019une <strong>carte professionnelle<\/strong> d\u2019\u00e9ducateur sportif, ils interviennent \u00e0 domicile ou en ext\u00e9rieur selon vos possibilit\u00e9s. Coach Hunter vous donne la possibilit\u00e9 de s\u00e9lectionner vous-m\u00eame le coach sportif au regard de ses comp\u00e9tences et de vos attentes.&nbsp;<\/p>\n\n\n\n<p>Gr\u00e2ce \u00e0 un moteur de recherche innovant, d\u00e9couvrez les&nbsp;<a class=\"callAction\" href=\"https:\/\/www.coach-hunter.com\/sport\/arts-martiaux\">coachs sportifs sp\u00e9cialistes en arts martiaux<\/a>&nbsp;pr\u00e8s de chez vous.&nbsp;<\/p>\n\n\n\n<\/div><\/div>\n\n\n\n<h2 class=\"wp-block-heading\"><strong>Conclusion<\/strong><strong><\/strong><\/h2>\n\n\n\n<p>En r\u00e9sum\u00e9, le BPJEPS Boxe anglaise s&rsquo;adresse \u00e0 tous les candidats motiv\u00e9s et bien pr\u00e9par\u00e9s. Ce dipl\u00f4me permet d\u2019exercer le m\u00e9tier d\u2019<strong>\u00e9ducateur sportif <\/strong>avec une mention Boxe anglaise. <\/p>\n\n\n\n<p>Cette sp\u00e9cialit\u00e9 permet d\u2019attester de votre expertise dans ce domaine. Les mentions activit\u00e9s de la savate ainsi que sports de contacts et disciplines associ\u00e9es peuvent \u00eatre \u00e9galement pr\u00e9par\u00e9es. Cette formation courte ouvre rapidement les portes de l\u2019emploi. En effet, ce profil int\u00e9ressera de nombreux clubs ou associations sportives.&nbsp;<\/p>\n\n\n\n<p>Afin de mettre toutes les chances de votre c\u00f4t\u00e9, les <strong>coachs sportifs<\/strong> du r\u00e9seau Coach Hunter sont disponibles pour vous accompagner dans votre <strong>pr\u00e9paration physique<\/strong>. En choisissant votre coach sportif au regard de son profil et ses comp\u00e9tences, vous pourrez profiter de <strong>conseils d\u2019expert<\/strong> pour r\u00e9ussir votre BPJEPS Boxe anglaise.&nbsp;<\/p>\n\n\n\n<p>Coach Hunter agit comme une aide pr\u00e9cieuse afin de vous reprendre en main, relancer vos ambitions et r\u00e9ussir votre avenir professionnel gr\u00e2ce \u00e0 ce BPJEPS Boxe anglaise.&nbsp;<\/p>\n\n\n\n<h2 class=\"wp-block-heading\">D\u2019autres BPJEPS Sports de combat :<\/h2>\n\n\n\n<ul class=\"wp-block-list\"><li><a href=\"https:\/\/www.coach-hunter.com\/content\/bpjeps-boxe-francaise\/\">BPJEPS Boxe Fran\u00e7aise<\/a><\/li><li><a href=\"https:\/\/www.coach-hunter.com\/content\/bpjeps-judo-jujitsu\/\">BPJEPS Judo-Jujitsu<\/a><\/li><li><a href=\"https:\/\/www.coach-hunter.com\/content\/bpjeps-karate-disciplines-associees\/\">BPJEPS Karat\u00e9 et disciplines associ\u00e9es<\/a><\/li><li><a href=\"https:\/\/www.coach-hunter.com\/content\/bpjeps-lutte\/\">BPJEPS Lutte<\/a><\/li><li><a href=\"https:\/\/www.coach-hunter.com\/content\/bpjeps-sports-de-contact\/\">BPJEPS Sports de contact<\/a><\/li><\/ul>\n","protected":false},"excerpt":{"rendered":"<p>Le BPJEPS Boxe anglaise permet de vivre sa passion contre r\u00e9mun\u00e9ration. D\u2019ailleurs, c\u2019est l\u2019une des raisons majeures de l\u2019engouement pour les BPJEPS Sports de combat. De fait, chaque ann\u00e9e, des milliers de candidats de tous \u00e2ges s\u2019orientent vers cette formation courte pour devenir \u00e9ducateur sportif. Ici, le titulaire du BPJEPS Educateur sportif mention Boxe pourra &hellip; <a href=\"https:\/\/www.coach-hunter.com\/content\/bpjeps-boxe-anglaise\/\" class=\"more-link\">Continuer la lecture<span class=\"screen-reader-text\"> de &laquo;&nbsp;BPJEPS Boxe anglaise : Coach Hunter vous accompagne&nbsp;&raquo;<\/span><\/a><\/p>\n","protected":false},"author":6,"featured_media":0,"parent":0,"menu_order":0,"comment_status":"closed","ping_status":"closed","template":"","meta":{"footnotes":""},"class_list":["post-564","page","type-page","status-publish","hentry"],"yoast_head":"<!-- This site is optimized with the Yoast SEO plugin v25.9 - https:\/\/yoast.com\/wordpress\/plugins\/seo\/ -->\n<title>BPJEPS Boxe Anglaise : confiez votre pr\u00e9paration physique \u00e0 un expert<\/title>\n<meta name=\"description\" content=\"Le BPJEPS Boxe anglaise permet de transmettre sa passion aupr\u00e8s d&#039;un large public. Le r\u00e9seau de coachs sportifs Coach Hunter vous accompagnent.\" \/>\n<meta name=\"robots\" content=\"index, follow, max-snippet:-1, max-image-preview:large, max-video-preview:-1\" \/>\n<link rel=\"canonical\" href=\"https:\/\/www.coach-hunter.com\/content\/bpjeps-boxe-anglaise\/\" \/>\n<meta property=\"og:locale\" content=\"fr_FR\" \/>\n<meta property=\"og:type\" content=\"article\" \/>\n<meta property=\"og:title\" content=\"BPJEPS Boxe Anglaise : confiez votre pr\u00e9paration physique \u00e0 un expert\" \/>\n<meta property=\"og:description\" content=\"Le BPJEPS Boxe anglaise permet de transmettre sa passion aupr\u00e8s d&#039;un large public. Le r\u00e9seau de coachs sportifs Coach Hunter vous accompagnent.\" \/>\n<meta property=\"og:url\" content=\"https:\/\/www.coach-hunter.com\/content\/bpjeps-boxe-anglaise\/\" \/>\n<meta property=\"og:site_name\" content=\"Blog Coach Hunter\" \/>\n<meta property=\"article:modified_time\" content=\"2020-09-08T13:07:18+00:00\" \/>\n<meta property=\"og:image\" content=\"https:\/\/www.coach-hunter.com\/content\/wp-content\/uploads\/2020\/06\/Optimized-78c40a77e8afbb7734777a1dcd447f86.jpg\" \/>\n\t<meta property=\"og:image:width\" content=\"1197\" \/>\n\t<meta property=\"og:image:height\" content=\"900\" \/>\n\t<meta property=\"og:image:type\" content=\"image\/jpeg\" \/>\n<meta name=\"twitter:card\" content=\"summary_large_image\" \/>\n<meta name=\"twitter:label1\" content=\"Dur\u00e9e de lecture estim\u00e9e\" \/>\n\t<meta name=\"twitter:data1\" content=\"7 minutes\" \/>\n<script type=\"application\/ld+json\" class=\"yoast-schema-graph\">{\"@context\":\"https:\/\/schema.org\",\"@graph\":[{\"@type\":\"WebPage\",\"@id\":\"https:\/\/www.coach-hunter.com\/content\/bpjeps-boxe-anglaise\/\",\"url\":\"https:\/\/www.coach-hunter.com\/content\/bpjeps-boxe-anglaise\/\",\"name\":\"BPJEPS Boxe Anglaise : confiez votre pr\u00e9paration physique \u00e0 un expert\",\"isPartOf\":{\"@id\":\"https:\/\/www.coach-hunter.com\/content\/#website\"},\"primaryImageOfPage\":{\"@id\":\"https:\/\/www.coach-hunter.com\/content\/bpjeps-boxe-anglaise\/#primaryimage\"},\"image\":{\"@id\":\"https:\/\/www.coach-hunter.com\/content\/bpjeps-boxe-anglaise\/#primaryimage\"},\"thumbnailUrl\":\"https:\/\/www.coach-hunter.com\/content\/wp-content\/uploads\/2020\/06\/Optimized-78c40a77e8afbb7734777a1dcd447f86-1024x770.jpg\",\"datePublished\":\"2020-06-30T11:54:52+00:00\",\"dateModified\":\"2020-09-08T13:07:18+00:00\",\"description\":\"Le BPJEPS Boxe anglaise permet de transmettre sa passion aupr\u00e8s d'un large public. Le r\u00e9seau de coachs sportifs Coach Hunter vous accompagnent.\",\"breadcrumb\":{\"@id\":\"https:\/\/www.coach-hunter.com\/content\/bpjeps-boxe-anglaise\/#breadcrumb\"},\"inLanguage\":\"fr-FR\",\"potentialAction\":[{\"@type\":\"ReadAction\",\"target\":[\"https:\/\/www.coach-hunter.com\/content\/bpjeps-boxe-anglaise\/\"]}]},{\"@type\":\"ImageObject\",\"inLanguage\":\"fr-FR\",\"@id\":\"https:\/\/www.coach-hunter.com\/content\/bpjeps-boxe-anglaise\/#primaryimage\",\"url\":\"https:\/\/www.coach-hunter.com\/content\/wp-content\/uploads\/2020\/06\/Optimized-78c40a77e8afbb7734777a1dcd447f86.jpg\",\"contentUrl\":\"https:\/\/www.coach-hunter.com\/content\/wp-content\/uploads\/2020\/06\/Optimized-78c40a77e8afbb7734777a1dcd447f86.jpg\",\"width\":1197,\"height\":900},{\"@type\":\"BreadcrumbList\",\"@id\":\"https:\/\/www.coach-hunter.com\/content\/bpjeps-boxe-anglaise\/#breadcrumb\",\"itemListElement\":[{\"@type\":\"ListItem\",\"position\":1,\"name\":\"Accueil\",\"item\":\"https:\/\/www.coach-hunter.com\/content\/\"},{\"@type\":\"ListItem\",\"position\":2,\"name\":\"BPJEPS Boxe anglaise : Coach Hunter vous accompagne\"}]},{\"@type\":\"WebSite\",\"@id\":\"https:\/\/www.coach-hunter.com\/content\/#website\",\"url\":\"https:\/\/www.coach-hunter.com\/content\/\",\"name\":\"Blog Coach Hunter\",\"description\":\"\",\"potentialAction\":[{\"@type\":\"SearchAction\",\"target\":{\"@type\":\"EntryPoint\",\"urlTemplate\":\"https:\/\/www.coach-hunter.com\/content\/?s={search_term_string}\"},\"query-input\":{\"@type\":\"PropertyValueSpecification\",\"valueRequired\":true,\"valueName\":\"search_term_string\"}}],\"inLanguage\":\"fr-FR\"}]}<\/script>\n<!-- \/ Yoast SEO plugin. -->","yoast_head_json":{"title":"BPJEPS Boxe Anglaise : confiez votre pr\u00e9paration physique \u00e0 un expert","description":"Le BPJEPS Boxe anglaise permet de transmettre sa passion aupr\u00e8s d'un large public. Le r\u00e9seau de coachs sportifs Coach Hunter vous accompagnent.","robots":{"index":"index","follow":"follow","max-snippet":"max-snippet:-1","max-image-preview":"max-image-preview:large","max-video-preview":"max-video-preview:-1"},"canonical":"https:\/\/www.coach-hunter.com\/content\/bpjeps-boxe-anglaise\/","og_locale":"fr_FR","og_type":"article","og_title":"BPJEPS Boxe Anglaise : confiez votre pr\u00e9paration physique \u00e0 un expert","og_description":"Le BPJEPS Boxe anglaise permet de transmettre sa passion aupr\u00e8s d'un large public. Le r\u00e9seau de coachs sportifs Coach Hunter vous accompagnent.","og_url":"https:\/\/www.coach-hunter.com\/content\/bpjeps-boxe-anglaise\/","og_site_name":"Blog Coach Hunter","article_modified_time":"2020-09-08T13:07:18+00:00","og_image":[{"width":1197,"height":900,"url":"https:\/\/www.coach-hunter.com\/content\/wp-content\/uploads\/2020\/06\/Optimized-78c40a77e8afbb7734777a1dcd447f86.jpg","type":"image\/jpeg"}],"twitter_card":"summary_large_image","twitter_misc":{"Dur\u00e9e de lecture estim\u00e9e":"7 minutes"},"schema":{"@context":"https:\/\/schema.org","@graph":[{"@type":"WebPage","@id":"https:\/\/www.coach-hunter.com\/content\/bpjeps-boxe-anglaise\/","url":"https:\/\/www.coach-hunter.com\/content\/bpjeps-boxe-anglaise\/","name":"BPJEPS Boxe Anglaise : confiez votre pr\u00e9paration physique \u00e0 un expert","isPartOf":{"@id":"https:\/\/www.coach-hunter.com\/content\/#website"},"primaryImageOfPage":{"@id":"https:\/\/www.coach-hunter.com\/content\/bpjeps-boxe-anglaise\/#primaryimage"},"image":{"@id":"https:\/\/www.coach-hunter.com\/content\/bpjeps-boxe-anglaise\/#primaryimage"},"thumbnailUrl":"https:\/\/www.coach-hunter.com\/content\/wp-content\/uploads\/2020\/06\/Optimized-78c40a77e8afbb7734777a1dcd447f86-1024x770.jpg","datePublished":"2020-06-30T11:54:52+00:00","dateModified":"2020-09-08T13:07:18+00:00","description":"Le BPJEPS Boxe anglaise permet de transmettre sa passion aupr\u00e8s d'un large public. Le r\u00e9seau de coachs sportifs Coach Hunter vous accompagnent.","breadcrumb":{"@id":"https:\/\/www.coach-hunter.com\/content\/bpjeps-boxe-anglaise\/#breadcrumb"},"inLanguage":"fr-FR","potentialAction":[{"@type":"ReadAction","target":["https:\/\/www.coach-hunter.com\/content\/bpjeps-boxe-anglaise\/"]}]},{"@type":"ImageObject","inLanguage":"fr-FR","@id":"https:\/\/www.coach-hunter.com\/content\/bpjeps-boxe-anglaise\/#primaryimage","url":"https:\/\/www.coach-hunter.com\/content\/wp-content\/uploads\/2020\/06\/Optimized-78c40a77e8afbb7734777a1dcd447f86.jpg","contentUrl":"https:\/\/www.coach-hunter.com\/content\/wp-content\/uploads\/2020\/06\/Optimized-78c40a77e8afbb7734777a1dcd447f86.jpg","width":1197,"height":900},{"@type":"BreadcrumbList","@id":"https:\/\/www.coach-hunter.com\/content\/bpjeps-boxe-anglaise\/#breadcrumb","itemListElement":[{"@type":"ListItem","position":1,"name":"Accueil","item":"https:\/\/www.coach-hunter.com\/content\/"},{"@type":"ListItem","position":2,"name":"BPJEPS Boxe anglaise : Coach Hunter vous accompagne"}]},{"@type":"WebSite","@id":"https:\/\/www.coach-hunter.com\/content\/#website","url":"https:\/\/www.coach-hunter.com\/content\/","name":"Blog Coach Hunter","description":"","potentialAction":[{"@type":"SearchAction","target":{"@type":"EntryPoint","urlTemplate":"https:\/\/www.coach-hunter.com\/content\/?s={search_term_string}"},"query-input":{"@type":"PropertyValueSpecification","valueRequired":true,"valueName":"search_term_string"}}],"inLanguage":"fr-FR"}]}},"_links":{"self":[{"href":"https:\/\/www.coach-hunter.com\/content\/wp-json\/wp\/v2\/pages\/564","targetHints":{"allow":["GET"]}}],"collection":[{"href":"https:\/\/www.coach-hunter.com\/content\/wp-json\/wp\/v2\/pages"}],"about":[{"href":"https:\/\/www.coach-hunter.com\/content\/wp-json\/wp\/v2\/types\/page"}],"author":[{"embeddable":true,"href":"https:\/\/www.coach-hunter.com\/content\/wp-json\/wp\/v2\/users\/6"}],"replies":[{"embeddable":true,"href":"https:\/\/www.coach-hunter.com\/content\/wp-json\/wp\/v2\/comments?post=564"}],"version-history":[{"count":17,"href":"https:\/\/www.coach-hunter.com\/content\/wp-json\/wp\/v2\/pages\/564\/revisions"}],"predecessor-version":[{"id":1529,"href":"https:\/\/www.coach-hunter.com\/content\/wp-json\/wp\/v2\/pages\/564\/revisions\/1529"}],"wp:attachment":[{"href":"https:\/\/www.coach-hunter.com\/content\/wp-json\/wp\/v2\/media?parent=564"}],"curies":[{"name":"wp","href":"https:\/\/api.w.org\/{rel}","templated":true}]}}