{"id":540,"date":"2020-07-15T12:28:24","date_gmt":"2020-07-15T12:28:24","guid":{"rendered":"https:\/\/www.coach-hunter.com\/content\/?page_id=540"},"modified":"2020-09-08T13:21:30","modified_gmt":"2020-09-08T13:21:30","slug":"bpjeps-basket-ball","status":"publish","type":"page","link":"https:\/\/www.coach-hunter.com\/content\/bpjeps-basket-ball\/","title":{"rendered":"BPJEPS Basket-ball, le dipl\u00f4me coach sportif des sp\u00e9cialistes"},"content":{"rendered":"\n<p>Les <a class=\"callAction\" href=\"https:\/\/www.coach-hunter.com\/content\/bpjeps-sports-collectifs\/\">BPJEPS Sports collectifs<\/a> sont des <strong>brevets professionnel<\/strong>s permettant \u00e0 leur titulaire de devenir <strong>coach sportif<\/strong>. Le dipl\u00f4me du <strong>BPJEPS Basket-Ball<\/strong> permet \u00e0 son <strong>titulaire <\/strong>d&rsquo;exercer en tant qu&rsquo;\u00e9ducateur sportif ou animateur&nbsp;dans une entreprise, un club de sport, chez un particulier ou dans une association. Il proposera alors des cours de sports collectifs, et plus particuli\u00e8rement de basket ball.<\/p>\n\n\n\n<div class=\"wp-block-image\"><figure class=\"aligncenter\"><img loading=\"lazy\" decoding=\"async\" width=\"1024\" height=\"683\" src=\"https:\/\/www.coach-hunter.com\/content\/wp-content\/uploads\/2020\/05\/basketball-1024x683.jpg\" alt=\"BPJEPS basket-ball\" class=\"wp-image-541\" srcset=\"https:\/\/www.coach-hunter.com\/content\/wp-content\/uploads\/2020\/05\/basketball-1024x683.jpg 1024w, https:\/\/www.coach-hunter.com\/content\/wp-content\/uploads\/2020\/05\/basketball-300x200.jpg 300w, https:\/\/www.coach-hunter.com\/content\/wp-content\/uploads\/2020\/05\/basketball-768x512.jpg 768w, https:\/\/www.coach-hunter.com\/content\/wp-content\/uploads\/2020\/05\/basketball-1200x800.jpg 1200w\" sizes=\"auto, (max-width: 709px) 85vw, (max-width: 909px) 67vw, (max-width: 1362px) 62vw, 840px\" \/><\/figure><\/div>\n\n\n\n<div class='flexo'><div class=\"lames2\">\n\n\n\n<h2 class=\"wp-block-heading\">Les objectifs du&nbsp;BPJEPS sp\u00e9cialit\u00e9 Educateur Sportif mention Basket-Ball<\/h2>\n\n\n\n<p>En d\u00e9cidant de pr\u00e9senter un BPJEPS avec la mention \u201cbasket-ball\u201d, le coach sportif peut alors <strong>encadrer la pratique de ce sport<\/strong> et <strong>mettre en place des actions d\u2019animation en basket-ball<\/strong>.  Il devra apporter une meilleure connaissance de sa pratique et des bienfaits de ce sport sur la sant\u00e9. Il encadre ainsi toutes les activit\u00e9s du basket ball. Il devra aussi participer au fonctionnement de la structure dans laquelle il travaille.<\/p>\n\n\n\n<p>En outre, le <strong>BPJEPS ASC mention Basket-Ball<\/strong> atteste d&rsquo;une qualification dans l&rsquo;exercice d&rsquo;une activit\u00e9 professionnelle en responsabilit\u00e9, \u00e0 finalit\u00e9 \u00e9ducative ou sociale dans le domaine des <strong>activit\u00e9s des sports collectifs<\/strong>. Ce dipl\u00f4me permettra \u00e9galement d\u2019encadrer et d\u2019animer des initiations sur l\u2019ensemble des sports collectifs.<\/p>\n\n\n\n<\/div><div class=\"lames2\">\n\n\n\n<h2 class=\"wp-block-heading\">Quel parcours pour obtenir le BPJEPS ASC Basket Ball ?<\/h2>\n\n\n\n<p>Le <strong>BPJEPS&nbsp;mention basket-ball<\/strong> est le dipl\u00f4me de r\u00e9f\u00e9rence pour l&rsquo;<strong>animation<\/strong> dans ce sport. Il est de niveau bac et propose 2 sp\u00e9cialit\u00e9s, <strong>\u00e9ducateur sportif<\/strong> ou animateur sportif. Pour obtenir ce dipl\u00f4me, le candidat devra r\u00e9pondre \u00e0 des exigences pr\u00e9alables et passer un <strong>test d&rsquo;aptitudes physiques<\/strong>. Ce test portera globalement sur les sports collectifs. Une \u00e9preuve sp\u00e9cifique \u00e0 l&rsquo;option Basket-ball se d\u00e9roulera ensuite pour attester des comp\u00e9tences du candidat en basket-ball.<\/p>\n\n\n\n<p><strong>Accessibilit\u00e9<\/strong> : d\u00e8s l&rsquo;\u00e2ge de 18 ans, avec le BAFA ou une exp\u00e9rience d&rsquo;animateur. Il faut \u00eatre titulaire du certificat de participation \u00e0 la Journ\u00e9e D\u00e9fense et Citoyennet\u00e9 (JDC ) pour les 18 &#8211; 25 ans et du PSC1 ou d\u2019un dipl\u00f4me \u00e9quivalent.<br><strong>Dur\u00e9e de formation<\/strong>&nbsp;:&nbsp;1 an \u00e0 18 mois dans un organisme agr\u00e9\u00e9 par les Directions r\u00e9gionales de la jeunesse, des sports et de la coh\u00e9sion sociale (DRJSCS).<br><strong>Co\u00fbt de la formation<\/strong>&nbsp;:&nbsp;de 3 600 \u00e0 11&nbsp;000 \u20ac<\/p>\n\n\n\n<\/div><\/div>\n\n\n\n<h2 class=\"wp-block-heading\">D\u2019autres BPJEPS Sports collectifs :<\/h2>\n\n\n\n<ul class=\"wp-block-list\"><li><a href=\"https:\/\/www.coach-hunter.com\/content\/bpjeps-football\/\">BPJEPS Football<\/a><\/li><li><a href=\"https:\/\/www.coach-hunter.com\/content\/bpjeps-handball\/\">BPJEPS Handball<\/a><\/li><li><a href=\"https:\/\/www.coach-hunter.com\/content\/bpjeps-rugby-le-diplome-coach-sportif-du-rugby-a-xv\/\">BPJEPS Rugby<\/a><\/li><li><a href=\"https:\/\/www.coach-hunter.com\/content\/bpjeps-volley-ball\/\">BPJEPS Volley-ball<\/a><\/li><\/ul>\n","protected":false},"excerpt":{"rendered":"<p>Les BPJEPS Sports collectifs sont des brevets professionnels permettant \u00e0 leur titulaire de devenir coach sportif. Le dipl\u00f4me du BPJEPS Basket-Ball permet \u00e0 son titulaire d&rsquo;exercer en tant qu&rsquo;\u00e9ducateur sportif ou animateur&nbsp;dans une entreprise, un club de sport, chez un particulier ou dans une association. Il proposera alors des cours de sports collectifs, et plus &hellip; <a href=\"https:\/\/www.coach-hunter.com\/content\/bpjeps-basket-ball\/\" class=\"more-link\">Continuer la lecture<span class=\"screen-reader-text\"> de &laquo;&nbsp;BPJEPS Basket-ball, le dipl\u00f4me coach sportif des sp\u00e9cialistes&nbsp;&raquo;<\/span><\/a><\/p>\n","protected":false},"author":2,"featured_media":0,"parent":0,"menu_order":0,"comment_status":"closed","ping_status":"closed","template":"","meta":{"footnotes":""},"class_list":["post-540","page","type-page","status-publish","hentry"],"yoast_head":"<!-- This site is optimized with the Yoast SEO plugin v25.9 - https:\/\/yoast.com\/wordpress\/plugins\/seo\/ -->\n<title>BPJEPS Basket-ball pour devenir un coach sportif sp\u00e9cialis\u00e9 en basket<\/title>\n<meta name=\"description\" content=\"Le BPJEPS Basket-ball est un dipl\u00f4me d&#039;Etat permettant d&#039;encadrer toute activit\u00e9 de sport collectif, avec une sp\u00e9cialisation en basket-ball.\" \/>\n<meta name=\"robots\" content=\"index, follow, max-snippet:-1, max-image-preview:large, max-video-preview:-1\" \/>\n<link rel=\"canonical\" href=\"https:\/\/www.coach-hunter.com\/content\/bpjeps-basket-ball\/\" \/>\n<meta property=\"og:locale\" content=\"fr_FR\" \/>\n<meta property=\"og:type\" content=\"article\" \/>\n<meta property=\"og:title\" content=\"BPJEPS Basket-ball pour devenir un coach sportif sp\u00e9cialis\u00e9 en basket\" \/>\n<meta property=\"og:description\" content=\"Le BPJEPS Basket-ball est un dipl\u00f4me d&#039;Etat permettant d&#039;encadrer toute activit\u00e9 de sport collectif, avec une sp\u00e9cialisation en basket-ball.\" \/>\n<meta property=\"og:url\" content=\"https:\/\/www.coach-hunter.com\/content\/bpjeps-basket-ball\/\" \/>\n<meta property=\"og:site_name\" content=\"Blog Coach Hunter\" \/>\n<meta property=\"article:modified_time\" content=\"2020-09-08T13:21:30+00:00\" \/>\n<meta property=\"og:image\" content=\"https:\/\/www.coach-hunter.com\/content\/wp-content\/uploads\/2020\/05\/basketball.jpg\" \/>\n\t<meta property=\"og:image:width\" content=\"2500\" \/>\n\t<meta property=\"og:image:height\" content=\"1667\" \/>\n\t<meta property=\"og:image:type\" content=\"image\/jpeg\" \/>\n<meta name=\"twitter:card\" content=\"summary_large_image\" \/>\n<meta name=\"twitter:label1\" content=\"Dur\u00e9e de lecture estim\u00e9e\" \/>\n\t<meta name=\"twitter:data1\" content=\"2 minutes\" \/>\n<script type=\"application\/ld+json\" class=\"yoast-schema-graph\">{\"@context\":\"https:\/\/schema.org\",\"@graph\":[{\"@type\":\"WebPage\",\"@id\":\"https:\/\/www.coach-hunter.com\/content\/bpjeps-basket-ball\/\",\"url\":\"https:\/\/www.coach-hunter.com\/content\/bpjeps-basket-ball\/\",\"name\":\"BPJEPS Basket-ball pour devenir un coach sportif sp\u00e9cialis\u00e9 en basket\",\"isPartOf\":{\"@id\":\"https:\/\/www.coach-hunter.com\/content\/#website\"},\"primaryImageOfPage\":{\"@id\":\"https:\/\/www.coach-hunter.com\/content\/bpjeps-basket-ball\/#primaryimage\"},\"image\":{\"@id\":\"https:\/\/www.coach-hunter.com\/content\/bpjeps-basket-ball\/#primaryimage\"},\"thumbnailUrl\":\"https:\/\/www.coach-hunter.com\/content\/wp-content\/uploads\/2020\/05\/basketball-1024x683.jpg\",\"datePublished\":\"2020-07-15T12:28:24+00:00\",\"dateModified\":\"2020-09-08T13:21:30+00:00\",\"description\":\"Le BPJEPS Basket-ball est un dipl\u00f4me d'Etat permettant d'encadrer toute activit\u00e9 de sport collectif, avec une sp\u00e9cialisation en basket-ball.\",\"breadcrumb\":{\"@id\":\"https:\/\/www.coach-hunter.com\/content\/bpjeps-basket-ball\/#breadcrumb\"},\"inLanguage\":\"fr-FR\",\"potentialAction\":[{\"@type\":\"ReadAction\",\"target\":[\"https:\/\/www.coach-hunter.com\/content\/bpjeps-basket-ball\/\"]}]},{\"@type\":\"ImageObject\",\"inLanguage\":\"fr-FR\",\"@id\":\"https:\/\/www.coach-hunter.com\/content\/bpjeps-basket-ball\/#primaryimage\",\"url\":\"https:\/\/www.coach-hunter.com\/content\/wp-content\/uploads\/2020\/05\/basketball.jpg\",\"contentUrl\":\"https:\/\/www.coach-hunter.com\/content\/wp-content\/uploads\/2020\/05\/basketball.jpg\",\"width\":2500,\"height\":1667},{\"@type\":\"BreadcrumbList\",\"@id\":\"https:\/\/www.coach-hunter.com\/content\/bpjeps-basket-ball\/#breadcrumb\",\"itemListElement\":[{\"@type\":\"ListItem\",\"position\":1,\"name\":\"Accueil\",\"item\":\"https:\/\/www.coach-hunter.com\/content\/\"},{\"@type\":\"ListItem\",\"position\":2,\"name\":\"BPJEPS Basket-ball, le dipl\u00f4me coach sportif des sp\u00e9cialistes\"}]},{\"@type\":\"WebSite\",\"@id\":\"https:\/\/www.coach-hunter.com\/content\/#website\",\"url\":\"https:\/\/www.coach-hunter.com\/content\/\",\"name\":\"Blog Coach Hunter\",\"description\":\"\",\"potentialAction\":[{\"@type\":\"SearchAction\",\"target\":{\"@type\":\"EntryPoint\",\"urlTemplate\":\"https:\/\/www.coach-hunter.com\/content\/?s={search_term_string}\"},\"query-input\":{\"@type\":\"PropertyValueSpecification\",\"valueRequired\":true,\"valueName\":\"search_term_string\"}}],\"inLanguage\":\"fr-FR\"}]}<\/script>\n<!-- \/ Yoast SEO plugin. -->","yoast_head_json":{"title":"BPJEPS Basket-ball pour devenir un coach sportif sp\u00e9cialis\u00e9 en basket","description":"Le BPJEPS Basket-ball est un dipl\u00f4me d'Etat permettant d'encadrer toute activit\u00e9 de sport collectif, avec une sp\u00e9cialisation en basket-ball.","robots":{"index":"index","follow":"follow","max-snippet":"max-snippet:-1","max-image-preview":"max-image-preview:large","max-video-preview":"max-video-preview:-1"},"canonical":"https:\/\/www.coach-hunter.com\/content\/bpjeps-basket-ball\/","og_locale":"fr_FR","og_type":"article","og_title":"BPJEPS Basket-ball pour devenir un coach sportif sp\u00e9cialis\u00e9 en basket","og_description":"Le BPJEPS Basket-ball est un dipl\u00f4me d'Etat permettant d'encadrer toute activit\u00e9 de sport collectif, avec une sp\u00e9cialisation en basket-ball.","og_url":"https:\/\/www.coach-hunter.com\/content\/bpjeps-basket-ball\/","og_site_name":"Blog Coach Hunter","article_modified_time":"2020-09-08T13:21:30+00:00","og_image":[{"width":2500,"height":1667,"url":"https:\/\/www.coach-hunter.com\/content\/wp-content\/uploads\/2020\/05\/basketball.jpg","type":"image\/jpeg"}],"twitter_card":"summary_large_image","twitter_misc":{"Dur\u00e9e de lecture estim\u00e9e":"2 minutes"},"schema":{"@context":"https:\/\/schema.org","@graph":[{"@type":"WebPage","@id":"https:\/\/www.coach-hunter.com\/content\/bpjeps-basket-ball\/","url":"https:\/\/www.coach-hunter.com\/content\/bpjeps-basket-ball\/","name":"BPJEPS Basket-ball pour devenir un coach sportif sp\u00e9cialis\u00e9 en basket","isPartOf":{"@id":"https:\/\/www.coach-hunter.com\/content\/#website"},"primaryImageOfPage":{"@id":"https:\/\/www.coach-hunter.com\/content\/bpjeps-basket-ball\/#primaryimage"},"image":{"@id":"https:\/\/www.coach-hunter.com\/content\/bpjeps-basket-ball\/#primaryimage"},"thumbnailUrl":"https:\/\/www.coach-hunter.com\/content\/wp-content\/uploads\/2020\/05\/basketball-1024x683.jpg","datePublished":"2020-07-15T12:28:24+00:00","dateModified":"2020-09-08T13:21:30+00:00","description":"Le BPJEPS Basket-ball est un dipl\u00f4me d'Etat permettant d'encadrer toute activit\u00e9 de sport collectif, avec une sp\u00e9cialisation en basket-ball.","breadcrumb":{"@id":"https:\/\/www.coach-hunter.com\/content\/bpjeps-basket-ball\/#breadcrumb"},"inLanguage":"fr-FR","potentialAction":[{"@type":"ReadAction","target":["https:\/\/www.coach-hunter.com\/content\/bpjeps-basket-ball\/"]}]},{"@type":"ImageObject","inLanguage":"fr-FR","@id":"https:\/\/www.coach-hunter.com\/content\/bpjeps-basket-ball\/#primaryimage","url":"https:\/\/www.coach-hunter.com\/content\/wp-content\/uploads\/2020\/05\/basketball.jpg","contentUrl":"https:\/\/www.coach-hunter.com\/content\/wp-content\/uploads\/2020\/05\/basketball.jpg","width":2500,"height":1667},{"@type":"BreadcrumbList","@id":"https:\/\/www.coach-hunter.com\/content\/bpjeps-basket-ball\/#breadcrumb","itemListElement":[{"@type":"ListItem","position":1,"name":"Accueil","item":"https:\/\/www.coach-hunter.com\/content\/"},{"@type":"ListItem","position":2,"name":"BPJEPS Basket-ball, le dipl\u00f4me coach sportif des sp\u00e9cialistes"}]},{"@type":"WebSite","@id":"https:\/\/www.coach-hunter.com\/content\/#website","url":"https:\/\/www.coach-hunter.com\/content\/","name":"Blog Coach Hunter","description":"","potentialAction":[{"@type":"SearchAction","target":{"@type":"EntryPoint","urlTemplate":"https:\/\/www.coach-hunter.com\/content\/?s={search_term_string}"},"query-input":{"@type":"PropertyValueSpecification","valueRequired":true,"valueName":"search_term_string"}}],"inLanguage":"fr-FR"}]}},"_links":{"self":[{"href":"https:\/\/www.coach-hunter.com\/content\/wp-json\/wp\/v2\/pages\/540","targetHints":{"allow":["GET"]}}],"collection":[{"href":"https:\/\/www.coach-hunter.com\/content\/wp-json\/wp\/v2\/pages"}],"about":[{"href":"https:\/\/www.coach-hunter.com\/content\/wp-json\/wp\/v2\/types\/page"}],"author":[{"embeddable":true,"href":"https:\/\/www.coach-hunter.com\/content\/wp-json\/wp\/v2\/users\/2"}],"replies":[{"embeddable":true,"href":"https:\/\/www.coach-hunter.com\/content\/wp-json\/wp\/v2\/comments?post=540"}],"version-history":[{"count":12,"href":"https:\/\/www.coach-hunter.com\/content\/wp-json\/wp\/v2\/pages\/540\/revisions"}],"predecessor-version":[{"id":1539,"href":"https:\/\/www.coach-hunter.com\/content\/wp-json\/wp\/v2\/pages\/540\/revisions\/1539"}],"wp:attachment":[{"href":"https:\/\/www.coach-hunter.com\/content\/wp-json\/wp\/v2\/media?parent=540"}],"curies":[{"name":"wp","href":"https:\/\/api.w.org\/{rel}","templated":true}]}}