{"id":1823,"date":"2020-11-17T12:13:19","date_gmt":"2020-11-17T12:13:19","guid":{"rendered":"https:\/\/www.coach-hunter.com\/content\/?page_id=1823"},"modified":"2020-11-23T12:41:50","modified_gmt":"2020-11-23T12:41:50","slug":"formation-sophrologie","status":"publish","type":"page","link":"https:\/\/www.coach-hunter.com\/content\/formation-sophrologie\/","title":{"rendered":"Formation Sophrologie pour am\u00e9liorer votre coaching sportif"},"content":{"rendered":"\n<p>Nous vous pr\u00e9sentons ici un autre type de <a class=\"callAction\" href=\"https:\/\/www.coach-hunter.com\/content\/formation-coach-sportif\/\">formation coach sportif<\/a>. La <strong>formation Sophrologie<\/strong> permet d&rsquo;allier vos comp\u00e9tences en activit\u00e9s physiques avec d&rsquo;autres, agissant sur le mental. Apr\u00e8s une br\u00e8ve description des principes de la sophrologie, nous vous pr\u00e9senterons trois <strong>certifications professionnelles<\/strong> qui vous permettront de <strong>d\u00e9velopper votre coaching sportif<\/strong>.<\/p>\n\n\n\n<div class='flexo'><div class=\"lames2\">\n\n\n\n<h2 class=\"wp-block-heading\">Qu&rsquo;est-ce-que la Sophrologie ?<\/h2>\n\n\n\n<div class=\"wp-block-image\"><figure class=\"aligncenter size-large\"><img loading=\"lazy\" decoding=\"async\" width=\"626\" height=\"417\" src=\"https:\/\/www.coach-hunter.com\/content\/wp-content\/uploads\/2020\/10\/formation-sophrologie.jpg\" alt=\"Formation Sophrologie : les enseignements\" class=\"wp-image-1824\" srcset=\"https:\/\/www.coach-hunter.com\/content\/wp-content\/uploads\/2020\/10\/formation-sophrologie.jpg 626w, https:\/\/www.coach-hunter.com\/content\/wp-content\/uploads\/2020\/10\/formation-sophrologie-300x200.jpg 300w\" sizes=\"auto, (max-width: 626px) 85vw, 626px\" \/><\/figure><\/div>\n\n\n\n<p>La sophrologie est une m\u00e9thode cr\u00e9\u00e9e en 1960 par <strong>Alfonso Caycedo<\/strong>, un <strong>psychiatre<\/strong>. Le but de cette m\u00e9thode est de produire <strong>sant\u00e9 et bien-\u00eatre<\/strong> de mani\u00e8re optimale. Pour ce faire, elle allie des <strong>exercices physiques<\/strong> \u00e0 des <strong>exercices mentaux<\/strong>. Il s&rsquo;agit donc d&rsquo;une passerelle entre la <strong>pratique sportive<\/strong> et la <strong>visualisation mentale<\/strong>. <br>Les exercices sont appel\u00e9s \u00ab\u00a0<strong>relaxation dynamique<\/strong>\u00ab\u00a0. Autrement dit, ils sont r\u00e9alis\u00e9s en mouvement. Les diff\u00e9rentes techniques sont issues des <strong>philosophies orientales<\/strong> comme le yoga, la m\u00e9ditation bouddhiste et le \u00ab\u00a0zen\u00a0\u00bb japonais.<\/p>\n\n\n\n<p>Par cons\u00e9quent, la sophrologie est une <strong>m\u00e9thode pluridisciplinaire<\/strong>. Elle se base sur l&rsquo;hypnose, la m\u00e9ditation, le <strong>stretching<\/strong>, le d\u00e9veloppement personnel (<a href=\"https:\/\/www.santemagazine.fr\/medecines-alternatives\/relaxation\/sophrologie\/la-sophrologie-une-technique-de-relaxation-basee-sur-la-respiration-176979#:~:text=La%20sophrologie%20vise%20%C3%A0%20retrouver,%2D%C3%AAtre%2C%20confiance%20en%20soi.\" target=\"_blank\" rel=\"noreferrer noopener\">en savoir plus<\/a>). Ceci dans le but de vous sentir mieux dans votre corps et dans votre t\u00eate. <br>Elle agit sur le <strong>stress quotidien<\/strong> et <strong>am\u00e9liore la confiance en soi<\/strong>.<\/p>\n\n\n\n<p>Nous vous proposons ici trois formations de sophrologue qui vous permettront de d\u00e9velopper de nouvelles comp\u00e9tences. Ces derni\u00e8res vous seront utiles pour apporter bien-\u00eatre et d\u00e9tente \u00e0 vos clients.<\/p>\n\n\n\n<\/div><div class=\"lames2\">\n\n\n\n<h2 class=\"wp-block-heading\">Formation Sophrologie pour le Sport<\/h2>\n\n\n\n<div class=\"wp-block-image\"><figure class=\"aligncenter size-large\"><img loading=\"lazy\" decoding=\"async\" width=\"626\" height=\"417\" src=\"https:\/\/www.coach-hunter.com\/content\/wp-content\/uploads\/2020\/10\/formation-sophrologie5.jpg\" alt=\"Sophrologie et sport\" class=\"wp-image-1825\" srcset=\"https:\/\/www.coach-hunter.com\/content\/wp-content\/uploads\/2020\/10\/formation-sophrologie5.jpg 626w, https:\/\/www.coach-hunter.com\/content\/wp-content\/uploads\/2020\/10\/formation-sophrologie5-300x200.jpg 300w\" sizes=\"auto, (max-width: 626px) 85vw, 626px\" \/><\/figure><\/div>\n\n\n\n<p><strong>La sophrologie et le sport<\/strong> sont des disciplines compl\u00e9mentaires de deux mani\u00e8res. En premier, si vous proposez des <strong>activit\u00e9s physiques<\/strong> comme le yoga ou le pilates, il s&rsquo;agit d&rsquo;un apport tout \u00e0 fait pertinent. En effet, les disciplines de <strong>gymnastique douce<\/strong> reposent \u00e9galement sur le principe de la pleine conscience. Des connaissances suppl\u00e9mentaires dans ce domaine vous seront utiles pour am\u00e9liorer le contenu de vos cours.<br><br>Maintenant, si vous ne proposez pas ce type de coaching sportif, la sophrologie peut vous \u00eatre b\u00e9n\u00e9fique d&rsquo;une autre mani\u00e8re. En outre, on parle m\u00eame de \u00ab\u00a0<strong>sophrologie sportive<\/strong>\u00a0\u00bb pour d\u00e9signer les <strong>enseignements <\/strong>m\u00ealant ces deux disciplines. <br>La sophrologie sportive correspond \u00e0 la <strong>pr\u00e9paration mentale<\/strong> dans le vocabulaire sportif. De ce fait, cette formation pourrait vous permettre d&rsquo;encadrer de mani\u00e8re plus efficace vos <strong>athl\u00e8tes<\/strong>.<br><br>Ce cursus vous permettra donc de ma\u00eetriser les bases de la pr\u00e9paration mentale et d&rsquo;adopter une <strong>p\u00e9dagogie \u00ab\u00a0sophro-sportive\u00a0\u00bb<\/strong>. Vous apprendrez en quoi la sophrologie permet de <strong>g\u00e9rer le stress li\u00e9 \u00e0 l&rsquo;imp\u00e9ratif de performance sportive<\/strong>. Enfin, vous verrez comment la sophrologie permet de <strong>soulager les athl\u00e8tes bless\u00e9s<\/strong>, ou en <strong>r\u00e9athl\u00e9tisation<\/strong>.<\/p>\n\n\n\n<p>Ce type de formation co\u00fbte <strong>800 euros environ<\/strong>, et s&rsquo;\u00e9tend sur trois jours de cours en pr\u00e9sentiel.<\/p>\n\n\n\n<\/div><div class=\"lames2\">\n\n\n\n<h2 class=\"wp-block-heading\">Sophrologie en entreprise<\/h2>\n\n\n\n<div class=\"wp-block-image\"><figure class=\"aligncenter size-large\"><img loading=\"lazy\" decoding=\"async\" width=\"626\" height=\"417\" src=\"https:\/\/www.coach-hunter.com\/content\/wp-content\/uploads\/2020\/10\/formation-sophrologie3.jpg\" alt=\"Sophrologie en entreprise\" class=\"wp-image-1826\" srcset=\"https:\/\/www.coach-hunter.com\/content\/wp-content\/uploads\/2020\/10\/formation-sophrologie3.jpg 626w, https:\/\/www.coach-hunter.com\/content\/wp-content\/uploads\/2020\/10\/formation-sophrologie3-300x200.jpg 300w\" sizes=\"auto, (max-width: 626px) 85vw, 626px\" \/><\/figure><\/div>\n\n\n\n<p>En <strong>entreprise <\/strong>aussi, nous sommes confront\u00e9s \u00e0 des imp\u00e9ratifs de performance. Autant cela peut en <strong>motiver <\/strong>certains, autant pour d&rsquo;autres, la recherche de la performance leur font <strong>perdre tous leurs moyens<\/strong>. Parfois, la <strong>surcharge de travail<\/strong> chronique m\u00e8ne au \u00ab\u00a0<strong>burn-out<\/strong>\u00ab\u00a0. <br>Ceci modifie l&rsquo;<strong>\u00e9quilibre psychosomatique<\/strong> de l&rsquo;individu. Ce qui peut alors d\u00e9clencher des <strong>maladies chroniques<\/strong>.<br><br>La sophrologie, tout comme le sport, permet d&rsquo;<strong>\u00e9liminer tout le stress accumul\u00e9 au travail<\/strong>. Notamment, les pratiquants voient une <strong>am\u00e9lioration de leur concentration<\/strong>, ainsi qu&rsquo;un <strong>apaisement de leurs douleurs musculosquelettiques<\/strong>. Si vous proposez du <strong>coaching sportif en entreprise<\/strong>, des <strong>comp\u00e9tences en sophrologie<\/strong> pourraient int\u00e9resser vos clients. <br><br>A la fin d&rsquo;un cours collectif con\u00e7u pour <strong>souder les \u00e9quipes de travail<\/strong> \u00e0 la pause d\u00e9jeuner, vous leur proposeriez quelques minutes de sophrologie. Par exemple, de la m\u00e9ditation et de la relaxation en pleine conscience. Sans aucun doute, tous vous diront que cela leur aura permis d&rsquo;\u00eatre plus \u00e9veill\u00e9 et efficace dans leur travail.<br><br>Le co\u00fbt d&rsquo;une formation \u00ab\u00a0Sophrologie en entreprise &#8211; gestion du stress\u00a0\u00bb s&rsquo;estime \u00e0 800 euros pour 3 jours de formation.<\/p>\n\n\n\n<\/div><div class=\"lames2\">\n\n\n\n<h2 class=\"wp-block-heading\">Formation Sophrologie pour les enfants<\/h2>\n\n\n\n<div class=\"wp-block-image\"><figure class=\"aligncenter size-large\"><img loading=\"lazy\" decoding=\"async\" width=\"626\" height=\"417\" src=\"https:\/\/www.coach-hunter.com\/content\/wp-content\/uploads\/2020\/10\/formation-sophrologie4-Copie.jpg\" alt=\"Sophrologie pour les enfants\" class=\"wp-image-1829\" srcset=\"https:\/\/www.coach-hunter.com\/content\/wp-content\/uploads\/2020\/10\/formation-sophrologie4-Copie.jpg 626w, https:\/\/www.coach-hunter.com\/content\/wp-content\/uploads\/2020\/10\/formation-sophrologie4-Copie-300x200.jpg 300w\" sizes=\"auto, (max-width: 626px) 85vw, 626px\" \/><\/figure><\/div>\n\n\n\n<p>La sophrologie est un bon moyen d&rsquo;aider les <strong>enfants atteints du Trouble du d\u00e9ficit de l&rsquo;Attention<\/strong>, avec ou sans hyperactivit\u00e9 (<strong>TDA-H<\/strong>). Le sport permet de canaliser l&rsquo;\u00e9nergie des enfants concern\u00e9s sur des activit\u00e9s prenantes. Toutefois, la sophrologie leur permet de se concentrer sur quelque chose d&rsquo;immat\u00e9riel, et surtout, d&rsquo;invisible. <br>Au premier abord, il peut donc \u00eatre difficile pour ces enfants de pratiquer la pleine conscience et de m\u00e9diter calmement. Mais combin\u00e9e au sport, la sophrologie pr\u00e9sente des effets b\u00e9n\u00e9fiques.<br><br>Notamment, la formation <strong>Sophrologie pour les enfants<\/strong> vous apportera des \u00e9l\u00e9ments sur le <strong>d\u00e9veloppement psycho-\u00e9motionnel<\/strong> de ces enfants, comment leur parler, comment les comprendre.<br>Chaque exercice de sophrologie sera aussi int\u00e9gr\u00e9 dans un <strong>support ludique<\/strong>, comme des mimes, des chants, et des jeux divers. Les m\u00e9thodes de relaxation dynamique seront donc adapt\u00e9es \u00e0 ce public et aux conditions d&rsquo;exercice.<br><br>Enfin, une telle formation s&rsquo;\u00e9tend sur <strong>cinq jours en centre de formation<\/strong>. Elle co\u00fbte aux alentours de 1300 euros.<\/p>\n\n\n\n<\/div><\/div>\n\n\n\n<h2 class=\"wp-block-heading\">D&rsquo;autres formations coach sportif :<\/h2>\n\n\n\n<ul class=\"wp-block-list\"><li><a href=\"https:\/\/www.coach-hunter.com\/content\/formation-crossfit\/\">Formation CrossFit<\/a><\/li><li><a href=\"https:\/\/www.coach-hunter.com\/content\/formation-pilates\/\">Formation Pilates<\/a><\/li><li><a href=\"https:\/\/www.coach-hunter.com\/content\/formation-les-mills\/\">Formation Les Mills<\/a><\/li><li><a href=\"https:\/\/www.coach-hunter.com\/content\/formation-trx\/\">Formation TRX<\/a><\/li><li><a href=\"https:\/\/www.coach-hunter.com\/content\/formation-yoga\/\">Formation Yoga<\/a><\/li><li><a href=\"https:\/\/www.coach-hunter.com\/content\/formation-zumba\/\">Formation Zumba<\/a><\/li><\/ul>\n","protected":false},"excerpt":{"rendered":"<p>Nous vous pr\u00e9sentons ici un autre type de formation coach sportif. La formation Sophrologie permet d&rsquo;allier vos comp\u00e9tences en activit\u00e9s physiques avec d&rsquo;autres, agissant sur le mental. Apr\u00e8s une br\u00e8ve description des principes de la sophrologie, nous vous pr\u00e9senterons trois certifications professionnelles qui vous permettront de d\u00e9velopper votre coaching sportif. Qu&rsquo;est-ce-que la Sophrologie ? La &hellip; <a href=\"https:\/\/www.coach-hunter.com\/content\/formation-sophrologie\/\" class=\"more-link\">Continuer la lecture<span class=\"screen-reader-text\"> de &laquo;&nbsp;Formation Sophrologie pour am\u00e9liorer votre coaching sportif&nbsp;&raquo;<\/span><\/a><\/p>\n","protected":false},"author":5,"featured_media":0,"parent":0,"menu_order":0,"comment_status":"closed","ping_status":"closed","template":"","meta":{"footnotes":""},"class_list":["post-1823","page","type-page","status-publish","hentry"],"yoast_head":"<!-- This site is optimized with the Yoast SEO plugin v27.5 - https:\/\/yoast.com\/product\/yoast-seo-wordpress\/ -->\n<title>Formation Sophrologie : un avantage lorsque l&#039;on est pr\u00e9parateur physique<\/title>\n<meta name=\"description\" content=\"Coach Hunter vous pr\u00e9sente le contenu de la formation Sophrologie qui permettra d&#039;am\u00e9liorer les effets de votre coaching sportif personnel.\" \/>\n<meta name=\"robots\" content=\"index, follow, max-snippet:-1, max-image-preview:large, max-video-preview:-1\" \/>\n<link rel=\"canonical\" href=\"https:\/\/www.coach-hunter.com\/content\/formation-sophrologie\/\" \/>\n<meta property=\"og:locale\" content=\"fr_FR\" \/>\n<meta property=\"og:type\" content=\"article\" \/>\n<meta property=\"og:title\" content=\"Formation Sophrologie : un avantage lorsque l&#039;on est pr\u00e9parateur physique\" \/>\n<meta property=\"og:description\" content=\"Coach Hunter vous pr\u00e9sente le contenu de la formation Sophrologie qui permettra d&#039;am\u00e9liorer les effets de votre coaching sportif personnel.\" \/>\n<meta property=\"og:url\" content=\"https:\/\/www.coach-hunter.com\/content\/formation-sophrologie\/\" \/>\n<meta property=\"og:site_name\" content=\"Blog Coach Hunter\" \/>\n<meta property=\"article:modified_time\" content=\"2020-11-23T12:41:50+00:00\" \/>\n<meta property=\"og:image\" content=\"https:\/\/www.coach-hunter.com\/content\/wp-content\/uploads\/2020\/10\/formation-sophrologie.jpg\" \/>\n\t<meta property=\"og:image:width\" content=\"626\" \/>\n\t<meta property=\"og:image:height\" content=\"417\" \/>\n\t<meta property=\"og:image:type\" content=\"image\/jpeg\" \/>\n<meta name=\"twitter:card\" content=\"summary_large_image\" \/>\n<meta name=\"twitter:label1\" content=\"Dur\u00e9e de lecture estim\u00e9e\" \/>\n\t<meta name=\"twitter:data1\" content=\"4 minutes\" \/>\n<script type=\"application\/ld+json\" class=\"yoast-schema-graph\">{\"@context\":\"https:\\\/\\\/schema.org\",\"@graph\":[{\"@type\":\"WebPage\",\"@id\":\"https:\\\/\\\/www.coach-hunter.com\\\/content\\\/formation-sophrologie\\\/\",\"url\":\"https:\\\/\\\/www.coach-hunter.com\\\/content\\\/formation-sophrologie\\\/\",\"name\":\"Formation Sophrologie : un avantage lorsque l'on est pr\u00e9parateur physique\",\"isPartOf\":{\"@id\":\"https:\\\/\\\/www.coach-hunter.com\\\/content\\\/#website\"},\"primaryImageOfPage\":{\"@id\":\"https:\\\/\\\/www.coach-hunter.com\\\/content\\\/formation-sophrologie\\\/#primaryimage\"},\"image\":{\"@id\":\"https:\\\/\\\/www.coach-hunter.com\\\/content\\\/formation-sophrologie\\\/#primaryimage\"},\"thumbnailUrl\":\"https:\\\/\\\/www.coach-hunter.com\\\/content\\\/wp-content\\\/uploads\\\/2020\\\/10\\\/formation-sophrologie.jpg\",\"datePublished\":\"2020-11-17T12:13:19+00:00\",\"dateModified\":\"2020-11-23T12:41:50+00:00\",\"description\":\"Coach Hunter vous pr\u00e9sente le contenu de la formation Sophrologie qui permettra d'am\u00e9liorer les effets de votre coaching sportif personnel.\",\"breadcrumb\":{\"@id\":\"https:\\\/\\\/www.coach-hunter.com\\\/content\\\/formation-sophrologie\\\/#breadcrumb\"},\"inLanguage\":\"fr-FR\",\"potentialAction\":[{\"@type\":\"ReadAction\",\"target\":[\"https:\\\/\\\/www.coach-hunter.com\\\/content\\\/formation-sophrologie\\\/\"]}]},{\"@type\":\"ImageObject\",\"inLanguage\":\"fr-FR\",\"@id\":\"https:\\\/\\\/www.coach-hunter.com\\\/content\\\/formation-sophrologie\\\/#primaryimage\",\"url\":\"https:\\\/\\\/www.coach-hunter.com\\\/content\\\/wp-content\\\/uploads\\\/2020\\\/10\\\/formation-sophrologie.jpg\",\"contentUrl\":\"https:\\\/\\\/www.coach-hunter.com\\\/content\\\/wp-content\\\/uploads\\\/2020\\\/10\\\/formation-sophrologie.jpg\",\"width\":626,\"height\":417},{\"@type\":\"BreadcrumbList\",\"@id\":\"https:\\\/\\\/www.coach-hunter.com\\\/content\\\/formation-sophrologie\\\/#breadcrumb\",\"itemListElement\":[{\"@type\":\"ListItem\",\"position\":1,\"name\":\"Accueil\",\"item\":\"https:\\\/\\\/www.coach-hunter.com\\\/content\\\/\"},{\"@type\":\"ListItem\",\"position\":2,\"name\":\"Formation Sophrologie pour am\u00e9liorer votre coaching sportif\"}]},{\"@type\":\"WebSite\",\"@id\":\"https:\\\/\\\/www.coach-hunter.com\\\/content\\\/#website\",\"url\":\"https:\\\/\\\/www.coach-hunter.com\\\/content\\\/\",\"name\":\"Blog Coach Hunter\",\"description\":\"\",\"potentialAction\":[{\"@type\":\"SearchAction\",\"target\":{\"@type\":\"EntryPoint\",\"urlTemplate\":\"https:\\\/\\\/www.coach-hunter.com\\\/content\\\/?s={search_term_string}\"},\"query-input\":{\"@type\":\"PropertyValueSpecification\",\"valueRequired\":true,\"valueName\":\"search_term_string\"}}],\"inLanguage\":\"fr-FR\"}]}<\/script>\n<!-- \/ Yoast SEO plugin. -->","yoast_head_json":{"title":"Formation Sophrologie : un avantage lorsque l'on est pr\u00e9parateur physique","description":"Coach Hunter vous pr\u00e9sente le contenu de la formation Sophrologie qui permettra d'am\u00e9liorer les effets de votre coaching sportif personnel.","robots":{"index":"index","follow":"follow","max-snippet":"max-snippet:-1","max-image-preview":"max-image-preview:large","max-video-preview":"max-video-preview:-1"},"canonical":"https:\/\/www.coach-hunter.com\/content\/formation-sophrologie\/","og_locale":"fr_FR","og_type":"article","og_title":"Formation Sophrologie : un avantage lorsque l'on est pr\u00e9parateur physique","og_description":"Coach Hunter vous pr\u00e9sente le contenu de la formation Sophrologie qui permettra d'am\u00e9liorer les effets de votre coaching sportif personnel.","og_url":"https:\/\/www.coach-hunter.com\/content\/formation-sophrologie\/","og_site_name":"Blog Coach Hunter","article_modified_time":"2020-11-23T12:41:50+00:00","og_image":[{"width":626,"height":417,"url":"https:\/\/www.coach-hunter.com\/content\/wp-content\/uploads\/2020\/10\/formation-sophrologie.jpg","type":"image\/jpeg"}],"twitter_card":"summary_large_image","twitter_misc":{"Dur\u00e9e de lecture estim\u00e9e":"4 minutes"},"schema":{"@context":"https:\/\/schema.org","@graph":[{"@type":"WebPage","@id":"https:\/\/www.coach-hunter.com\/content\/formation-sophrologie\/","url":"https:\/\/www.coach-hunter.com\/content\/formation-sophrologie\/","name":"Formation Sophrologie : un avantage lorsque l'on est pr\u00e9parateur physique","isPartOf":{"@id":"https:\/\/www.coach-hunter.com\/content\/#website"},"primaryImageOfPage":{"@id":"https:\/\/www.coach-hunter.com\/content\/formation-sophrologie\/#primaryimage"},"image":{"@id":"https:\/\/www.coach-hunter.com\/content\/formation-sophrologie\/#primaryimage"},"thumbnailUrl":"https:\/\/www.coach-hunter.com\/content\/wp-content\/uploads\/2020\/10\/formation-sophrologie.jpg","datePublished":"2020-11-17T12:13:19+00:00","dateModified":"2020-11-23T12:41:50+00:00","description":"Coach Hunter vous pr\u00e9sente le contenu de la formation Sophrologie qui permettra d'am\u00e9liorer les effets de votre coaching sportif personnel.","breadcrumb":{"@id":"https:\/\/www.coach-hunter.com\/content\/formation-sophrologie\/#breadcrumb"},"inLanguage":"fr-FR","potentialAction":[{"@type":"ReadAction","target":["https:\/\/www.coach-hunter.com\/content\/formation-sophrologie\/"]}]},{"@type":"ImageObject","inLanguage":"fr-FR","@id":"https:\/\/www.coach-hunter.com\/content\/formation-sophrologie\/#primaryimage","url":"https:\/\/www.coach-hunter.com\/content\/wp-content\/uploads\/2020\/10\/formation-sophrologie.jpg","contentUrl":"https:\/\/www.coach-hunter.com\/content\/wp-content\/uploads\/2020\/10\/formation-sophrologie.jpg","width":626,"height":417},{"@type":"BreadcrumbList","@id":"https:\/\/www.coach-hunter.com\/content\/formation-sophrologie\/#breadcrumb","itemListElement":[{"@type":"ListItem","position":1,"name":"Accueil","item":"https:\/\/www.coach-hunter.com\/content\/"},{"@type":"ListItem","position":2,"name":"Formation Sophrologie pour am\u00e9liorer votre coaching sportif"}]},{"@type":"WebSite","@id":"https:\/\/www.coach-hunter.com\/content\/#website","url":"https:\/\/www.coach-hunter.com\/content\/","name":"Blog Coach Hunter","description":"","potentialAction":[{"@type":"SearchAction","target":{"@type":"EntryPoint","urlTemplate":"https:\/\/www.coach-hunter.com\/content\/?s={search_term_string}"},"query-input":{"@type":"PropertyValueSpecification","valueRequired":true,"valueName":"search_term_string"}}],"inLanguage":"fr-FR"}]}},"_links":{"self":[{"href":"https:\/\/www.coach-hunter.com\/content\/wp-json\/wp\/v2\/pages\/1823","targetHints":{"allow":["GET"]}}],"collection":[{"href":"https:\/\/www.coach-hunter.com\/content\/wp-json\/wp\/v2\/pages"}],"about":[{"href":"https:\/\/www.coach-hunter.com\/content\/wp-json\/wp\/v2\/types\/page"}],"author":[{"embeddable":true,"href":"https:\/\/www.coach-hunter.com\/content\/wp-json\/wp\/v2\/users\/5"}],"replies":[{"embeddable":true,"href":"https:\/\/www.coach-hunter.com\/content\/wp-json\/wp\/v2\/comments?post=1823"}],"version-history":[{"count":10,"href":"https:\/\/www.coach-hunter.com\/content\/wp-json\/wp\/v2\/pages\/1823\/revisions"}],"predecessor-version":[{"id":2024,"href":"https:\/\/www.coach-hunter.com\/content\/wp-json\/wp\/v2\/pages\/1823\/revisions\/2024"}],"wp:attachment":[{"href":"https:\/\/www.coach-hunter.com\/content\/wp-json\/wp\/v2\/media?parent=1823"}],"curies":[{"name":"wp","href":"https:\/\/api.w.org\/{rel}","templated":true}]}}