{"id":1811,"date":"2020-11-16T12:53:17","date_gmt":"2020-11-16T12:53:17","guid":{"rendered":"https:\/\/www.coach-hunter.com\/content\/?page_id=1811"},"modified":"2020-11-23T12:41:07","modified_gmt":"2020-11-23T12:41:07","slug":"formation-pilates","status":"publish","type":"page","link":"https:\/\/www.coach-hunter.com\/content\/formation-pilates\/","title":{"rendered":"Le contenu de la formation Pilates avec Coach Hunter"},"content":{"rendered":"\n<p>Si vous \u00e9voluez dans le secteur de la <strong>remise en forme<\/strong>, nous vous recommandons d&rsquo;effectuer une <strong>formation Pilates<\/strong>. Cette <a class=\"callAction\" href=\"https:\/\/www.coach-hunter.com\/content\/formation-coach-sportif\/\">formation coach sportif<\/a> vous permettra de devenir un <strong>instructeur <\/strong>qualifi\u00e9 et comp\u00e9tent pour encadrer tout type de <strong>cours de Pilates<\/strong>.<br>Nous vous pr\u00e9sentons ici quatre mentions de la <strong>certification Pilates<\/strong>.<\/p>\n\n\n\n<div class='flexo'><div class=\"lames2\">\n\n\n\n<h2 class=\"wp-block-heading\">Les principes de la M\u00e9thode Pilates<\/h2>\n\n\n\n<div class=\"wp-block-image\"><figure class=\"aligncenter size-large\"><img loading=\"lazy\" decoding=\"async\" width=\"626\" height=\"417\" src=\"https:\/\/www.coach-hunter.com\/content\/wp-content\/uploads\/2020\/10\/formation-pilates-1.jpg\" alt=\"formation Pilates\" class=\"wp-image-1814\" srcset=\"https:\/\/www.coach-hunter.com\/content\/wp-content\/uploads\/2020\/10\/formation-pilates-1.jpg 626w, https:\/\/www.coach-hunter.com\/content\/wp-content\/uploads\/2020\/10\/formation-pilates-1-300x200.jpg 300w\" sizes=\"auto, (max-width: 626px) 85vw, 626px\" \/><\/figure><\/div>\n\n\n\n<p>Le <strong>pilates <\/strong>est une <strong>m\u00e9thode de gymnastique<\/strong> con\u00e7ue par <strong>Joseph Pilates<\/strong>, ancien <strong>gymnaste <\/strong>lui-m\u00eame. De <strong>sant\u00e9 <\/strong>fragile, il cr\u00e9a des exercices cens\u00e9s lier le corps et l&rsquo; esprit pour soulager diff\u00e9rents maux. On conf\u00e8re au Pilates des propri\u00e9t\u00e9s b\u00e9n\u00e9fiques dans l&rsquo;<strong>am\u00e9lioration de la posture<\/strong>. <strong>Pratiquer le Pilates<\/strong> permet ainsi de <strong>soulager le mal de dos chronique<\/strong>.<\/p>\n\n\n\n<p>Pour <strong>enseigner la m\u00e9thode Pilates<\/strong> \u00e0 diff\u00e9rents publics, il est n\u00e9cessaire d&rsquo;obtenir une certification appropri\u00e9e. Il en existe plusieurs, dont certaines sp\u00e9cialis\u00e9es dans l&rsquo;encadrement de publics sp\u00e9cifiques. Ce sont par exemple les formations pilates femmes enceinte, ou la <strong>formation pilates senior<\/strong>. <br>Sinon, les formations plus g\u00e9n\u00e9rales comme les Pilates Matwork 1 et 2 vous permettront d&rsquo;encadrer des <strong>cours collectifs<\/strong> et des <strong>cours particuliers<\/strong> de pilates.<\/p>\n\n\n\n<\/div><div class=\"lames2\">\n\n\n\n<h2 class=\"wp-block-heading\">La formation Pilates Matwork 1<\/h2>\n\n\n\n<div class=\"wp-block-image\"><figure class=\"aligncenter size-large\"><img loading=\"lazy\" decoding=\"async\" width=\"626\" height=\"417\" src=\"https:\/\/www.coach-hunter.com\/content\/wp-content\/uploads\/2020\/10\/formation-pilates-4.jpg\" alt=\"Pilates Matwork 1\" class=\"wp-image-1815\" srcset=\"https:\/\/www.coach-hunter.com\/content\/wp-content\/uploads\/2020\/10\/formation-pilates-4.jpg 626w, https:\/\/www.coach-hunter.com\/content\/wp-content\/uploads\/2020\/10\/formation-pilates-4-300x200.jpg 300w\" sizes=\"auto, (max-width: 626px) 85vw, 626px\" \/><\/figure><\/div>\n\n\n\n<p>La <strong>formation Pilates Matwork 1 <\/strong>correspond au premier niveau de certification des instructeurs pilates. Sans ce certificat, vous ne pouvez pas <strong>enseigner le pilates<\/strong>. La formation repr\u00e9sente un co\u00fbt estim\u00e9 \u00e0 850 euros. Elle s&rsquo;\u00e9tend sur deux journ\u00e9es.<br>Il s&rsquo;agit plus sp\u00e9cifiquement de la <strong>pratique du pilates sur tapis de sol<\/strong> (ou de yoga). Cette formation vous permettra d&rsquo;apprendre les 16 premiers mouvements du <strong>programme Pilates<\/strong>. Vous ma\u00eetriserez alors les diff\u00e9rentes techniques et apprendrez \u00e0 <strong>corriger ces postures<\/strong> sur des personnes tierces.<\/p>\n\n\n\n<p>Pour <strong>entrer en formation<\/strong>, le candidat doit valider certains <strong>pr\u00e9requis<\/strong>. Notamment, il doit \u00eatre titulaire d&rsquo;un <strong>dipl\u00f4me reconnu par l&rsquo;Etat<\/strong>. A savoir, il doit \u00eatre d\u00e9tenteur d&rsquo;un <strong>BPJEPS <\/strong>porteur d&rsquo;une mention permettant l&rsquo;exercice dans les <strong>M\u00e9tiers de la forme<\/strong> (<strong>APT <\/strong>ou <strong>AGFF\/AF<\/strong>). Autrement, le candidat peut justifier l&rsquo;obtention d&rsquo;un <strong>CQP ALS<\/strong>&nbsp;(Animateur de loisir sportif).<br><br>Il sera aussi demand\u00e9 aux participants de maitriser les grand <strong>principes d&rsquo;anatomie<\/strong> et de physiologie humaine. Ceci ne sera pas contr\u00f4l\u00e9 de mani\u00e8re directe, mais par le biais du <strong>QCM final<\/strong>. Ce dernier d\u00e9terminera si vous avez <strong>r\u00e9ussi la certification<\/strong> ou non.<\/p>\n\n\n\n<\/div><div class=\"lames2\">\n\n\n\n<h2 class=\"wp-block-heading\">La formation Pilates Matwork 2<\/h2>\n\n\n\n<div class=\"wp-block-image\"><figure class=\"aligncenter size-large\"><img loading=\"lazy\" decoding=\"async\" width=\"626\" height=\"416\" src=\"https:\/\/www.coach-hunter.com\/content\/wp-content\/uploads\/2020\/10\/formation-pilates-3.jpg\" alt=\"Pilates Matwork 2\" class=\"wp-image-1816\" srcset=\"https:\/\/www.coach-hunter.com\/content\/wp-content\/uploads\/2020\/10\/formation-pilates-3.jpg 626w, https:\/\/www.coach-hunter.com\/content\/wp-content\/uploads\/2020\/10\/formation-pilates-3-300x199.jpg 300w\" sizes=\"auto, (max-width: 626px) 85vw, 626px\" \/><\/figure><\/div>\n\n\n\n<p>La <strong>formation Pilates Matwork 2 <\/strong>s&rsquo;inscrit dans la continuit\u00e9 avec le niveau 1. Le co\u00fbt de la certification s&rsquo;\u00e9l\u00e8ve \u00e0 500 euros, pour 14 heures de formation r\u00e9parties sur deux jours. Ce cursus vous permettra de ma\u00eetriser neuf <strong>mouvements de pilates de niveau interm\u00e9diaire<\/strong>. Ensuite, vous apprendrez des <strong>m\u00e9thodes d&rsquo;intensification<\/strong> d\u00e9di\u00e9es aux postures de niveau 1. Ce qui vous permettra non seulement d&rsquo;<strong>am\u00e9liorer votre pratique personnelle<\/strong>, mais aussi celui de vos \u00e9l\u00e8ves. Ces perfectionnements porteront sur la pratique du pilates exclusivement sur tapis de sol.<\/p>\n\n\n\n<p>Pour acc\u00e9der \u00e0 cette formation, il vous faudra justifier de l&rsquo;<strong>obtention du module Matwork 1<\/strong>. Vous serez pris en charge par des <strong>professeurs de pilates<\/strong> de niveau avanc\u00e9, adeptes de cette <strong>m\u00e9thode de renforcement musculaire<\/strong> depuis de nombreuses ann\u00e9es. <br>Selon ce que vous souhaitez apprendre, ils pourront aussi adapter leurs le\u00e7ons. Il s&rsquo;agit du formation n&rsquo;accueillant que de <strong>petits effectifs<\/strong>, profitez-en pour poser vos questions \u00e0 vos instructeurs.<\/p>\n\n\n\n<\/div><div class=\"lames2\">\n\n\n\n<h2 class=\"wp-block-heading\">La formation Pilates Matwork 3<\/h2>\n\n\n\n<div class=\"wp-block-image\"><figure class=\"aligncenter size-large\"><img loading=\"lazy\" decoding=\"async\" width=\"626\" height=\"417\" src=\"https:\/\/www.coach-hunter.com\/content\/wp-content\/uploads\/2020\/10\/formation-pilates-5.jpg\" alt=\"matwork 3\" class=\"wp-image-1819\" srcset=\"https:\/\/www.coach-hunter.com\/content\/wp-content\/uploads\/2020\/10\/formation-pilates-5.jpg 626w, https:\/\/www.coach-hunter.com\/content\/wp-content\/uploads\/2020\/10\/formation-pilates-5-300x200.jpg 300w\" sizes=\"auto, (max-width: 626px) 85vw, 626px\" \/><\/figure><\/div>\n\n\n\n<p>La <strong>formation Pilates Matwork 3<\/strong> est le dernier niveau de certification des coachs sportifs pratiquant et enseignant le pilates. A l&rsquo;instar des autres modules, vous passerez deux jours en formation, lesquels se concluront par un <strong>QCM d&rsquo;\u00e9valuation<\/strong>. Ce certificat co\u00fbte entre 500 et 600 euros (<a rel=\"noreferrer noopener\" href=\"https:\/\/www.setstudio.fr\/formation\/formation-pilates-matwork-niveau-3\/\" target=\"_blank\">en savoir plus<\/a>).<br>En outre, les professeurs vous apprendront les dix derniers <strong>mouvements fondamentaux de la m\u00e9thode Pilates<\/strong>. Ils correspondent \u00e0 un niveau de pratique avanc\u00e9.<br>Ils vous proposeront \u00e9galement des options pour modifier les mouvements <strong>introduits en modules 1 et 2<\/strong>. Ceci vous permettra d&rsquo;<strong>encadrer des cours collectifs compos\u00e9s de publics de tous niveaux<\/strong>. Pendant la s\u00e9ance, vous pourrez proposer diff\u00e9rents exercices afin de <strong>satisfaire les besoins de chacun<\/strong>.<\/p>\n\n\n\n<p>Par ailleurs, la <strong>formation Matwork 3<\/strong> est <strong>reconnue internationalement<\/strong> par les professionnels de la m\u00e9thode Pilates.<\/p>\n\n\n\n<\/div><div class=\"lames2\">\n\n\n\n<h2 class=\"wp-block-heading\">La certification pour femmes enceintes<\/h2>\n\n\n\n<div class=\"wp-block-image\"><figure class=\"aligncenter size-large\"><img loading=\"lazy\" decoding=\"async\" width=\"626\" height=\"417\" src=\"https:\/\/www.coach-hunter.com\/content\/wp-content\/uploads\/2020\/10\/formation-pilates-2.jpg\" alt=\"Pilates pour femme enceinte\" class=\"wp-image-1817\" srcset=\"https:\/\/www.coach-hunter.com\/content\/wp-content\/uploads\/2020\/10\/formation-pilates-2.jpg 626w, https:\/\/www.coach-hunter.com\/content\/wp-content\/uploads\/2020\/10\/formation-pilates-2-300x200.jpg 300w\" sizes=\"auto, (max-width: 626px) 85vw, 626px\" \/><\/figure><\/div>\n\n\n\n<p>La m\u00e9thode Pilates est particuli\u00e8rement adapt\u00e9e \u00e0 une <strong>pratique sportive pendant la grossesse<\/strong>. Cette discipline sportive vise \u00e0 <strong>renforcer les muscles profonds<\/strong>, et ainsi \u00e0 <strong>corriger les mauvaises postures<\/strong>. Toutefois, elle agit sans impact ni tension intense sur le corps. <br>La <strong>formation Pilates Femme enceinte<\/strong> met l&rsquo;accent sur un renforcement musculaire du dos. Le but est de limiter les effets d&rsquo;une cambrure excessive induite par la grossesse. <br><br>Par ailleurs, les professeurs de pilates apprendront \u00e0 ma\u00eetriser les exercices b\u00e9n\u00e9fiques pour le <strong>maintien du plancher pelvien<\/strong>. La grossesse peut en effet causer des descentes d&rsquo;organes, notamment en appuyant sur les organes internes situ\u00e9s au dessus du <strong>bassin<\/strong>. Renforcer le plancher pelvien, ainsi que le <strong>p\u00e9rin\u00e9e<\/strong>, permettra aux femmes enceintes d&rsquo;\u00eatre en meilleure forme apr\u00e8s l&rsquo;<strong>accouchement<\/strong>.<\/p>\n\n\n\n<p>Ainsi les <strong>objectifs de la formation pilates<\/strong> sont multiples. En outre, ce module permettra aux <strong>instructeurs pilates mat<\/strong> d&rsquo;adapter les exercices \u00e0 leur public, avec du <strong>mat\u00e9riel <\/strong>(rouleaux de massage, \u00e9lastiques, anneaux pilates&#8230;). De plus, le programme accorde une grande importance \u00e0 l&rsquo;<strong>\u00e9tude anatomique, traumatologique, et physiologique des femmes enceintes<\/strong>. Ceci vous servira quelles que soient vos modalit\u00e9s d&rsquo;exercice, autrement dit<strong> \u00e0 domicile<\/strong> ou en <strong>studio pilates<\/strong>.<\/p>\n\n\n\n<p>Tout comme le Pilates Matwork 2, cette formation co\u00fbte 500 euros et s&rsquo;\u00e9tend sur deux jours.<\/p>\n\n\n\n<\/div><\/div>\n\n\n\n<h2 class=\"wp-block-heading\">D&rsquo;autres formations coach sportif :<\/h2>\n\n\n\n<ul class=\"wp-block-list\"><li><a href=\"https:\/\/www.coach-hunter.com\/content\/formation-crossfit\/\">Formation CrossFit<\/a><\/li><li><a href=\"https:\/\/www.coach-hunter.com\/content\/formation-les-mills\/\">Formation Les Mills<\/a><\/li><li><a href=\"https:\/\/www.coach-hunter.com\/content\/formation-sophrologie\/\">Formation Sophrologie<\/a><\/li><li><a href=\"https:\/\/www.coach-hunter.com\/content\/formation-trx\/\">Formation TRX<\/a><\/li><li><a href=\"https:\/\/www.coach-hunter.com\/content\/formation-yoga\/\">Formation Yoga<\/a><\/li><li><a href=\"https:\/\/www.coach-hunter.com\/content\/formation-zumba\/\">Formation Zumba<\/a><\/li><\/ul>\n","protected":false},"excerpt":{"rendered":"<p>Si vous \u00e9voluez dans le secteur de la remise en forme, nous vous recommandons d&rsquo;effectuer une formation Pilates. Cette formation coach sportif vous permettra de devenir un instructeur qualifi\u00e9 et comp\u00e9tent pour encadrer tout type de cours de Pilates.Nous vous pr\u00e9sentons ici quatre mentions de la certification Pilates. Les principes de la M\u00e9thode Pilates Le &hellip; <a href=\"https:\/\/www.coach-hunter.com\/content\/formation-pilates\/\" class=\"more-link\">Continuer la lecture<span class=\"screen-reader-text\"> de &laquo;&nbsp;Le contenu de la formation Pilates avec Coach Hunter&nbsp;&raquo;<\/span><\/a><\/p>\n","protected":false},"author":5,"featured_media":0,"parent":0,"menu_order":0,"comment_status":"closed","ping_status":"closed","template":"","meta":{"footnotes":""},"class_list":["post-1811","page","type-page","status-publish","hentry"],"yoast_head":"<!-- This site is optimized with the Yoast SEO plugin v25.9 - https:\/\/yoast.com\/wordpress\/plugins\/seo\/ -->\n<title>Formation Pilates : comment devenir un instructeur pilates certifi\u00e9 ?<\/title>\n<meta name=\"description\" content=\"Coach Hunter vous pr\u00e9sente le contenu de la Formation Pilates. Elle vous permettra de vous perfectionner dans cette m\u00e9thode de gymnastique douce.\" \/>\n<meta name=\"robots\" content=\"index, follow, max-snippet:-1, max-image-preview:large, max-video-preview:-1\" \/>\n<link rel=\"canonical\" href=\"https:\/\/www.coach-hunter.com\/content\/formation-pilates\/\" \/>\n<meta property=\"og:locale\" content=\"fr_FR\" \/>\n<meta property=\"og:type\" content=\"article\" \/>\n<meta property=\"og:title\" content=\"Formation Pilates : comment devenir un instructeur pilates certifi\u00e9 ?\" \/>\n<meta property=\"og:description\" content=\"Coach Hunter vous pr\u00e9sente le contenu de la Formation Pilates. Elle vous permettra de vous perfectionner dans cette m\u00e9thode de gymnastique douce.\" \/>\n<meta property=\"og:url\" content=\"https:\/\/www.coach-hunter.com\/content\/formation-pilates\/\" \/>\n<meta property=\"og:site_name\" content=\"Blog Coach Hunter\" \/>\n<meta property=\"article:modified_time\" content=\"2020-11-23T12:41:07+00:00\" \/>\n<meta property=\"og:image\" content=\"https:\/\/www.coach-hunter.com\/content\/wp-content\/uploads\/2020\/10\/formation-pilates-1.jpg\" \/>\n\t<meta property=\"og:image:width\" content=\"626\" \/>\n\t<meta property=\"og:image:height\" content=\"417\" \/>\n\t<meta property=\"og:image:type\" content=\"image\/jpeg\" \/>\n<meta name=\"twitter:card\" content=\"summary_large_image\" \/>\n<meta name=\"twitter:label1\" content=\"Dur\u00e9e de lecture estim\u00e9e\" \/>\n\t<meta name=\"twitter:data1\" content=\"5 minutes\" \/>\n<script type=\"application\/ld+json\" class=\"yoast-schema-graph\">{\"@context\":\"https:\/\/schema.org\",\"@graph\":[{\"@type\":\"WebPage\",\"@id\":\"https:\/\/www.coach-hunter.com\/content\/formation-pilates\/\",\"url\":\"https:\/\/www.coach-hunter.com\/content\/formation-pilates\/\",\"name\":\"Formation Pilates : comment devenir un instructeur pilates certifi\u00e9 ?\",\"isPartOf\":{\"@id\":\"https:\/\/www.coach-hunter.com\/content\/#website\"},\"primaryImageOfPage\":{\"@id\":\"https:\/\/www.coach-hunter.com\/content\/formation-pilates\/#primaryimage\"},\"image\":{\"@id\":\"https:\/\/www.coach-hunter.com\/content\/formation-pilates\/#primaryimage\"},\"thumbnailUrl\":\"https:\/\/www.coach-hunter.com\/content\/wp-content\/uploads\/2020\/10\/formation-pilates-1.jpg\",\"datePublished\":\"2020-11-16T12:53:17+00:00\",\"dateModified\":\"2020-11-23T12:41:07+00:00\",\"description\":\"Coach Hunter vous pr\u00e9sente le contenu de la Formation Pilates. Elle vous permettra de vous perfectionner dans cette m\u00e9thode de gymnastique douce.\",\"breadcrumb\":{\"@id\":\"https:\/\/www.coach-hunter.com\/content\/formation-pilates\/#breadcrumb\"},\"inLanguage\":\"fr-FR\",\"potentialAction\":[{\"@type\":\"ReadAction\",\"target\":[\"https:\/\/www.coach-hunter.com\/content\/formation-pilates\/\"]}]},{\"@type\":\"ImageObject\",\"inLanguage\":\"fr-FR\",\"@id\":\"https:\/\/www.coach-hunter.com\/content\/formation-pilates\/#primaryimage\",\"url\":\"https:\/\/www.coach-hunter.com\/content\/wp-content\/uploads\/2020\/10\/formation-pilates-1.jpg\",\"contentUrl\":\"https:\/\/www.coach-hunter.com\/content\/wp-content\/uploads\/2020\/10\/formation-pilates-1.jpg\",\"width\":626,\"height\":417},{\"@type\":\"BreadcrumbList\",\"@id\":\"https:\/\/www.coach-hunter.com\/content\/formation-pilates\/#breadcrumb\",\"itemListElement\":[{\"@type\":\"ListItem\",\"position\":1,\"name\":\"Accueil\",\"item\":\"https:\/\/www.coach-hunter.com\/content\/\"},{\"@type\":\"ListItem\",\"position\":2,\"name\":\"Le contenu de la formation Pilates avec Coach Hunter\"}]},{\"@type\":\"WebSite\",\"@id\":\"https:\/\/www.coach-hunter.com\/content\/#website\",\"url\":\"https:\/\/www.coach-hunter.com\/content\/\",\"name\":\"Blog Coach Hunter\",\"description\":\"\",\"potentialAction\":[{\"@type\":\"SearchAction\",\"target\":{\"@type\":\"EntryPoint\",\"urlTemplate\":\"https:\/\/www.coach-hunter.com\/content\/?s={search_term_string}\"},\"query-input\":{\"@type\":\"PropertyValueSpecification\",\"valueRequired\":true,\"valueName\":\"search_term_string\"}}],\"inLanguage\":\"fr-FR\"}]}<\/script>\n<!-- \/ Yoast SEO plugin. -->","yoast_head_json":{"title":"Formation Pilates : comment devenir un instructeur pilates certifi\u00e9 ?","description":"Coach Hunter vous pr\u00e9sente le contenu de la Formation Pilates. Elle vous permettra de vous perfectionner dans cette m\u00e9thode de gymnastique douce.","robots":{"index":"index","follow":"follow","max-snippet":"max-snippet:-1","max-image-preview":"max-image-preview:large","max-video-preview":"max-video-preview:-1"},"canonical":"https:\/\/www.coach-hunter.com\/content\/formation-pilates\/","og_locale":"fr_FR","og_type":"article","og_title":"Formation Pilates : comment devenir un instructeur pilates certifi\u00e9 ?","og_description":"Coach Hunter vous pr\u00e9sente le contenu de la Formation Pilates. Elle vous permettra de vous perfectionner dans cette m\u00e9thode de gymnastique douce.","og_url":"https:\/\/www.coach-hunter.com\/content\/formation-pilates\/","og_site_name":"Blog Coach Hunter","article_modified_time":"2020-11-23T12:41:07+00:00","og_image":[{"width":626,"height":417,"url":"https:\/\/www.coach-hunter.com\/content\/wp-content\/uploads\/2020\/10\/formation-pilates-1.jpg","type":"image\/jpeg"}],"twitter_card":"summary_large_image","twitter_misc":{"Dur\u00e9e de lecture estim\u00e9e":"5 minutes"},"schema":{"@context":"https:\/\/schema.org","@graph":[{"@type":"WebPage","@id":"https:\/\/www.coach-hunter.com\/content\/formation-pilates\/","url":"https:\/\/www.coach-hunter.com\/content\/formation-pilates\/","name":"Formation Pilates : comment devenir un instructeur pilates certifi\u00e9 ?","isPartOf":{"@id":"https:\/\/www.coach-hunter.com\/content\/#website"},"primaryImageOfPage":{"@id":"https:\/\/www.coach-hunter.com\/content\/formation-pilates\/#primaryimage"},"image":{"@id":"https:\/\/www.coach-hunter.com\/content\/formation-pilates\/#primaryimage"},"thumbnailUrl":"https:\/\/www.coach-hunter.com\/content\/wp-content\/uploads\/2020\/10\/formation-pilates-1.jpg","datePublished":"2020-11-16T12:53:17+00:00","dateModified":"2020-11-23T12:41:07+00:00","description":"Coach Hunter vous pr\u00e9sente le contenu de la Formation Pilates. Elle vous permettra de vous perfectionner dans cette m\u00e9thode de gymnastique douce.","breadcrumb":{"@id":"https:\/\/www.coach-hunter.com\/content\/formation-pilates\/#breadcrumb"},"inLanguage":"fr-FR","potentialAction":[{"@type":"ReadAction","target":["https:\/\/www.coach-hunter.com\/content\/formation-pilates\/"]}]},{"@type":"ImageObject","inLanguage":"fr-FR","@id":"https:\/\/www.coach-hunter.com\/content\/formation-pilates\/#primaryimage","url":"https:\/\/www.coach-hunter.com\/content\/wp-content\/uploads\/2020\/10\/formation-pilates-1.jpg","contentUrl":"https:\/\/www.coach-hunter.com\/content\/wp-content\/uploads\/2020\/10\/formation-pilates-1.jpg","width":626,"height":417},{"@type":"BreadcrumbList","@id":"https:\/\/www.coach-hunter.com\/content\/formation-pilates\/#breadcrumb","itemListElement":[{"@type":"ListItem","position":1,"name":"Accueil","item":"https:\/\/www.coach-hunter.com\/content\/"},{"@type":"ListItem","position":2,"name":"Le contenu de la formation Pilates avec Coach Hunter"}]},{"@type":"WebSite","@id":"https:\/\/www.coach-hunter.com\/content\/#website","url":"https:\/\/www.coach-hunter.com\/content\/","name":"Blog Coach Hunter","description":"","potentialAction":[{"@type":"SearchAction","target":{"@type":"EntryPoint","urlTemplate":"https:\/\/www.coach-hunter.com\/content\/?s={search_term_string}"},"query-input":{"@type":"PropertyValueSpecification","valueRequired":true,"valueName":"search_term_string"}}],"inLanguage":"fr-FR"}]}},"_links":{"self":[{"href":"https:\/\/www.coach-hunter.com\/content\/wp-json\/wp\/v2\/pages\/1811","targetHints":{"allow":["GET"]}}],"collection":[{"href":"https:\/\/www.coach-hunter.com\/content\/wp-json\/wp\/v2\/pages"}],"about":[{"href":"https:\/\/www.coach-hunter.com\/content\/wp-json\/wp\/v2\/types\/page"}],"author":[{"embeddable":true,"href":"https:\/\/www.coach-hunter.com\/content\/wp-json\/wp\/v2\/users\/5"}],"replies":[{"embeddable":true,"href":"https:\/\/www.coach-hunter.com\/content\/wp-json\/wp\/v2\/comments?post=1811"}],"version-history":[{"count":11,"href":"https:\/\/www.coach-hunter.com\/content\/wp-json\/wp\/v2\/pages\/1811\/revisions"}],"predecessor-version":[{"id":2020,"href":"https:\/\/www.coach-hunter.com\/content\/wp-json\/wp\/v2\/pages\/1811\/revisions\/2020"}],"wp:attachment":[{"href":"https:\/\/www.coach-hunter.com\/content\/wp-json\/wp\/v2\/media?parent=1811"}],"curies":[{"name":"wp","href":"https:\/\/api.w.org\/{rel}","templated":true}]}}