{"id":1712,"date":"2020-10-20T11:51:16","date_gmt":"2020-10-20T11:51:16","guid":{"rendered":"https:\/\/www.coach-hunter.com\/content\/?page_id=1712"},"modified":"2020-10-26T15:02:36","modified_gmt":"2020-10-26T15:02:36","slug":"licence-professionnelle-intervention-sociale","status":"publish","type":"page","link":"https:\/\/www.coach-hunter.com\/content\/licence-professionnelle-intervention-sociale\/","title":{"rendered":"Votre licence professionnelle intervention sociale"},"content":{"rendered":"\n<p>Les <a class=\"callAction\" href=\"https:\/\/www.coach-hunter.com\/content\/licence-pro-staps\/\">Licences Pro STAPS<\/a> permettent de se professionnaliser en seulement trois ann\u00e9es d&rsquo;\u00e9tudes en sciences du sport. La <strong>licence professionnelle intervention sociale, d\u00e9veloppement social et m\u00e9diation par le sport<\/strong> forme des \u00e9ducateurs sportifs sp\u00e9cialis\u00e9s dans l&rsquo;encadrement de jeunes publics en difficult\u00e9s. Cette licence est disponible en formation initiale, formation continue, ou validation des acquis professionnels et personnels (VAPP).<\/p>\n\n\n\n<div class=\"wp-block-image\"><figure class=\"aligncenter size-large\"><img loading=\"lazy\" decoding=\"async\" width=\"626\" height=\"417\" src=\"https:\/\/www.coach-hunter.com\/content\/wp-content\/uploads\/2020\/09\/licence-professionnelle-insertion-sociale.jpg\" alt=\"Licence professionnelle intervention sociale\" class=\"wp-image-1716\" srcset=\"https:\/\/www.coach-hunter.com\/content\/wp-content\/uploads\/2020\/09\/licence-professionnelle-insertion-sociale.jpg 626w, https:\/\/www.coach-hunter.com\/content\/wp-content\/uploads\/2020\/09\/licence-professionnelle-insertion-sociale-300x200.jpg 300w\" sizes=\"auto, (max-width: 626px) 85vw, 626px\" \/><\/figure><\/div>\n\n\n\n<div class='flexo'><div class=\"lames2\">\n\n\n\n<h2 class=\"wp-block-heading\">Les objectifs de la Licence professionnelle intervention sociale<\/h2>\n\n\n\n<p>La <strong>Licence pro STAPS intervention sociale<\/strong> a pour but de former les <strong>professionnels de l&rsquo; accompagnement social<\/strong> aupr\u00e8s de jeunes socialement isol\u00e9s. Il s&rsquo;agira pour le dipl\u00f4m\u00e9 de mieux comprendre les <strong>projets d&rsquo; \u00e9conomie sociale et familiale<\/strong>. Il pourra ainsi appr\u00e9hender au mieux le <strong>travail social dans le sport<\/strong>. En outre, son \u00e9tude du terrain sera mise en perspective par une mission locale et un projet tutor\u00e9.<\/p>\n\n\n\n<p>De nombreux cours auront pour sujet le contexte socio \u00e9conomique de la France, ainsi que l&rsquo;\u00e9tude des <strong>sciences humaines<\/strong>. Ces derni\u00e8res permettront alors de mieux comprendre le profil psychologique des jeunes concern\u00e9s.<br>Les savoir faire et comp\u00e9tences acquises au cours de la formation serviront donc \u00e0 mettre en place des <strong>dispositifs de m\u00e9diation par le sport<\/strong>.<br><br><em>NB : cette mention diff\u00e8re de la \u00ab\u00a0licence professionnelle intervention sociale insertion et r\u00e9insertion sociale et professionnelle\u00a0\u00bb. Cette derni\u00e8re est ainsi li\u00e9e au Minist\u00e8re des Solidarit\u00e9s et au DUT carri\u00e8res sociales. Les professionnels dipl\u00f4m\u00e9s de cette mention peuvent interagir avec des demandeurs d asile par exemple.<\/em><\/p>\n\n\n\n<\/div><div class=\"lames2\">\n\n\n\n<h2 class=\"wp-block-heading\">Quel parcours pour obtenir la Licence professionnelle Intervention sociale<\/h2>\n\n\n\n<p>En outre, toutes les mentions <strong>L2 STAPS<\/strong>, les L2 en sociologie, anthropologie, psychologie, sciences de l\u2019\u00e9ducation, peuvent servir de r\u00e9f\u00e9rence pour entrer en Licence Pro Intervention sociale. Un test acad\u00e9mique conditionne ensuite la <strong>poursuite d \u00e9tudes en 3\u00e8me ann\u00e9e<\/strong>. Il atteste des connaissances suffisantes du candidat.<br><br>Enfin, ce dipl\u00f4me est particuli\u00e8rement recherch\u00e9 par les <strong>collectivit\u00e9s territoriales<\/strong>. Elles embauchent des dipl\u00f4m\u00e9s, notamment dans les <strong>directions r\u00e9gionales de la Jeunesse, des Sports et de la Coh\u00e9sion sociale<\/strong> (<a rel=\"noreferrer noopener\" href=\"http:\/\/drdjscs.gouv.fr\/spip.php?article1\" target=\"_blank\">DRDJSCS<\/a>).<\/p>\n\n\n\n<\/div><\/div>\n\n\n\n<h2 class=\"wp-block-heading\">D&rsquo;autres Licences Pro STAPS :<\/h2>\n\n\n\n<ul class=\"wp-block-list\"><li><a href=\"https:\/\/www.coach-hunter.com\/content\/licence-professionnelle-activites-physiques-adaptees\/\">Licence professionnelle activit\u00e9s physiques adapt\u00e9es<\/a><\/li><li><a href=\"https:\/\/www.coach-hunter.com\/content\/licence-professionnelle-animation-gestion-organisation\/\">Licence professionnelle animation, gestion et organisation<\/a><\/li><li><a href=\"https:\/\/www.coach-hunter.com\/content\/licence-professionnelle-metiers-de-la-forme\/\">Licence professionnelle m\u00e9tiers de la forme<\/a><\/li><li><a href=\"https:\/\/www.coach-hunter.com\/content\/licence-professionnelle-remise-en-forme-et-loisirs-sportifs\/\">Licence professionnelle remise en forme et loisirs sportifs<\/a><\/li><li><a href=\"https:\/\/www.coach-hunter.com\/content\/licence-professionnelle-autre-mention\/\">Licence professionnelle autre mention<\/a><\/li><\/ul>\n","protected":false},"excerpt":{"rendered":"<p>Les Licences Pro STAPS permettent de se professionnaliser en seulement trois ann\u00e9es d&rsquo;\u00e9tudes en sciences du sport. La licence professionnelle intervention sociale, d\u00e9veloppement social et m\u00e9diation par le sport forme des \u00e9ducateurs sportifs sp\u00e9cialis\u00e9s dans l&rsquo;encadrement de jeunes publics en difficult\u00e9s. Cette licence est disponible en formation initiale, formation continue, ou validation des acquis professionnels &hellip; <a href=\"https:\/\/www.coach-hunter.com\/content\/licence-professionnelle-intervention-sociale\/\" class=\"more-link\">Continuer la lecture<span class=\"screen-reader-text\"> de &laquo;&nbsp;Votre licence professionnelle intervention sociale&nbsp;&raquo;<\/span><\/a><\/p>\n","protected":false},"author":5,"featured_media":0,"parent":0,"menu_order":0,"comment_status":"closed","ping_status":"closed","template":"","meta":{"footnotes":""},"class_list":["post-1712","page","type-page","status-publish","hentry"],"yoast_head":"<!-- This site is optimized with the Yoast SEO plugin v25.9 - https:\/\/yoast.com\/wordpress\/plugins\/seo\/ -->\n<title>Licence professionnelle intervention sociale en STAPS avec Coach Hunter<\/title>\n<meta name=\"description\" content=\"Retrouvez tout ce qu&#039;il faut savoir sur la Licence professionnelle intervention sociale et m\u00e9diation par le sport en Staps pour devenir \u00e9ducateur sportif.\" \/>\n<meta name=\"robots\" content=\"index, follow, max-snippet:-1, max-image-preview:large, max-video-preview:-1\" \/>\n<link rel=\"canonical\" href=\"https:\/\/www.coach-hunter.com\/content\/licence-professionnelle-intervention-sociale\/\" \/>\n<meta property=\"og:locale\" content=\"fr_FR\" \/>\n<meta property=\"og:type\" content=\"article\" \/>\n<meta property=\"og:title\" content=\"Licence professionnelle intervention sociale en STAPS avec Coach Hunter\" \/>\n<meta property=\"og:description\" content=\"Retrouvez tout ce qu&#039;il faut savoir sur la Licence professionnelle intervention sociale et m\u00e9diation par le sport en Staps pour devenir \u00e9ducateur sportif.\" \/>\n<meta property=\"og:url\" content=\"https:\/\/www.coach-hunter.com\/content\/licence-professionnelle-intervention-sociale\/\" \/>\n<meta property=\"og:site_name\" content=\"Blog Coach Hunter\" \/>\n<meta property=\"article:modified_time\" content=\"2020-10-26T15:02:36+00:00\" \/>\n<meta property=\"og:image\" content=\"https:\/\/www.coach-hunter.com\/content\/wp-content\/uploads\/2020\/09\/licence-professionnelle-insertion-sociale.jpg\" \/>\n\t<meta property=\"og:image:width\" content=\"626\" \/>\n\t<meta property=\"og:image:height\" content=\"417\" \/>\n\t<meta property=\"og:image:type\" content=\"image\/jpeg\" \/>\n<meta name=\"twitter:card\" content=\"summary_large_image\" \/>\n<meta name=\"twitter:label1\" content=\"Dur\u00e9e de lecture estim\u00e9e\" \/>\n\t<meta name=\"twitter:data1\" content=\"2 minutes\" \/>\n<script type=\"application\/ld+json\" class=\"yoast-schema-graph\">{\"@context\":\"https:\/\/schema.org\",\"@graph\":[{\"@type\":\"WebPage\",\"@id\":\"https:\/\/www.coach-hunter.com\/content\/licence-professionnelle-intervention-sociale\/\",\"url\":\"https:\/\/www.coach-hunter.com\/content\/licence-professionnelle-intervention-sociale\/\",\"name\":\"Licence professionnelle intervention sociale en STAPS avec Coach Hunter\",\"isPartOf\":{\"@id\":\"https:\/\/www.coach-hunter.com\/content\/#website\"},\"primaryImageOfPage\":{\"@id\":\"https:\/\/www.coach-hunter.com\/content\/licence-professionnelle-intervention-sociale\/#primaryimage\"},\"image\":{\"@id\":\"https:\/\/www.coach-hunter.com\/content\/licence-professionnelle-intervention-sociale\/#primaryimage\"},\"thumbnailUrl\":\"https:\/\/www.coach-hunter.com\/content\/wp-content\/uploads\/2020\/09\/licence-professionnelle-insertion-sociale.jpg\",\"datePublished\":\"2020-10-20T11:51:16+00:00\",\"dateModified\":\"2020-10-26T15:02:36+00:00\",\"description\":\"Retrouvez tout ce qu'il faut savoir sur la Licence professionnelle intervention sociale et m\u00e9diation par le sport en Staps pour devenir \u00e9ducateur sportif.\",\"breadcrumb\":{\"@id\":\"https:\/\/www.coach-hunter.com\/content\/licence-professionnelle-intervention-sociale\/#breadcrumb\"},\"inLanguage\":\"fr-FR\",\"potentialAction\":[{\"@type\":\"ReadAction\",\"target\":[\"https:\/\/www.coach-hunter.com\/content\/licence-professionnelle-intervention-sociale\/\"]}]},{\"@type\":\"ImageObject\",\"inLanguage\":\"fr-FR\",\"@id\":\"https:\/\/www.coach-hunter.com\/content\/licence-professionnelle-intervention-sociale\/#primaryimage\",\"url\":\"https:\/\/www.coach-hunter.com\/content\/wp-content\/uploads\/2020\/09\/licence-professionnelle-insertion-sociale.jpg\",\"contentUrl\":\"https:\/\/www.coach-hunter.com\/content\/wp-content\/uploads\/2020\/09\/licence-professionnelle-insertion-sociale.jpg\",\"width\":626,\"height\":417},{\"@type\":\"BreadcrumbList\",\"@id\":\"https:\/\/www.coach-hunter.com\/content\/licence-professionnelle-intervention-sociale\/#breadcrumb\",\"itemListElement\":[{\"@type\":\"ListItem\",\"position\":1,\"name\":\"Accueil\",\"item\":\"https:\/\/www.coach-hunter.com\/content\/\"},{\"@type\":\"ListItem\",\"position\":2,\"name\":\"Votre licence professionnelle intervention sociale\"}]},{\"@type\":\"WebSite\",\"@id\":\"https:\/\/www.coach-hunter.com\/content\/#website\",\"url\":\"https:\/\/www.coach-hunter.com\/content\/\",\"name\":\"Blog Coach Hunter\",\"description\":\"\",\"potentialAction\":[{\"@type\":\"SearchAction\",\"target\":{\"@type\":\"EntryPoint\",\"urlTemplate\":\"https:\/\/www.coach-hunter.com\/content\/?s={search_term_string}\"},\"query-input\":{\"@type\":\"PropertyValueSpecification\",\"valueRequired\":true,\"valueName\":\"search_term_string\"}}],\"inLanguage\":\"fr-FR\"}]}<\/script>\n<!-- \/ Yoast SEO plugin. -->","yoast_head_json":{"title":"Licence professionnelle intervention sociale en STAPS avec Coach Hunter","description":"Retrouvez tout ce qu'il faut savoir sur la Licence professionnelle intervention sociale et m\u00e9diation par le sport en Staps pour devenir \u00e9ducateur sportif.","robots":{"index":"index","follow":"follow","max-snippet":"max-snippet:-1","max-image-preview":"max-image-preview:large","max-video-preview":"max-video-preview:-1"},"canonical":"https:\/\/www.coach-hunter.com\/content\/licence-professionnelle-intervention-sociale\/","og_locale":"fr_FR","og_type":"article","og_title":"Licence professionnelle intervention sociale en STAPS avec Coach Hunter","og_description":"Retrouvez tout ce qu'il faut savoir sur la Licence professionnelle intervention sociale et m\u00e9diation par le sport en Staps pour devenir \u00e9ducateur sportif.","og_url":"https:\/\/www.coach-hunter.com\/content\/licence-professionnelle-intervention-sociale\/","og_site_name":"Blog Coach Hunter","article_modified_time":"2020-10-26T15:02:36+00:00","og_image":[{"width":626,"height":417,"url":"https:\/\/www.coach-hunter.com\/content\/wp-content\/uploads\/2020\/09\/licence-professionnelle-insertion-sociale.jpg","type":"image\/jpeg"}],"twitter_card":"summary_large_image","twitter_misc":{"Dur\u00e9e de lecture estim\u00e9e":"2 minutes"},"schema":{"@context":"https:\/\/schema.org","@graph":[{"@type":"WebPage","@id":"https:\/\/www.coach-hunter.com\/content\/licence-professionnelle-intervention-sociale\/","url":"https:\/\/www.coach-hunter.com\/content\/licence-professionnelle-intervention-sociale\/","name":"Licence professionnelle intervention sociale en STAPS avec Coach Hunter","isPartOf":{"@id":"https:\/\/www.coach-hunter.com\/content\/#website"},"primaryImageOfPage":{"@id":"https:\/\/www.coach-hunter.com\/content\/licence-professionnelle-intervention-sociale\/#primaryimage"},"image":{"@id":"https:\/\/www.coach-hunter.com\/content\/licence-professionnelle-intervention-sociale\/#primaryimage"},"thumbnailUrl":"https:\/\/www.coach-hunter.com\/content\/wp-content\/uploads\/2020\/09\/licence-professionnelle-insertion-sociale.jpg","datePublished":"2020-10-20T11:51:16+00:00","dateModified":"2020-10-26T15:02:36+00:00","description":"Retrouvez tout ce qu'il faut savoir sur la Licence professionnelle intervention sociale et m\u00e9diation par le sport en Staps pour devenir \u00e9ducateur sportif.","breadcrumb":{"@id":"https:\/\/www.coach-hunter.com\/content\/licence-professionnelle-intervention-sociale\/#breadcrumb"},"inLanguage":"fr-FR","potentialAction":[{"@type":"ReadAction","target":["https:\/\/www.coach-hunter.com\/content\/licence-professionnelle-intervention-sociale\/"]}]},{"@type":"ImageObject","inLanguage":"fr-FR","@id":"https:\/\/www.coach-hunter.com\/content\/licence-professionnelle-intervention-sociale\/#primaryimage","url":"https:\/\/www.coach-hunter.com\/content\/wp-content\/uploads\/2020\/09\/licence-professionnelle-insertion-sociale.jpg","contentUrl":"https:\/\/www.coach-hunter.com\/content\/wp-content\/uploads\/2020\/09\/licence-professionnelle-insertion-sociale.jpg","width":626,"height":417},{"@type":"BreadcrumbList","@id":"https:\/\/www.coach-hunter.com\/content\/licence-professionnelle-intervention-sociale\/#breadcrumb","itemListElement":[{"@type":"ListItem","position":1,"name":"Accueil","item":"https:\/\/www.coach-hunter.com\/content\/"},{"@type":"ListItem","position":2,"name":"Votre licence professionnelle intervention sociale"}]},{"@type":"WebSite","@id":"https:\/\/www.coach-hunter.com\/content\/#website","url":"https:\/\/www.coach-hunter.com\/content\/","name":"Blog Coach Hunter","description":"","potentialAction":[{"@type":"SearchAction","target":{"@type":"EntryPoint","urlTemplate":"https:\/\/www.coach-hunter.com\/content\/?s={search_term_string}"},"query-input":{"@type":"PropertyValueSpecification","valueRequired":true,"valueName":"search_term_string"}}],"inLanguage":"fr-FR"}]}},"_links":{"self":[{"href":"https:\/\/www.coach-hunter.com\/content\/wp-json\/wp\/v2\/pages\/1712","targetHints":{"allow":["GET"]}}],"collection":[{"href":"https:\/\/www.coach-hunter.com\/content\/wp-json\/wp\/v2\/pages"}],"about":[{"href":"https:\/\/www.coach-hunter.com\/content\/wp-json\/wp\/v2\/types\/page"}],"author":[{"embeddable":true,"href":"https:\/\/www.coach-hunter.com\/content\/wp-json\/wp\/v2\/users\/5"}],"replies":[{"embeddable":true,"href":"https:\/\/www.coach-hunter.com\/content\/wp-json\/wp\/v2\/comments?post=1712"}],"version-history":[{"count":5,"href":"https:\/\/www.coach-hunter.com\/content\/wp-json\/wp\/v2\/pages\/1712\/revisions"}],"predecessor-version":[{"id":1922,"href":"https:\/\/www.coach-hunter.com\/content\/wp-json\/wp\/v2\/pages\/1712\/revisions\/1922"}],"wp:attachment":[{"href":"https:\/\/www.coach-hunter.com\/content\/wp-json\/wp\/v2\/media?parent=1712"}],"curies":[{"name":"wp","href":"https:\/\/api.w.org\/{rel}","templated":true}]}}