{"id":1673,"date":"2020-10-02T12:32:31","date_gmt":"2020-10-02T12:32:31","guid":{"rendered":"https:\/\/www.coach-hunter.com\/content\/?page_id=1673"},"modified":"2020-10-02T12:32:32","modified_gmt":"2020-10-02T12:32:32","slug":"deust-autre-mention","status":"publish","type":"page","link":"https:\/\/www.coach-hunter.com\/content\/deust-autre-mention\/","title":{"rendered":"Les DEUST Autre mention avec Coach Hunter"},"content":{"rendered":"\n<p>Il existe de nombreuses mentions dans le <a class=\"callAction\" href=\"https:\/\/www.coach-hunter.com\/content\/deust-staps\/\">DEUST Staps<\/a>, avec des sp\u00e9cialit\u00e9s diff\u00e9rentes. Nous vous avons d\u00e9j\u00e0 pr\u00e9sent\u00e9 celles des activit\u00e9s de la forme, de l&rsquo;animation et du management. Vous trouverez donc ici les <strong>DEUST Autre mention<\/strong>. <br>Les dipl\u00f4mes d&rsquo;\u00e9tudes universitaires scientifiques et techniques s&rsquo;obtiennent en deux ans, et on y acc\u00e8de apr\u00e8s le baccalaur\u00e9at. Il s&rsquo;agit donc d&rsquo;un dipl\u00f4me de niveau 3. <\/p>\n\n\n\n<div class='flexo'><div class=\"lames2\">\n\n\n\n<h2 class=\"wp-block-heading\">Deux DEUST autre mention :<\/h2>\n\n\n\n<div class=\"wp-block-image\"><figure class=\"aligncenter size-large\"><img loading=\"lazy\" decoding=\"async\" width=\"626\" height=\"430\" src=\"https:\/\/www.coach-hunter.com\/content\/wp-content\/uploads\/2020\/09\/deust-autre-mention.jpg\" alt=\"DEUST Autre mention\" class=\"wp-image-1674\" srcset=\"https:\/\/www.coach-hunter.com\/content\/wp-content\/uploads\/2020\/09\/deust-autre-mention.jpg 626w, https:\/\/www.coach-hunter.com\/content\/wp-content\/uploads\/2020\/09\/deust-autre-mention-300x206.jpg 300w\" sizes=\"auto, (max-width: 626px) 85vw, 626px\" \/><\/figure><\/div>\n\n\n\n<p>Ici nous vous proposons une pr\u00e9sentation des :<br>&#8211; <strong>DEUST Encadrement et Animation des Activit\u00e9s Physiques et Sportives ou Culturelles<\/strong><br>&#8211;<strong>DEUST Animation et Commercialisation de Services Sportifs<\/strong><\/p>\n\n\n\n<p>Tous deux permettent une <strong>insertion professionnelle<\/strong> rapide. En effet, ces parcours issus de la <a rel=\"noreferrer noopener\" href=\"https:\/\/www.u-bordeaux.fr\/Formation\/Composantes-de-formation\/College-Sciences-de-l-Homme\/Faculte-des-Sciences-et-techniques-des-activites-physiques-et-sportives\" target=\"_blank\">facult\u00e9 des sciences et techniques des activit\u00e9s physiques et sportives<\/a> proposent des stages de terrain, au sein de structures sportives. A la fin du DEUST, vous pourrez alors entrer sur le <strong>march\u00e9 du travail<\/strong>, ou poursuivre vos \u00e9tudes avec une <strong>licence professionnelle staps<\/strong>.<\/p>\n\n\n\n<\/div><div class=\"lames2\">\n\n\n\n<h2 class=\"wp-block-heading\">Le DEUST Encadrement et Animation des Activit\u00e9s Physiques et Sportives ou Culturelles<\/h2>\n\n\n\n<div class=\"wp-block-image\"><figure class=\"aligncenter size-large\"><img loading=\"lazy\" decoding=\"async\" width=\"626\" height=\"417\" src=\"https:\/\/www.coach-hunter.com\/content\/wp-content\/uploads\/2020\/09\/deust-autre-mention2.jpg\" alt=\"DEUST Autre mention\" class=\"wp-image-1675\" srcset=\"https:\/\/www.coach-hunter.com\/content\/wp-content\/uploads\/2020\/09\/deust-autre-mention2.jpg 626w, https:\/\/www.coach-hunter.com\/content\/wp-content\/uploads\/2020\/09\/deust-autre-mention2-300x200.jpg 300w\" sizes=\"auto, (max-width: 626px) 85vw, 626px\" \/><\/figure><\/div>\n\n\n\n<p>Le <strong>DEUST Encadrement et Animation des APS ou Culturelles<\/strong> est la mention id\u00e9ale si vous d\u00e9sirez travailler en<strong> secteur scolaire ou p\u00e9riscolaire.<\/strong> En outre, la formation vous permettra d&rsquo;acqu\u00e9rir des connaissance et comp\u00e9tences  relatives aux enfants. En particulier : \u00e0 leur activit\u00e9 physique, \u00e0 leur moyens de socialisation, \u00e0 leur sant\u00e9&#8230;<\/p>\n\n\n\n<p>Toutefois il s&rsquo;agit d&rsquo;un dipl\u00f4me polyvalent. Vous apprendrez \u00e0 g\u00e9rer des \u00e9quipes d&rsquo;adultes et des classes d&rsquo;enfants, vous manierez des bilans comptables pour organiser des \u00e9v\u00e8nements sportifs et culturels. Vous prendrez aussi connaissances des r\u00e8gles de s\u00e9curit\u00e9 et des moyens mis en \u0153uvre pour les respecter, notamment compte tenu des enfants.<\/p>\n\n\n\n<p>Les d\u00e9tenteurs du dipl\u00f4me peuvent alors exercer dans le secteur public, en tant qu&rsquo;\u00e9ducateur sportif ou responsable des animations. Ou dans le secteur priv\u00e9 comme responsable de salle de sport, ou gestionnaire d&rsquo;un magasin d&rsquo;articles sportifs.<\/p>\n\n\n\n<\/div><div class=\"lames2\">\n\n\n\n<h2 class=\"wp-block-heading\">Le DEUST Animation et Commercialisation de Services Sportifs<\/h2>\n\n\n\n<div class=\"wp-block-image\"><figure class=\"aligncenter size-large\"><img loading=\"lazy\" decoding=\"async\" width=\"626\" height=\"417\" src=\"https:\/\/www.coach-hunter.com\/content\/wp-content\/uploads\/2020\/09\/deust-autre-mention3.jpg\" alt=\"DEUST Autre mention\" class=\"wp-image-1676\" srcset=\"https:\/\/www.coach-hunter.com\/content\/wp-content\/uploads\/2020\/09\/deust-autre-mention3.jpg 626w, https:\/\/www.coach-hunter.com\/content\/wp-content\/uploads\/2020\/09\/deust-autre-mention3-300x200.jpg 300w\" sizes=\"auto, (max-width: 626px) 85vw, 626px\" \/><\/figure><\/div>\n\n\n\n<p>Le <strong>DEUST Animation et Commercialisation de Services Sportifs<\/strong> forme des professionnels polyvalents. Cette formation mise sur des <strong>connaissances sportives<\/strong>, sur du <strong>marketing<\/strong> et sur la <strong>comptabilit\u00e9.<\/strong> En outre, le dipl\u00f4m\u00e9 de ce DEUST Autre mention est un coach sportif, aussi gestionnaire de sa structure sportive d&rsquo;accueil.<\/p>\n\n\n\n<p>Les cours aborderont comment g\u00e9rer une <strong>structure associative sportive ou de loisirs<\/strong>, comment communiquer (en interne et externe), comment vendre des <strong>produits et services sportifs<\/strong>. <br>Bien entendu, les \u00e9tudiants auront des cours de sport afin de pouvoir encadrer la <strong>pratique sportive de divers publics<\/strong>.<\/p>\n\n\n\n<p>Parmi les m\u00e9tiers que les d\u00e9tenteurs du dipl\u00f4mes peuvent exercer : commercial en secteur sportif, conseiller en articles de sport, aide \u00e0 l\u2019animation des activit\u00e9s physiques et sportives.<strong>..<\/strong><\/p>\n\n\n\n<\/div><\/div>\n\n\n\n<h2 class=\"wp-block-heading\">D&rsquo;autres mentions Deust Staps :<\/h2>\n\n\n\n<ul class=\"wp-block-list\"><li>Le <a href=\"https:\/\/www.coach-hunter.com\/content\/deust-activites-physiques-et-sportives-adaptees\/\">DEUST\u00a0Activit\u00e9s physiques et sportives adapt\u00e9es<\/a><\/li><li><a href=\"https:\/\/www.coach-hunter.com\/content\/deust-animation-et-gestion-des-activites-physiques\/\">DEUST animation et gestion des activit\u00e9s physiques<\/a><\/li><li>Le <a href=\"https:\/\/www.coach-hunter.com\/content\/deust-metiers-de-la-forme\/\">DEUST m\u00e9tiers de la forme<\/a><\/li><li><a href=\"https:\/\/www.coach-hunter.com\/content\/deust-manager-de-club-sportif\/\">DEUST Manager de Club sportif<\/a><\/li><\/ul>\n","protected":false},"excerpt":{"rendered":"<p>Il existe de nombreuses mentions dans le DEUST Staps, avec des sp\u00e9cialit\u00e9s diff\u00e9rentes. Nous vous avons d\u00e9j\u00e0 pr\u00e9sent\u00e9 celles des activit\u00e9s de la forme, de l&rsquo;animation et du management. Vous trouverez donc ici les DEUST Autre mention. Les dipl\u00f4mes d&rsquo;\u00e9tudes universitaires scientifiques et techniques s&rsquo;obtiennent en deux ans, et on y acc\u00e8de apr\u00e8s le baccalaur\u00e9at. &hellip; <a href=\"https:\/\/www.coach-hunter.com\/content\/deust-autre-mention\/\" class=\"more-link\">Continuer la lecture<span class=\"screen-reader-text\"> de &laquo;&nbsp;Les DEUST Autre mention avec Coach Hunter&nbsp;&raquo;<\/span><\/a><\/p>\n","protected":false},"author":5,"featured_media":0,"parent":0,"menu_order":0,"comment_status":"closed","ping_status":"closed","template":"","meta":{"footnotes":""},"class_list":["post-1673","page","type-page","status-publish","hentry"],"yoast_head":"<!-- This site is optimized with the Yoast SEO plugin v25.9 - https:\/\/yoast.com\/wordpress\/plugins\/seo\/ -->\n<title>DEUST Autre mention : devenez un coach sportif dipl\u00f4m\u00e9 en deux ans !<\/title>\n<meta name=\"description\" content=\"Voici les DEUST Autre mention, en particulier ceux d\u00e9di\u00e9s \u00e0 la gestion des structures sportives et \u00e0 l&#039;animation de cours de sport en milieu scolaire.\" \/>\n<meta name=\"robots\" content=\"index, follow, max-snippet:-1, max-image-preview:large, max-video-preview:-1\" \/>\n<link rel=\"canonical\" href=\"https:\/\/www.coach-hunter.com\/content\/deust-autre-mention\/\" \/>\n<meta property=\"og:locale\" content=\"fr_FR\" \/>\n<meta property=\"og:type\" content=\"article\" \/>\n<meta property=\"og:title\" content=\"DEUST Autre mention : devenez un coach sportif dipl\u00f4m\u00e9 en deux ans !\" \/>\n<meta property=\"og:description\" content=\"Voici les DEUST Autre mention, en particulier ceux d\u00e9di\u00e9s \u00e0 la gestion des structures sportives et \u00e0 l&#039;animation de cours de sport en milieu scolaire.\" \/>\n<meta property=\"og:url\" content=\"https:\/\/www.coach-hunter.com\/content\/deust-autre-mention\/\" \/>\n<meta property=\"og:site_name\" content=\"Blog Coach Hunter\" \/>\n<meta property=\"article:modified_time\" content=\"2020-10-02T12:32:32+00:00\" \/>\n<meta property=\"og:image\" content=\"https:\/\/www.coach-hunter.com\/content\/wp-content\/uploads\/2020\/09\/deust-autre-mention.jpg\" \/>\n\t<meta property=\"og:image:width\" content=\"626\" \/>\n\t<meta property=\"og:image:height\" content=\"430\" \/>\n\t<meta property=\"og:image:type\" content=\"image\/jpeg\" \/>\n<meta name=\"twitter:card\" content=\"summary_large_image\" \/>\n<meta name=\"twitter:label1\" content=\"Dur\u00e9e de lecture estim\u00e9e\" \/>\n\t<meta name=\"twitter:data1\" content=\"2 minutes\" \/>\n<script type=\"application\/ld+json\" class=\"yoast-schema-graph\">{\"@context\":\"https:\/\/schema.org\",\"@graph\":[{\"@type\":\"WebPage\",\"@id\":\"https:\/\/www.coach-hunter.com\/content\/deust-autre-mention\/\",\"url\":\"https:\/\/www.coach-hunter.com\/content\/deust-autre-mention\/\",\"name\":\"DEUST Autre mention : devenez un coach sportif dipl\u00f4m\u00e9 en deux ans !\",\"isPartOf\":{\"@id\":\"https:\/\/www.coach-hunter.com\/content\/#website\"},\"primaryImageOfPage\":{\"@id\":\"https:\/\/www.coach-hunter.com\/content\/deust-autre-mention\/#primaryimage\"},\"image\":{\"@id\":\"https:\/\/www.coach-hunter.com\/content\/deust-autre-mention\/#primaryimage\"},\"thumbnailUrl\":\"https:\/\/www.coach-hunter.com\/content\/wp-content\/uploads\/2020\/09\/deust-autre-mention.jpg\",\"datePublished\":\"2020-10-02T12:32:31+00:00\",\"dateModified\":\"2020-10-02T12:32:32+00:00\",\"description\":\"Voici les DEUST Autre mention, en particulier ceux d\u00e9di\u00e9s \u00e0 la gestion des structures sportives et \u00e0 l'animation de cours de sport en milieu scolaire.\",\"breadcrumb\":{\"@id\":\"https:\/\/www.coach-hunter.com\/content\/deust-autre-mention\/#breadcrumb\"},\"inLanguage\":\"fr-FR\",\"potentialAction\":[{\"@type\":\"ReadAction\",\"target\":[\"https:\/\/www.coach-hunter.com\/content\/deust-autre-mention\/\"]}]},{\"@type\":\"ImageObject\",\"inLanguage\":\"fr-FR\",\"@id\":\"https:\/\/www.coach-hunter.com\/content\/deust-autre-mention\/#primaryimage\",\"url\":\"https:\/\/www.coach-hunter.com\/content\/wp-content\/uploads\/2020\/09\/deust-autre-mention.jpg\",\"contentUrl\":\"https:\/\/www.coach-hunter.com\/content\/wp-content\/uploads\/2020\/09\/deust-autre-mention.jpg\",\"width\":626,\"height\":430},{\"@type\":\"BreadcrumbList\",\"@id\":\"https:\/\/www.coach-hunter.com\/content\/deust-autre-mention\/#breadcrumb\",\"itemListElement\":[{\"@type\":\"ListItem\",\"position\":1,\"name\":\"Accueil\",\"item\":\"https:\/\/www.coach-hunter.com\/content\/\"},{\"@type\":\"ListItem\",\"position\":2,\"name\":\"Les DEUST Autre mention avec Coach Hunter\"}]},{\"@type\":\"WebSite\",\"@id\":\"https:\/\/www.coach-hunter.com\/content\/#website\",\"url\":\"https:\/\/www.coach-hunter.com\/content\/\",\"name\":\"Blog Coach Hunter\",\"description\":\"\",\"potentialAction\":[{\"@type\":\"SearchAction\",\"target\":{\"@type\":\"EntryPoint\",\"urlTemplate\":\"https:\/\/www.coach-hunter.com\/content\/?s={search_term_string}\"},\"query-input\":{\"@type\":\"PropertyValueSpecification\",\"valueRequired\":true,\"valueName\":\"search_term_string\"}}],\"inLanguage\":\"fr-FR\"}]}<\/script>\n<!-- \/ Yoast SEO plugin. -->","yoast_head_json":{"title":"DEUST Autre mention : devenez un coach sportif dipl\u00f4m\u00e9 en deux ans !","description":"Voici les DEUST Autre mention, en particulier ceux d\u00e9di\u00e9s \u00e0 la gestion des structures sportives et \u00e0 l'animation de cours de sport en milieu scolaire.","robots":{"index":"index","follow":"follow","max-snippet":"max-snippet:-1","max-image-preview":"max-image-preview:large","max-video-preview":"max-video-preview:-1"},"canonical":"https:\/\/www.coach-hunter.com\/content\/deust-autre-mention\/","og_locale":"fr_FR","og_type":"article","og_title":"DEUST Autre mention : devenez un coach sportif dipl\u00f4m\u00e9 en deux ans !","og_description":"Voici les DEUST Autre mention, en particulier ceux d\u00e9di\u00e9s \u00e0 la gestion des structures sportives et \u00e0 l'animation de cours de sport en milieu scolaire.","og_url":"https:\/\/www.coach-hunter.com\/content\/deust-autre-mention\/","og_site_name":"Blog Coach Hunter","article_modified_time":"2020-10-02T12:32:32+00:00","og_image":[{"width":626,"height":430,"url":"https:\/\/www.coach-hunter.com\/content\/wp-content\/uploads\/2020\/09\/deust-autre-mention.jpg","type":"image\/jpeg"}],"twitter_card":"summary_large_image","twitter_misc":{"Dur\u00e9e de lecture estim\u00e9e":"2 minutes"},"schema":{"@context":"https:\/\/schema.org","@graph":[{"@type":"WebPage","@id":"https:\/\/www.coach-hunter.com\/content\/deust-autre-mention\/","url":"https:\/\/www.coach-hunter.com\/content\/deust-autre-mention\/","name":"DEUST Autre mention : devenez un coach sportif dipl\u00f4m\u00e9 en deux ans !","isPartOf":{"@id":"https:\/\/www.coach-hunter.com\/content\/#website"},"primaryImageOfPage":{"@id":"https:\/\/www.coach-hunter.com\/content\/deust-autre-mention\/#primaryimage"},"image":{"@id":"https:\/\/www.coach-hunter.com\/content\/deust-autre-mention\/#primaryimage"},"thumbnailUrl":"https:\/\/www.coach-hunter.com\/content\/wp-content\/uploads\/2020\/09\/deust-autre-mention.jpg","datePublished":"2020-10-02T12:32:31+00:00","dateModified":"2020-10-02T12:32:32+00:00","description":"Voici les DEUST Autre mention, en particulier ceux d\u00e9di\u00e9s \u00e0 la gestion des structures sportives et \u00e0 l'animation de cours de sport en milieu scolaire.","breadcrumb":{"@id":"https:\/\/www.coach-hunter.com\/content\/deust-autre-mention\/#breadcrumb"},"inLanguage":"fr-FR","potentialAction":[{"@type":"ReadAction","target":["https:\/\/www.coach-hunter.com\/content\/deust-autre-mention\/"]}]},{"@type":"ImageObject","inLanguage":"fr-FR","@id":"https:\/\/www.coach-hunter.com\/content\/deust-autre-mention\/#primaryimage","url":"https:\/\/www.coach-hunter.com\/content\/wp-content\/uploads\/2020\/09\/deust-autre-mention.jpg","contentUrl":"https:\/\/www.coach-hunter.com\/content\/wp-content\/uploads\/2020\/09\/deust-autre-mention.jpg","width":626,"height":430},{"@type":"BreadcrumbList","@id":"https:\/\/www.coach-hunter.com\/content\/deust-autre-mention\/#breadcrumb","itemListElement":[{"@type":"ListItem","position":1,"name":"Accueil","item":"https:\/\/www.coach-hunter.com\/content\/"},{"@type":"ListItem","position":2,"name":"Les DEUST Autre mention avec Coach Hunter"}]},{"@type":"WebSite","@id":"https:\/\/www.coach-hunter.com\/content\/#website","url":"https:\/\/www.coach-hunter.com\/content\/","name":"Blog Coach Hunter","description":"","potentialAction":[{"@type":"SearchAction","target":{"@type":"EntryPoint","urlTemplate":"https:\/\/www.coach-hunter.com\/content\/?s={search_term_string}"},"query-input":{"@type":"PropertyValueSpecification","valueRequired":true,"valueName":"search_term_string"}}],"inLanguage":"fr-FR"}]}},"_links":{"self":[{"href":"https:\/\/www.coach-hunter.com\/content\/wp-json\/wp\/v2\/pages\/1673","targetHints":{"allow":["GET"]}}],"collection":[{"href":"https:\/\/www.coach-hunter.com\/content\/wp-json\/wp\/v2\/pages"}],"about":[{"href":"https:\/\/www.coach-hunter.com\/content\/wp-json\/wp\/v2\/types\/page"}],"author":[{"embeddable":true,"href":"https:\/\/www.coach-hunter.com\/content\/wp-json\/wp\/v2\/users\/5"}],"replies":[{"embeddable":true,"href":"https:\/\/www.coach-hunter.com\/content\/wp-json\/wp\/v2\/comments?post=1673"}],"version-history":[{"count":3,"href":"https:\/\/www.coach-hunter.com\/content\/wp-json\/wp\/v2\/pages\/1673\/revisions"}],"predecessor-version":[{"id":1743,"href":"https:\/\/www.coach-hunter.com\/content\/wp-json\/wp\/v2\/pages\/1673\/revisions\/1743"}],"wp:attachment":[{"href":"https:\/\/www.coach-hunter.com\/content\/wp-json\/wp\/v2\/media?parent=1673"}],"curies":[{"name":"wp","href":"https:\/\/api.w.org\/{rel}","templated":true}]}}