{"id":1663,"date":"2020-09-30T12:00:03","date_gmt":"2020-09-30T12:00:03","guid":{"rendered":"https:\/\/www.coach-hunter.com\/content\/?page_id=1663"},"modified":"2020-10-02T12:36:13","modified_gmt":"2020-10-02T12:36:13","slug":"deust-manager-de-club-sportif","status":"publish","type":"page","link":"https:\/\/www.coach-hunter.com\/content\/deust-manager-de-club-sportif\/","title":{"rendered":"Le DEUST manager de club sportif avec Coach Hunter"},"content":{"rendered":"\n<p>Les <a class=\"callAction\" href=\"https:\/\/www.coach-hunter.com\/content\/deust-staps\/\">DEUST STAPS<\/a> proposent de nombreuses mentions afin d&rsquo;offrir un maximum de choix \u00e0 leurs \u00e9tudiants. Le <strong>DEUST manager de club sportif<\/strong> diff\u00e8re des autres parcours par sa composante organisationnelle. Par la suite, il permet \u00e0 ses titulaires d&rsquo;exercer le <strong>m\u00e9tier d agent de d\u00e9veloppement de club sportif<\/strong>. <br>Le Deust est un dipl\u00f4me de niveau III, que l&rsquo;on obtient \u00e0 Bac+2. Il, s&rsquo;agit d&rsquo;un cursus en deux ann\u00e9es, auquel on peut candidater apr\u00e8s l&rsquo;obtention du Baccalaur\u00e9at. <\/p>\n\n\n\n<div class=\"wp-block-image\"><figure class=\"aligncenter size-large\"><img loading=\"lazy\" decoding=\"async\" width=\"626\" height=\"417\" src=\"https:\/\/www.coach-hunter.com\/content\/wp-content\/uploads\/2020\/09\/deust-manager-de-club-sportif.jpg\" alt=\"DEUST manager de club sportif\" class=\"wp-image-1721\" srcset=\"https:\/\/www.coach-hunter.com\/content\/wp-content\/uploads\/2020\/09\/deust-manager-de-club-sportif.jpg 626w, https:\/\/www.coach-hunter.com\/content\/wp-content\/uploads\/2020\/09\/deust-manager-de-club-sportif-300x200.jpg 300w\" sizes=\"auto, (max-width: 626px) 85vw, 626px\" \/><\/figure><\/div>\n\n\n\n<div class='flexo'><div class=\"lames2\">\n\n\n\n<h2 class=\"wp-block-heading\">Les objectifs du&nbsp;DEUST manager de club sportif<\/h2>\n\n\n\n<p>Le <strong>DEUST Manager de club sportif<\/strong> vous permettra d&rsquo;acqu\u00e9rir des comp\u00e9tences li\u00e9es au m\u00e9tier concern\u00e9. En outre, le dipl\u00f4m\u00e9 encadre la pratique d activit\u00e9s physiques et sportives. Il exerce en tant qu&rsquo;<strong>animateur, formateur, et manager <\/strong>travaillant en structure sportive priv\u00e9e. La formation permet d acc\u00e9der \u00e0 des postes d&rsquo;agents ou de cadre sportif, fonctions d\u00e9pendant aussi des capacit\u00e9s av\u00e9r\u00e9es du dipl\u00f4m\u00e9. <br><br>Toutefois, la mention a aussi vocation \u00e0 l animation. De ce fait, le titulaire du Deust doit \u00eatre capable encadrer les pratiquants dans diverses disciplines sportives.<\/p>\n\n\n\n<\/div><div class=\"lames2\">\n\n\n\n<h2 class=\"wp-block-heading\">Quel parcours pour obtenir le DEUST manager de club sportif ?<\/h2>\n\n\n\n<p>Pour entrer en formation, le <strong>DEUST ADECS<\/strong> requiert (au choix) la certification du Baccalaur\u00e9at, d&rsquo;une proc\u00e9dure de&nbsp;<a rel=\"noreferrer noopener\" href=\"https:\/\/staps.edu.umontpellier.fr\/validation-des-acquis-vae-vap\/\" target=\"_blank\">VAPP<\/a>. (\u00e0 hauteur de 150 euros), ou d&rsquo;un dipl\u00f4me d\u2019animation de niveau IV (niveau bac). Par ailleurs, le candidat doit r\u00e9pondre \u00e0 certaines exigences pr\u00e9alables. <br>Il devra attester de son engagement dans le <strong>milieu sportif professionnel<\/strong>. Pour ce faire, il pourra pr\u00e9senter des justificatifs d&rsquo;actions b\u00e9n\u00e9voles, de dipl\u00f4mes d&rsquo;arbitrage&#8230;<\/p>\n\n\n\n<p>Le candidat devra aussi justifier d&rsquo;un exp\u00e9rience d&rsquo;encadrement de groupes. Des certifications comme le BAFA, ou des dipl\u00f4mes sportifs f\u00e9d\u00e9raux, sont un avantage notable \u00e0 la candidature.<\/p>\n\n\n\n<p>Pour finir, l&rsquo;obtention du <strong>Deust Agent de d\u00e9veloppement de club sportif<\/strong> est conditionn\u00e9e par deux \u00e9l\u00e9ments. D&rsquo;une part, le candidat doit d\u00e9finir un projet professionnel personnel. D&rsquo;autre part, il devra valider les comp\u00e9tences li\u00e9es \u00e0 la r\u00e9alisation de projets.<\/p>\n\n\n\n<\/div><\/div>\n\n\n\n<h2 class=\"wp-block-heading\">D&rsquo;autres Deust Staps :<\/h2>\n\n\n\n<ul class=\"wp-block-list\"><li>Le <a href=\"https:\/\/www.coach-hunter.com\/content\/deust-activites-physiques-et-sportives-adaptees\/\">DEUST\u00a0Activit\u00e9s physiques et sportives adapt\u00e9es<\/a><\/li><li><a href=\"https:\/\/www.coach-hunter.com\/content\/deust-animation-et-gestion-des-activites-physiques\/\">DEUST animation et gestion des activit\u00e9s physiques<\/a><\/li><li>Le <a href=\"https:\/\/www.coach-hunter.com\/content\/deust-metiers-de-la-forme\/\">DEUST m\u00e9tiers de la forme<\/a><\/li><li><a href=\"https:\/\/www.coach-hunter.com\/content\/deust-autre-mention\/\">DEUST Autre mention<\/a><\/li><\/ul>\n","protected":false},"excerpt":{"rendered":"<p>Les DEUST STAPS proposent de nombreuses mentions afin d&rsquo;offrir un maximum de choix \u00e0 leurs \u00e9tudiants. Le DEUST manager de club sportif diff\u00e8re des autres parcours par sa composante organisationnelle. Par la suite, il permet \u00e0 ses titulaires d&rsquo;exercer le m\u00e9tier d agent de d\u00e9veloppement de club sportif. Le Deust est un dipl\u00f4me de niveau &hellip; <a href=\"https:\/\/www.coach-hunter.com\/content\/deust-manager-de-club-sportif\/\" class=\"more-link\">Continuer la lecture<span class=\"screen-reader-text\"> de &laquo;&nbsp;Le DEUST manager de club sportif avec Coach Hunter&nbsp;&raquo;<\/span><\/a><\/p>\n","protected":false},"author":5,"featured_media":0,"parent":0,"menu_order":0,"comment_status":"closed","ping_status":"closed","template":"","meta":{"footnotes":""},"class_list":["post-1663","page","type-page","status-publish","hentry"],"yoast_head":"<!-- This site is optimized with the Yoast SEO plugin v25.9 - https:\/\/yoast.com\/wordpress\/plugins\/seo\/ -->\n<title>DEUST manager de club sportif pour \u00eatre coach sportif et gestionnaire<\/title>\n<meta name=\"description\" content=\"Le DEUST manager de club sportif permet de devenir un coach sportif, \u00e9galement capable d&#039;organiser la pratique sportive dans une structure sportive donn\u00e9e.\" \/>\n<meta name=\"robots\" content=\"index, follow, max-snippet:-1, max-image-preview:large, max-video-preview:-1\" \/>\n<link rel=\"canonical\" href=\"https:\/\/www.coach-hunter.com\/content\/deust-manager-de-club-sportif\/\" \/>\n<meta property=\"og:locale\" content=\"fr_FR\" \/>\n<meta property=\"og:type\" content=\"article\" \/>\n<meta property=\"og:title\" content=\"DEUST manager de club sportif pour \u00eatre coach sportif et gestionnaire\" \/>\n<meta property=\"og:description\" content=\"Le DEUST manager de club sportif permet de devenir un coach sportif, \u00e9galement capable d&#039;organiser la pratique sportive dans une structure sportive donn\u00e9e.\" \/>\n<meta property=\"og:url\" content=\"https:\/\/www.coach-hunter.com\/content\/deust-manager-de-club-sportif\/\" \/>\n<meta property=\"og:site_name\" content=\"Blog Coach Hunter\" \/>\n<meta property=\"article:modified_time\" content=\"2020-10-02T12:36:13+00:00\" \/>\n<meta property=\"og:image\" content=\"https:\/\/www.coach-hunter.com\/content\/wp-content\/uploads\/2020\/09\/deust-manager-de-club-sportif.jpg\" \/>\n\t<meta property=\"og:image:width\" content=\"626\" \/>\n\t<meta property=\"og:image:height\" content=\"417\" \/>\n\t<meta property=\"og:image:type\" content=\"image\/jpeg\" \/>\n<meta name=\"twitter:card\" content=\"summary_large_image\" \/>\n<meta name=\"twitter:label1\" content=\"Dur\u00e9e de lecture estim\u00e9e\" \/>\n\t<meta name=\"twitter:data1\" content=\"2 minutes\" \/>\n<script type=\"application\/ld+json\" class=\"yoast-schema-graph\">{\"@context\":\"https:\/\/schema.org\",\"@graph\":[{\"@type\":\"WebPage\",\"@id\":\"https:\/\/www.coach-hunter.com\/content\/deust-manager-de-club-sportif\/\",\"url\":\"https:\/\/www.coach-hunter.com\/content\/deust-manager-de-club-sportif\/\",\"name\":\"DEUST manager de club sportif pour \u00eatre coach sportif et gestionnaire\",\"isPartOf\":{\"@id\":\"https:\/\/www.coach-hunter.com\/content\/#website\"},\"primaryImageOfPage\":{\"@id\":\"https:\/\/www.coach-hunter.com\/content\/deust-manager-de-club-sportif\/#primaryimage\"},\"image\":{\"@id\":\"https:\/\/www.coach-hunter.com\/content\/deust-manager-de-club-sportif\/#primaryimage\"},\"thumbnailUrl\":\"https:\/\/www.coach-hunter.com\/content\/wp-content\/uploads\/2020\/09\/deust-manager-de-club-sportif.jpg\",\"datePublished\":\"2020-09-30T12:00:03+00:00\",\"dateModified\":\"2020-10-02T12:36:13+00:00\",\"description\":\"Le DEUST manager de club sportif permet de devenir un coach sportif, \u00e9galement capable d'organiser la pratique sportive dans une structure sportive donn\u00e9e.\",\"breadcrumb\":{\"@id\":\"https:\/\/www.coach-hunter.com\/content\/deust-manager-de-club-sportif\/#breadcrumb\"},\"inLanguage\":\"fr-FR\",\"potentialAction\":[{\"@type\":\"ReadAction\",\"target\":[\"https:\/\/www.coach-hunter.com\/content\/deust-manager-de-club-sportif\/\"]}]},{\"@type\":\"ImageObject\",\"inLanguage\":\"fr-FR\",\"@id\":\"https:\/\/www.coach-hunter.com\/content\/deust-manager-de-club-sportif\/#primaryimage\",\"url\":\"https:\/\/www.coach-hunter.com\/content\/wp-content\/uploads\/2020\/09\/deust-manager-de-club-sportif.jpg\",\"contentUrl\":\"https:\/\/www.coach-hunter.com\/content\/wp-content\/uploads\/2020\/09\/deust-manager-de-club-sportif.jpg\",\"width\":626,\"height\":417},{\"@type\":\"BreadcrumbList\",\"@id\":\"https:\/\/www.coach-hunter.com\/content\/deust-manager-de-club-sportif\/#breadcrumb\",\"itemListElement\":[{\"@type\":\"ListItem\",\"position\":1,\"name\":\"Accueil\",\"item\":\"https:\/\/www.coach-hunter.com\/content\/\"},{\"@type\":\"ListItem\",\"position\":2,\"name\":\"Le DEUST manager de club sportif avec Coach Hunter\"}]},{\"@type\":\"WebSite\",\"@id\":\"https:\/\/www.coach-hunter.com\/content\/#website\",\"url\":\"https:\/\/www.coach-hunter.com\/content\/\",\"name\":\"Blog Coach Hunter\",\"description\":\"\",\"potentialAction\":[{\"@type\":\"SearchAction\",\"target\":{\"@type\":\"EntryPoint\",\"urlTemplate\":\"https:\/\/www.coach-hunter.com\/content\/?s={search_term_string}\"},\"query-input\":{\"@type\":\"PropertyValueSpecification\",\"valueRequired\":true,\"valueName\":\"search_term_string\"}}],\"inLanguage\":\"fr-FR\"}]}<\/script>\n<!-- \/ Yoast SEO plugin. -->","yoast_head_json":{"title":"DEUST manager de club sportif pour \u00eatre coach sportif et gestionnaire","description":"Le DEUST manager de club sportif permet de devenir un coach sportif, \u00e9galement capable d'organiser la pratique sportive dans une structure sportive donn\u00e9e.","robots":{"index":"index","follow":"follow","max-snippet":"max-snippet:-1","max-image-preview":"max-image-preview:large","max-video-preview":"max-video-preview:-1"},"canonical":"https:\/\/www.coach-hunter.com\/content\/deust-manager-de-club-sportif\/","og_locale":"fr_FR","og_type":"article","og_title":"DEUST manager de club sportif pour \u00eatre coach sportif et gestionnaire","og_description":"Le DEUST manager de club sportif permet de devenir un coach sportif, \u00e9galement capable d'organiser la pratique sportive dans une structure sportive donn\u00e9e.","og_url":"https:\/\/www.coach-hunter.com\/content\/deust-manager-de-club-sportif\/","og_site_name":"Blog Coach Hunter","article_modified_time":"2020-10-02T12:36:13+00:00","og_image":[{"width":626,"height":417,"url":"https:\/\/www.coach-hunter.com\/content\/wp-content\/uploads\/2020\/09\/deust-manager-de-club-sportif.jpg","type":"image\/jpeg"}],"twitter_card":"summary_large_image","twitter_misc":{"Dur\u00e9e de lecture estim\u00e9e":"2 minutes"},"schema":{"@context":"https:\/\/schema.org","@graph":[{"@type":"WebPage","@id":"https:\/\/www.coach-hunter.com\/content\/deust-manager-de-club-sportif\/","url":"https:\/\/www.coach-hunter.com\/content\/deust-manager-de-club-sportif\/","name":"DEUST manager de club sportif pour \u00eatre coach sportif et gestionnaire","isPartOf":{"@id":"https:\/\/www.coach-hunter.com\/content\/#website"},"primaryImageOfPage":{"@id":"https:\/\/www.coach-hunter.com\/content\/deust-manager-de-club-sportif\/#primaryimage"},"image":{"@id":"https:\/\/www.coach-hunter.com\/content\/deust-manager-de-club-sportif\/#primaryimage"},"thumbnailUrl":"https:\/\/www.coach-hunter.com\/content\/wp-content\/uploads\/2020\/09\/deust-manager-de-club-sportif.jpg","datePublished":"2020-09-30T12:00:03+00:00","dateModified":"2020-10-02T12:36:13+00:00","description":"Le DEUST manager de club sportif permet de devenir un coach sportif, \u00e9galement capable d'organiser la pratique sportive dans une structure sportive donn\u00e9e.","breadcrumb":{"@id":"https:\/\/www.coach-hunter.com\/content\/deust-manager-de-club-sportif\/#breadcrumb"},"inLanguage":"fr-FR","potentialAction":[{"@type":"ReadAction","target":["https:\/\/www.coach-hunter.com\/content\/deust-manager-de-club-sportif\/"]}]},{"@type":"ImageObject","inLanguage":"fr-FR","@id":"https:\/\/www.coach-hunter.com\/content\/deust-manager-de-club-sportif\/#primaryimage","url":"https:\/\/www.coach-hunter.com\/content\/wp-content\/uploads\/2020\/09\/deust-manager-de-club-sportif.jpg","contentUrl":"https:\/\/www.coach-hunter.com\/content\/wp-content\/uploads\/2020\/09\/deust-manager-de-club-sportif.jpg","width":626,"height":417},{"@type":"BreadcrumbList","@id":"https:\/\/www.coach-hunter.com\/content\/deust-manager-de-club-sportif\/#breadcrumb","itemListElement":[{"@type":"ListItem","position":1,"name":"Accueil","item":"https:\/\/www.coach-hunter.com\/content\/"},{"@type":"ListItem","position":2,"name":"Le DEUST manager de club sportif avec Coach Hunter"}]},{"@type":"WebSite","@id":"https:\/\/www.coach-hunter.com\/content\/#website","url":"https:\/\/www.coach-hunter.com\/content\/","name":"Blog Coach Hunter","description":"","potentialAction":[{"@type":"SearchAction","target":{"@type":"EntryPoint","urlTemplate":"https:\/\/www.coach-hunter.com\/content\/?s={search_term_string}"},"query-input":{"@type":"PropertyValueSpecification","valueRequired":true,"valueName":"search_term_string"}}],"inLanguage":"fr-FR"}]}},"_links":{"self":[{"href":"https:\/\/www.coach-hunter.com\/content\/wp-json\/wp\/v2\/pages\/1663","targetHints":{"allow":["GET"]}}],"collection":[{"href":"https:\/\/www.coach-hunter.com\/content\/wp-json\/wp\/v2\/pages"}],"about":[{"href":"https:\/\/www.coach-hunter.com\/content\/wp-json\/wp\/v2\/types\/page"}],"author":[{"embeddable":true,"href":"https:\/\/www.coach-hunter.com\/content\/wp-json\/wp\/v2\/users\/5"}],"replies":[{"embeddable":true,"href":"https:\/\/www.coach-hunter.com\/content\/wp-json\/wp\/v2\/comments?post=1663"}],"version-history":[{"count":6,"href":"https:\/\/www.coach-hunter.com\/content\/wp-json\/wp\/v2\/pages\/1663\/revisions"}],"predecessor-version":[{"id":1746,"href":"https:\/\/www.coach-hunter.com\/content\/wp-json\/wp\/v2\/pages\/1663\/revisions\/1746"}],"wp:attachment":[{"href":"https:\/\/www.coach-hunter.com\/content\/wp-json\/wp\/v2\/media?parent=1663"}],"curies":[{"name":"wp","href":"https:\/\/api.w.org\/{rel}","templated":true}]}}