{"id":1466,"date":"2020-09-08T12:45:47","date_gmt":"2020-09-08T12:45:47","guid":{"rendered":"https:\/\/www.coach-hunter.com\/content\/?page_id=1466"},"modified":"2020-09-08T12:52:01","modified_gmt":"2020-09-08T12:52:01","slug":"bpjeps-sports-collectifs","status":"publish","type":"page","link":"https:\/\/www.coach-hunter.com\/content\/bpjeps-sports-collectifs\/","title":{"rendered":"Les BPJEPS Sports collectifs avec Coach Hunter !"},"content":{"rendered":"\n<p>Le <strong>brevet professionnel de la jeunesse, de l&rsquo; \u00e9ducation populaire et du sport<\/strong>, est aussi not\u00e9 <a class=\"callAction\" href=\"https:\/\/www.coach-hunter.com\/content\/bpjeps\/\">BPJEPS<\/a>. Il s&rsquo;agit d&rsquo;une formation professionnelle pour coach sportif.  <br>Ici, vous trouverez donc tous les <strong>BPJEPS Sports collectifs<\/strong> ! Choisissez votre discipline favorite parmi ces six mentions !<\/p>\n\n\n\n<div class=\"wp-block-image\"><figure class=\"aligncenter size-large\"><img loading=\"lazy\" decoding=\"async\" width=\"626\" height=\"417\" src=\"https:\/\/www.coach-hunter.com\/content\/wp-content\/uploads\/2020\/09\/bpjeps-sports-collectifs-Copie.jpg\" alt=\"BPJEPS Sports collectifs\" class=\"wp-image-1474\" srcset=\"https:\/\/www.coach-hunter.com\/content\/wp-content\/uploads\/2020\/09\/bpjeps-sports-collectifs-Copie.jpg 626w, https:\/\/www.coach-hunter.com\/content\/wp-content\/uploads\/2020\/09\/bpjeps-sports-collectifs-Copie-300x200.jpg 300w\" sizes=\"auto, (max-width: 626px) 85vw, 626px\" \/><\/figure><\/div>\n\n\n\n<div class='flexo'><div class=\"lames2\">\n\n\n\n<h2 class=\"wp-block-heading\">BPJEPS Basket-ball<\/h2>\n\n\n\n<p>Le&nbsp;<a class=\"callAction\" href=\"https:\/\/www.coach-hunter.com\/content\/bpjeps-basket-ball\/\">BPJEPS Basket-Ball<\/a>&nbsp;est issu de la sp\u00e9cialit\u00e9 activit\u00e9s sports collectifs. Le tronc commun de la formation donne donc lieu \u00e0 des comp\u00e9tences dans tous ces sports. Avec cette mention, les d\u00e9tenteurs de ce dipl\u00f4mes seront aptes \u00e0 pr\u00e9parer physiquement des sportifs pratiquant le basket-ball en club. Ils mobiliseront les connaissances n\u00e9cessaires pour atteindre les objectifs de leurs \u00e9l\u00e8ves.<\/p>\n\n\n\n<\/div><div class=\"lames2\">\n\n\n\n<h2 class=\"wp-block-heading\">BPJEPS Football<\/h2>\n\n\n\n<p>Le&nbsp;<a class=\"callAction\" href=\"https:\/\/www.coach-hunter.com\/content\/bpjeps-football\/\">BPJEPS Football<\/a> forme des coachs sportifs sp\u00e9cialis\u00e9s dans la pratique du football. Le dipl\u00f4m\u00e9 encadrera les entra\u00eenements de football en club ou association. Il pourra aussi suivre des athl\u00e8tes \u00e9voluant au niveau de comp\u00e9tition r\u00e9gional. Autrement, il devra \u00eatre en mesure de pr\u00e9parer une action \u00e9ducative ou action d&rsquo; animation sportive adapt\u00e9e \u00e0 son public.<\/p>\n\n\n\n<\/div><div class=\"lames2\">\n\n\n\n<h2 class=\"wp-block-heading\">BPJEPS Handball<\/h2>\n\n\n\n<p>Le&nbsp;<a class=\"callAction\" href=\"https:\/\/www.coach-hunter.com\/content\/bpjeps-handball\/\">BPJEPS Handball<\/a>&nbsp; est issu du BPJEPS activit\u00e9s sports collectifs (ASC). Le dipl\u00f4m\u00e9 sera donc \u00e0 m\u00eame d\u2019encadrer la pratique de tout type de sport collectif. N\u00e9anmoins, ce dipl\u00f4me vise \u00e0 former des entra\u00eeneurs sportifs sp\u00e9cialis\u00e9s dans le handball. Ils pourront exercer en club ou en tant que pr\u00e9parateurs physiques pour des particuliers. Dans le cadre d&rsquo;associations sportives, il participera aussi au fonctionnement de la structure.<\/p>\n\n\n\n<\/div><div class=\"lames2\">\n\n\n\n<h2 class=\"wp-block-heading\">BPJEPS Rugby<\/h2>\n\n\n\n<p>Le&nbsp;<a class=\"callAction\" href=\"https:\/\/www.coach-hunter.com\/content\/bpjeps-rugby-le-diplome-coach-sportif-du-rugby-a-xv\/\">BPJEPS Rugby<\/a> permet d\u2019acqu\u00e9rir des comp\u00e9tences professionnelles valables dans tous les sports collectifs. Le parcours \u00ab&nbsp;rugby&nbsp;\u00bb sert \u00e0 sp\u00e9cialiser le coach sportif dans cette discipline. Il pourra exercer en club ou pour des sportifs particuliers. Il appliquera aussi les recommandations p\u00e9dagogiques de la F\u00e9d\u00e9ration Fran\u00e7aise de Rugby (<a href=\"https:\/\/www.ffr.fr\/etre-acteur\/entraineur-educateur\/presentation\" target=\"_blank\" rel=\"noreferrer noopener\">en savoir plus<\/a>).<\/p>\n\n\n\n<\/div><div class=\"lames2\">\n\n\n\n<h2 class=\"wp-block-heading\">BPJEPS Volley-ball<\/h2>\n\n\n\n<p>Le&nbsp;<a class=\"callAction\" href=\"https:\/\/www.coach-hunter.com\/content\/bpjeps-volley-ball\/\">BPJEPS Volley-ball<\/a>&nbsp;est un dipl\u00f4me appartenant aux BP JEPS ASC. Il forme donc \u00e0 la pratique sportive en \u00e9quipes. Le parcours volley ball sp\u00e9cialise son candidat \u00e0 la pratique du volley traditionnel et du beach volley. Le dipl\u00f4m\u00e9 devra encadrer des groupes de tout \u00e2ge, de tout niveau. Il adaptera alors ses programmes d&rsquo;entrainement sportif selon les objectifs de chacun.<\/p>\n\n\n\n<\/div><\/div>\n\n\n\n<h2 class=\"wp-block-heading\">Et en dehors des BPJEPS Sports collectifs ?<\/h2>\n\n\n\n<ul class=\"wp-block-list\"><li><a href=\"https:\/\/www.coach-hunter.com\/content\/bpjeps-sports-de-combat\/\">BPJEPS Sports de combat<\/a><\/li><li><a href=\"https:\/\/www.coach-hunter.com\/content\/bpjeps-autre-mention\/\">BPJEPS Autre mention<\/a><\/li><\/ul>\n","protected":false},"excerpt":{"rendered":"<p>Le brevet professionnel de la jeunesse, de l&rsquo; \u00e9ducation populaire et du sport, est aussi not\u00e9 BPJEPS. Il s&rsquo;agit d&rsquo;une formation professionnelle pour coach sportif. Ici, vous trouverez donc tous les BPJEPS Sports collectifs ! Choisissez votre discipline favorite parmi ces six mentions ! BPJEPS Basket-ball Le&nbsp;BPJEPS Basket-Ball&nbsp;est issu de la sp\u00e9cialit\u00e9 activit\u00e9s sports collectifs. &hellip; <a href=\"https:\/\/www.coach-hunter.com\/content\/bpjeps-sports-collectifs\/\" class=\"more-link\">Continuer la lecture<span class=\"screen-reader-text\"> de &laquo;&nbsp;Les BPJEPS Sports collectifs avec Coach Hunter !&nbsp;&raquo;<\/span><\/a><\/p>\n","protected":false},"author":5,"featured_media":0,"parent":0,"menu_order":0,"comment_status":"closed","ping_status":"closed","template":"","meta":{"footnotes":""},"class_list":["post-1466","page","type-page","status-publish","hentry"],"yoast_head":"<!-- This site is optimized with the Yoast SEO plugin v25.9 - https:\/\/yoast.com\/wordpress\/plugins\/seo\/ -->\n<title>BPJEPS Sports collectifs : devenez un entraineur sportif dipl\u00f4m\u00e9 !<\/title>\n<meta name=\"description\" content=\"D\u00e9couvrez les BPJEPS Sports collectifs avec Coach Hunter ! Cinq mentions pour devenir un personal trainer sp\u00e9cialis\u00e9 en sports d&#039;\u00e9quipe !\" \/>\n<meta name=\"robots\" content=\"index, follow, max-snippet:-1, max-image-preview:large, max-video-preview:-1\" \/>\n<link rel=\"canonical\" href=\"https:\/\/www.coach-hunter.com\/content\/bpjeps-sports-collectifs\/\" \/>\n<meta property=\"og:locale\" content=\"fr_FR\" \/>\n<meta property=\"og:type\" content=\"article\" \/>\n<meta property=\"og:title\" content=\"BPJEPS Sports collectifs : devenez un entraineur sportif dipl\u00f4m\u00e9 !\" \/>\n<meta property=\"og:description\" content=\"D\u00e9couvrez les BPJEPS Sports collectifs avec Coach Hunter ! Cinq mentions pour devenir un personal trainer sp\u00e9cialis\u00e9 en sports d&#039;\u00e9quipe !\" \/>\n<meta property=\"og:url\" content=\"https:\/\/www.coach-hunter.com\/content\/bpjeps-sports-collectifs\/\" \/>\n<meta property=\"og:site_name\" content=\"Blog Coach Hunter\" \/>\n<meta property=\"article:modified_time\" content=\"2020-09-08T12:52:01+00:00\" \/>\n<meta property=\"og:image\" content=\"https:\/\/www.coach-hunter.com\/content\/wp-content\/uploads\/2020\/09\/bpjeps-sports-collectifs-Copie.jpg\" \/>\n\t<meta property=\"og:image:width\" content=\"626\" \/>\n\t<meta property=\"og:image:height\" content=\"417\" \/>\n\t<meta property=\"og:image:type\" content=\"image\/jpeg\" \/>\n<meta name=\"twitter:card\" content=\"summary_large_image\" \/>\n<meta name=\"twitter:label1\" content=\"Dur\u00e9e de lecture estim\u00e9e\" \/>\n\t<meta name=\"twitter:data1\" content=\"2 minutes\" \/>\n<script type=\"application\/ld+json\" class=\"yoast-schema-graph\">{\"@context\":\"https:\/\/schema.org\",\"@graph\":[{\"@type\":\"WebPage\",\"@id\":\"https:\/\/www.coach-hunter.com\/content\/bpjeps-sports-collectifs\/\",\"url\":\"https:\/\/www.coach-hunter.com\/content\/bpjeps-sports-collectifs\/\",\"name\":\"BPJEPS Sports collectifs : devenez un entraineur sportif dipl\u00f4m\u00e9 !\",\"isPartOf\":{\"@id\":\"https:\/\/www.coach-hunter.com\/content\/#website\"},\"primaryImageOfPage\":{\"@id\":\"https:\/\/www.coach-hunter.com\/content\/bpjeps-sports-collectifs\/#primaryimage\"},\"image\":{\"@id\":\"https:\/\/www.coach-hunter.com\/content\/bpjeps-sports-collectifs\/#primaryimage\"},\"thumbnailUrl\":\"https:\/\/www.coach-hunter.com\/content\/wp-content\/uploads\/2020\/09\/bpjeps-sports-collectifs-Copie.jpg\",\"datePublished\":\"2020-09-08T12:45:47+00:00\",\"dateModified\":\"2020-09-08T12:52:01+00:00\",\"description\":\"D\u00e9couvrez les BPJEPS Sports collectifs avec Coach Hunter ! Cinq mentions pour devenir un personal trainer sp\u00e9cialis\u00e9 en sports d'\u00e9quipe !\",\"breadcrumb\":{\"@id\":\"https:\/\/www.coach-hunter.com\/content\/bpjeps-sports-collectifs\/#breadcrumb\"},\"inLanguage\":\"fr-FR\",\"potentialAction\":[{\"@type\":\"ReadAction\",\"target\":[\"https:\/\/www.coach-hunter.com\/content\/bpjeps-sports-collectifs\/\"]}]},{\"@type\":\"ImageObject\",\"inLanguage\":\"fr-FR\",\"@id\":\"https:\/\/www.coach-hunter.com\/content\/bpjeps-sports-collectifs\/#primaryimage\",\"url\":\"https:\/\/www.coach-hunter.com\/content\/wp-content\/uploads\/2020\/09\/bpjeps-sports-collectifs-Copie.jpg\",\"contentUrl\":\"https:\/\/www.coach-hunter.com\/content\/wp-content\/uploads\/2020\/09\/bpjeps-sports-collectifs-Copie.jpg\",\"width\":626,\"height\":417},{\"@type\":\"BreadcrumbList\",\"@id\":\"https:\/\/www.coach-hunter.com\/content\/bpjeps-sports-collectifs\/#breadcrumb\",\"itemListElement\":[{\"@type\":\"ListItem\",\"position\":1,\"name\":\"Accueil\",\"item\":\"https:\/\/www.coach-hunter.com\/content\/\"},{\"@type\":\"ListItem\",\"position\":2,\"name\":\"Les BPJEPS Sports collectifs avec Coach Hunter !\"}]},{\"@type\":\"WebSite\",\"@id\":\"https:\/\/www.coach-hunter.com\/content\/#website\",\"url\":\"https:\/\/www.coach-hunter.com\/content\/\",\"name\":\"Blog Coach Hunter\",\"description\":\"\",\"potentialAction\":[{\"@type\":\"SearchAction\",\"target\":{\"@type\":\"EntryPoint\",\"urlTemplate\":\"https:\/\/www.coach-hunter.com\/content\/?s={search_term_string}\"},\"query-input\":{\"@type\":\"PropertyValueSpecification\",\"valueRequired\":true,\"valueName\":\"search_term_string\"}}],\"inLanguage\":\"fr-FR\"}]}<\/script>\n<!-- \/ Yoast SEO plugin. -->","yoast_head_json":{"title":"BPJEPS Sports collectifs : devenez un entraineur sportif dipl\u00f4m\u00e9 !","description":"D\u00e9couvrez les BPJEPS Sports collectifs avec Coach Hunter ! Cinq mentions pour devenir un personal trainer sp\u00e9cialis\u00e9 en sports d'\u00e9quipe !","robots":{"index":"index","follow":"follow","max-snippet":"max-snippet:-1","max-image-preview":"max-image-preview:large","max-video-preview":"max-video-preview:-1"},"canonical":"https:\/\/www.coach-hunter.com\/content\/bpjeps-sports-collectifs\/","og_locale":"fr_FR","og_type":"article","og_title":"BPJEPS Sports collectifs : devenez un entraineur sportif dipl\u00f4m\u00e9 !","og_description":"D\u00e9couvrez les BPJEPS Sports collectifs avec Coach Hunter ! Cinq mentions pour devenir un personal trainer sp\u00e9cialis\u00e9 en sports d'\u00e9quipe !","og_url":"https:\/\/www.coach-hunter.com\/content\/bpjeps-sports-collectifs\/","og_site_name":"Blog Coach Hunter","article_modified_time":"2020-09-08T12:52:01+00:00","og_image":[{"width":626,"height":417,"url":"https:\/\/www.coach-hunter.com\/content\/wp-content\/uploads\/2020\/09\/bpjeps-sports-collectifs-Copie.jpg","type":"image\/jpeg"}],"twitter_card":"summary_large_image","twitter_misc":{"Dur\u00e9e de lecture estim\u00e9e":"2 minutes"},"schema":{"@context":"https:\/\/schema.org","@graph":[{"@type":"WebPage","@id":"https:\/\/www.coach-hunter.com\/content\/bpjeps-sports-collectifs\/","url":"https:\/\/www.coach-hunter.com\/content\/bpjeps-sports-collectifs\/","name":"BPJEPS Sports collectifs : devenez un entraineur sportif dipl\u00f4m\u00e9 !","isPartOf":{"@id":"https:\/\/www.coach-hunter.com\/content\/#website"},"primaryImageOfPage":{"@id":"https:\/\/www.coach-hunter.com\/content\/bpjeps-sports-collectifs\/#primaryimage"},"image":{"@id":"https:\/\/www.coach-hunter.com\/content\/bpjeps-sports-collectifs\/#primaryimage"},"thumbnailUrl":"https:\/\/www.coach-hunter.com\/content\/wp-content\/uploads\/2020\/09\/bpjeps-sports-collectifs-Copie.jpg","datePublished":"2020-09-08T12:45:47+00:00","dateModified":"2020-09-08T12:52:01+00:00","description":"D\u00e9couvrez les BPJEPS Sports collectifs avec Coach Hunter ! Cinq mentions pour devenir un personal trainer sp\u00e9cialis\u00e9 en sports d'\u00e9quipe !","breadcrumb":{"@id":"https:\/\/www.coach-hunter.com\/content\/bpjeps-sports-collectifs\/#breadcrumb"},"inLanguage":"fr-FR","potentialAction":[{"@type":"ReadAction","target":["https:\/\/www.coach-hunter.com\/content\/bpjeps-sports-collectifs\/"]}]},{"@type":"ImageObject","inLanguage":"fr-FR","@id":"https:\/\/www.coach-hunter.com\/content\/bpjeps-sports-collectifs\/#primaryimage","url":"https:\/\/www.coach-hunter.com\/content\/wp-content\/uploads\/2020\/09\/bpjeps-sports-collectifs-Copie.jpg","contentUrl":"https:\/\/www.coach-hunter.com\/content\/wp-content\/uploads\/2020\/09\/bpjeps-sports-collectifs-Copie.jpg","width":626,"height":417},{"@type":"BreadcrumbList","@id":"https:\/\/www.coach-hunter.com\/content\/bpjeps-sports-collectifs\/#breadcrumb","itemListElement":[{"@type":"ListItem","position":1,"name":"Accueil","item":"https:\/\/www.coach-hunter.com\/content\/"},{"@type":"ListItem","position":2,"name":"Les BPJEPS Sports collectifs avec Coach Hunter !"}]},{"@type":"WebSite","@id":"https:\/\/www.coach-hunter.com\/content\/#website","url":"https:\/\/www.coach-hunter.com\/content\/","name":"Blog Coach Hunter","description":"","potentialAction":[{"@type":"SearchAction","target":{"@type":"EntryPoint","urlTemplate":"https:\/\/www.coach-hunter.com\/content\/?s={search_term_string}"},"query-input":{"@type":"PropertyValueSpecification","valueRequired":true,"valueName":"search_term_string"}}],"inLanguage":"fr-FR"}]}},"_links":{"self":[{"href":"https:\/\/www.coach-hunter.com\/content\/wp-json\/wp\/v2\/pages\/1466","targetHints":{"allow":["GET"]}}],"collection":[{"href":"https:\/\/www.coach-hunter.com\/content\/wp-json\/wp\/v2\/pages"}],"about":[{"href":"https:\/\/www.coach-hunter.com\/content\/wp-json\/wp\/v2\/types\/page"}],"author":[{"embeddable":true,"href":"https:\/\/www.coach-hunter.com\/content\/wp-json\/wp\/v2\/users\/5"}],"replies":[{"embeddable":true,"href":"https:\/\/www.coach-hunter.com\/content\/wp-json\/wp\/v2\/comments?post=1466"}],"version-history":[{"count":8,"href":"https:\/\/www.coach-hunter.com\/content\/wp-json\/wp\/v2\/pages\/1466\/revisions"}],"predecessor-version":[{"id":1521,"href":"https:\/\/www.coach-hunter.com\/content\/wp-json\/wp\/v2\/pages\/1466\/revisions\/1521"}],"wp:attachment":[{"href":"https:\/\/www.coach-hunter.com\/content\/wp-json\/wp\/v2\/media?parent=1466"}],"curies":[{"name":"wp","href":"https:\/\/api.w.org\/{rel}","templated":true}]}}