{"id":126,"date":"2018-03-14T17:03:40","date_gmt":"2018-03-14T17:03:40","guid":{"rendered":"https:\/\/www.coach-hunter.com\/content\/?page_id=126"},"modified":"2024-05-17T14:57:17","modified_gmt":"2024-05-17T14:57:17","slug":"endorphines","status":"publish","type":"page","link":"https:\/\/www.coach-hunter.com\/content\/endorphines\/","title":{"rendered":"Les endorphines : le plaisir de faire du sport"},"content":{"rendered":"<p style=\"text-align: justify;\">Les endorphines ou \u00ab hormones du bonheur \u00bb sont des hormones qui sont lib\u00e9r\u00e9es par notre corps et contr\u00f4l\u00e9es par notre cerveau lors de circonstances vari\u00e9es, positives ou n\u00e9gatives. Un \u00ab stress \u00bb physique tel que la pratique d\u2019un sport pendant plus de 30 minutes va d\u00e9clencher une lib\u00e9ration importante d\u2019endorphines. Alors bonne ou mauvaise pour votre sant\u00e9 ? Dans cet article, un <a class=\"callAction\" href=\"https:\/\/www.coach-hunter.com\/content\/sante\/\">coach sant\u00e9<\/a> vous explique les effets de ces hormones sur votre corps.<\/p>\n<p><img loading=\"lazy\" decoding=\"async\" class=\"aligncenter wp-image-127 size-large\" src=\"https:\/\/www.coach-hunter.com\/content\/wp-content\/uploads\/2018\/03\/endorphine-1024x576.jpg\" alt=\"Endorphines et sport\" width=\"840\" height=\"473\" srcset=\"https:\/\/www.coach-hunter.com\/content\/wp-content\/uploads\/2018\/03\/endorphine-1024x576.jpg 1024w, https:\/\/www.coach-hunter.com\/content\/wp-content\/uploads\/2018\/03\/endorphine-300x169.jpg 300w, https:\/\/www.coach-hunter.com\/content\/wp-content\/uploads\/2018\/03\/endorphine-768x432.jpg 768w, https:\/\/www.coach-hunter.com\/content\/wp-content\/uploads\/2018\/03\/endorphine-1200x675.jpg 1200w, https:\/\/www.coach-hunter.com\/content\/wp-content\/uploads\/2018\/03\/endorphine.jpg 1600w\" sizes=\"auto, (max-width: 709px) 85vw, (max-width: 909px) 67vw, (max-width: 1362px) 62vw, 840px\" \/><\/p>\n<h2 style=\"text-align: justify;\">Le sport, source de bien-\u00eatre<\/h2>\n<p style=\"text-align: justify;\">Que vous soyez toute l\u2019ann\u00e9e dans un bureau, en ext\u00e9rieur, sur la route ou en classe, <strong>pratiquer une activit\u00e9 sportive<\/strong> est important pour \u00eatre en <strong>bonne sant\u00e9<\/strong> et aussi pour le mental. Il y a de nombreuses hormones qui sont lib\u00e9r\u00e9es lors d\u2019une s\u00e9ance de sport et les endorphines en font partie.<\/p>\n<p style=\"text-align: justify;\">Il s\u2019agit d\u2019une substance morphinique endog\u00e8ne produite notamment lors de stress physiques. Elle est aussi nomm\u00e9e <strong>opio\u00efde<\/strong> ou encore <strong>d\u00e9riv\u00e9 morphinique<\/strong>. Vous vous dites que ces termes vous rappellent quelque chose ? Et oui : quand les chercheurs ont d\u00e9couvert cette hormone, ils l\u2019ont imm\u00e9diatement compar\u00e9e \u00e0 la morphine et \u00e0 l\u2019opium pour ses effets sur le cerveau.<\/p>\n<p style=\"text-align: justify;\">En effet, <strong>l\u2019endorphine rend heureux<\/strong> ! Et m\u00eame plus que cela : cette hormone a un petit c\u00f4t\u00e9 addictif ! On est loin de l\u2019addiction \u00e0 une drogue, bien entendu. Mais on peut d\u00e9velopper une <strong>addiction psychologique<\/strong> (et non une d\u00e9pendance physique) \u00e0 la sensation procur\u00e9e par les endorphines apr\u00e8s le sport.<\/p>\n<p style=\"text-align: justify;\">L\u00e0 o\u00f9 la comparaison avec la drogue s\u2019accentue, c\u2019est qu\u2019il arrive un moment o\u00f9 faire toujours plus de sport ne vous procurera plus les m\u00eames sensations de bien-\u00eatre, et un sentiment de frustration peut survenir. Rassurez-vous, cela n\u2019arrive qu\u2019\u00e0 tr\u00e8s haute dose d&rsquo;activit\u00e9 physique intense. Avec votre entrainement hebdomadaire, vous pouvez obtenir une dose de cet antid\u00e9presseur naturellement, efficacement et sans accoutumance.<\/p>\n<h2 style=\"text-align: justify;\">Etre plus heureux gr\u00e2ce aux endorphines\u00a0?<\/h2>\n<p style=\"text-align: justify;\"><strong>Cette hormone rend heureux<\/strong> car elle agit sur votre syst\u00e8me nerveux central en se fixant sur des r\u00e9cepteurs sp\u00e9cifiques, nomm\u00e9s opiac\u00e9s, d\u2019o\u00f9 la comparaison avec la drogue ! Pas d\u2019inqui\u00e9tude \u00e0 avoir pourtant ! On n\u2019ab\u00eeme absolument pas les synapses avec la production d&rsquo;endorphines naturelle.<\/p>\n<p style=\"text-align: justify;\">Lors d\u2019une s\u00e9ance de sport intense, c\u2019est cette hormone qui, de pair avec l\u2019adr\u00e9naline, <strong>r\u00e9duisent la sensation de douleur et\/ou de fatigue<\/strong>. Cela permet de profiter d\u2019une force physique consid\u00e9rable ! On oublie la fatigue, le stress, les courbatures\u2026<\/p>\n<p style=\"text-align: justify;\">De plus, on encourage souvent les personnes d\u00e9prim\u00e9es ou d\u00e9pressives \u00e0 faire du sport. En effet, le <strong>cerveau s\u00e9cr\u00e8te cinq fois plus d\u2019endorphine pendant une activit\u00e9 physique intense<\/strong> ! De quoi \u00eatre sur un petit nuage juste apr\u00e8s l\u2019effort et profiter des effets sur son humeur sur le moyen terme.<\/p>\n<p>Cependant, il existe <strong>des sports qui produisent plus d&rsquo;endorphines que d&rsquo;autres<\/strong>. Ce sont souvent les sports d&rsquo;endurance comme la course \u00e0 pied, le cyclisme, l&rsquo;aviron, le ski de fond, etc. Si vous pr\u00e9f\u00e9rez les sports en salle, il y a le v\u00e9lo elliptique, le rameur ou encore le tapis de course. Avec coach-hunter, la pratique de cours \u00e0 domicile de type cardio training, fitness ou autre est aussi possible.<\/p>\n<h2 style=\"text-align: justify;\">Plus de d\u00e9tails sur les endorphines !<\/h2>\n<p style=\"text-align: justify;\">Cet article d\u2019<a href=\"https:\/\/stress.ooreka.fr\/astuce\/voir\/372711\/endorphine\" target=\"_blank\" rel=\"noopener noreferrer\">Ooreka<\/a> nous apprend que ces hormones agissent de plusieurs mani\u00e8res diff\u00e9rentes sur le corps humain.<\/p>\n<p style=\"text-align: justify;\">On retrouve d\u2019abord un <strong>effet antalgique<\/strong> qui r\u00e9duit la sensation de douleur. Cela est d\u00fb \u00e0 un blocage des r\u00e9cepteurs qui transmettent les signaux de douleur.<\/p>\n<p style=\"text-align: justify;\">On a ensuite un <strong>pouvoir anxiolytique<\/strong> qui r\u00e9duit consid\u00e9rablement le stress. En effet, ce dernier r\u00e9gule le sommeil et permet une respiration plus pos\u00e9e et contr\u00f4l\u00e9e. On sait que le corps se met en mode sommeil notamment gr\u00e2ce \u00e0 une respiration profonde et lente qui indique au cerveau qu\u2019il est temps de se reposer.<\/p>\n<p style=\"text-align: justify;\">Enfin, ces hormones du bonheur <strong>aident au transit gastro-intestinal<\/strong>. Pourquoi ? Car il existe des r\u00e9cepteurs dans les intestins qui en b\u00e9n\u00e9ficient. Que du positif avec ces endorphines\u00a0!<\/p>\n<p style=\"text-align: justify;\">Donc, il ne faut pas h\u00e9siter \u00e0 parler \u00e0 votre coach sportif si vous souhaitez augmenter votre dose quotidienne d&rsquo;hormones du bonheur ! Il ou elle saura vous aider \u00e0 vous d\u00e9penser tout en visant le bien-\u00eatre par la m\u00eame occasion !<\/p>\n<h2>Pour approfondir sur le sport sant\u00e9 :<\/h2>\n<ul>\n<li>Les bienfaits des <a href=\"https:\/\/www.coach-hunter.com\/content\/plantes-et-sport\/\">plantes chez le sportif<\/a><\/li>\n<li>Les pr\u00e9cautions \u00e0 prendre pour pratiquer son <a href=\"https:\/\/www.coach-hunter.com\/content\/sport-ete\/\">sport l&rsquo;\u00e9t\u00e9<\/a><\/li>\n<li><a href=\"https:\/\/www.coach-hunter.com\/content\/sport-sommeil\/\">Sport et sommeil<\/a>\u00a0: comment mieux dormir vous aide \u00e0 performer<\/li>\n<\/ul>\n","protected":false},"excerpt":{"rendered":"<p>Les endorphines ou \u00ab hormones du bonheur \u00bb sont des hormones qui sont lib\u00e9r\u00e9es par notre corps et contr\u00f4l\u00e9es par notre cerveau lors de circonstances vari\u00e9es, positives ou n\u00e9gatives. Un \u00ab stress \u00bb physique tel que la pratique d\u2019un sport pendant plus de 30 minutes va d\u00e9clencher une lib\u00e9ration importante d\u2019endorphines. Alors bonne ou mauvaise &hellip; <a href=\"https:\/\/www.coach-hunter.com\/content\/endorphines\/\" class=\"more-link\">Continuer la lecture<span class=\"screen-reader-text\"> de &laquo;&nbsp;Les endorphines : le plaisir de faire du sport&nbsp;&raquo;<\/span><\/a><\/p>\n","protected":false},"author":2,"featured_media":0,"parent":0,"menu_order":0,"comment_status":"open","ping_status":"closed","template":"","meta":{"footnotes":""},"class_list":["post-126","page","type-page","status-publish","hentry"],"yoast_head":"<!-- This site is optimized with the Yoast SEO plugin v27.5 - https:\/\/yoast.com\/product\/yoast-seo-wordpress\/ -->\n<title>Endorphines et pratique sportive : une alliance choc !<\/title>\n<meta name=\"description\" content=\"Les endorphines sont des hormones que l&#039;on associe au bien-\u00eatre. Elles sont s\u00e9cr\u00e9t\u00e9es en quantit\u00e9s plus importantes lors d&#039;une activit\u00e9 physique.\" \/>\n<meta name=\"robots\" content=\"index, follow, max-snippet:-1, max-image-preview:large, max-video-preview:-1\" \/>\n<link rel=\"canonical\" href=\"https:\/\/www.coach-hunter.com\/content\/endorphines\/\" \/>\n<meta property=\"og:locale\" content=\"fr_FR\" \/>\n<meta property=\"og:type\" content=\"article\" \/>\n<meta property=\"og:title\" content=\"Endorphines et pratique sportive : une alliance choc !\" \/>\n<meta property=\"og:description\" content=\"Les endorphines sont des hormones que l&#039;on associe au bien-\u00eatre. Elles sont s\u00e9cr\u00e9t\u00e9es en quantit\u00e9s plus importantes lors d&#039;une activit\u00e9 physique.\" \/>\n<meta property=\"og:url\" content=\"https:\/\/www.coach-hunter.com\/content\/endorphines\/\" \/>\n<meta property=\"og:site_name\" content=\"Blog Coach Hunter\" \/>\n<meta property=\"article:modified_time\" content=\"2024-05-17T14:57:17+00:00\" \/>\n<meta property=\"og:image\" content=\"https:\/\/www.coach-hunter.com\/content\/wp-content\/uploads\/2018\/03\/endorphine-1024x576.jpg\" \/>\n<meta name=\"twitter:card\" content=\"summary_large_image\" \/>\n<meta name=\"twitter:label1\" content=\"Dur\u00e9e de lecture estim\u00e9e\" \/>\n\t<meta name=\"twitter:data1\" content=\"4 minutes\" \/>\n<script type=\"application\/ld+json\" class=\"yoast-schema-graph\">{\"@context\":\"https:\\\/\\\/schema.org\",\"@graph\":[{\"@type\":\"WebPage\",\"@id\":\"https:\\\/\\\/www.coach-hunter.com\\\/content\\\/endorphines\\\/\",\"url\":\"https:\\\/\\\/www.coach-hunter.com\\\/content\\\/endorphines\\\/\",\"name\":\"Endorphines et pratique sportive : une alliance choc !\",\"isPartOf\":{\"@id\":\"https:\\\/\\\/www.coach-hunter.com\\\/content\\\/#website\"},\"primaryImageOfPage\":{\"@id\":\"https:\\\/\\\/www.coach-hunter.com\\\/content\\\/endorphines\\\/#primaryimage\"},\"image\":{\"@id\":\"https:\\\/\\\/www.coach-hunter.com\\\/content\\\/endorphines\\\/#primaryimage\"},\"thumbnailUrl\":\"https:\\\/\\\/www.coach-hunter.com\\\/content\\\/wp-content\\\/uploads\\\/2018\\\/03\\\/endorphine-1024x576.jpg\",\"datePublished\":\"2018-03-14T17:03:40+00:00\",\"dateModified\":\"2024-05-17T14:57:17+00:00\",\"description\":\"Les endorphines sont des hormones que l'on associe au bien-\u00eatre. Elles sont s\u00e9cr\u00e9t\u00e9es en quantit\u00e9s plus importantes lors d'une activit\u00e9 physique.\",\"breadcrumb\":{\"@id\":\"https:\\\/\\\/www.coach-hunter.com\\\/content\\\/endorphines\\\/#breadcrumb\"},\"inLanguage\":\"fr-FR\",\"potentialAction\":[{\"@type\":\"ReadAction\",\"target\":[\"https:\\\/\\\/www.coach-hunter.com\\\/content\\\/endorphines\\\/\"]}]},{\"@type\":\"ImageObject\",\"inLanguage\":\"fr-FR\",\"@id\":\"https:\\\/\\\/www.coach-hunter.com\\\/content\\\/endorphines\\\/#primaryimage\",\"url\":\"https:\\\/\\\/www.coach-hunter.com\\\/content\\\/wp-content\\\/uploads\\\/2018\\\/03\\\/endorphine.jpg\",\"contentUrl\":\"https:\\\/\\\/www.coach-hunter.com\\\/content\\\/wp-content\\\/uploads\\\/2018\\\/03\\\/endorphine.jpg\",\"width\":1600,\"height\":900},{\"@type\":\"BreadcrumbList\",\"@id\":\"https:\\\/\\\/www.coach-hunter.com\\\/content\\\/endorphines\\\/#breadcrumb\",\"itemListElement\":[{\"@type\":\"ListItem\",\"position\":1,\"name\":\"Accueil\",\"item\":\"https:\\\/\\\/www.coach-hunter.com\\\/content\\\/\"},{\"@type\":\"ListItem\",\"position\":2,\"name\":\"Les endorphines : le plaisir de faire du sport\"}]},{\"@type\":\"WebSite\",\"@id\":\"https:\\\/\\\/www.coach-hunter.com\\\/content\\\/#website\",\"url\":\"https:\\\/\\\/www.coach-hunter.com\\\/content\\\/\",\"name\":\"Blog Coach Hunter\",\"description\":\"\",\"potentialAction\":[{\"@type\":\"SearchAction\",\"target\":{\"@type\":\"EntryPoint\",\"urlTemplate\":\"https:\\\/\\\/www.coach-hunter.com\\\/content\\\/?s={search_term_string}\"},\"query-input\":{\"@type\":\"PropertyValueSpecification\",\"valueRequired\":true,\"valueName\":\"search_term_string\"}}],\"inLanguage\":\"fr-FR\"}]}<\/script>\n<!-- \/ Yoast SEO plugin. -->","yoast_head_json":{"title":"Endorphines et pratique sportive : une alliance choc !","description":"Les endorphines sont des hormones que l'on associe au bien-\u00eatre. Elles sont s\u00e9cr\u00e9t\u00e9es en quantit\u00e9s plus importantes lors d'une activit\u00e9 physique.","robots":{"index":"index","follow":"follow","max-snippet":"max-snippet:-1","max-image-preview":"max-image-preview:large","max-video-preview":"max-video-preview:-1"},"canonical":"https:\/\/www.coach-hunter.com\/content\/endorphines\/","og_locale":"fr_FR","og_type":"article","og_title":"Endorphines et pratique sportive : une alliance choc !","og_description":"Les endorphines sont des hormones que l'on associe au bien-\u00eatre. Elles sont s\u00e9cr\u00e9t\u00e9es en quantit\u00e9s plus importantes lors d'une activit\u00e9 physique.","og_url":"https:\/\/www.coach-hunter.com\/content\/endorphines\/","og_site_name":"Blog Coach Hunter","article_modified_time":"2024-05-17T14:57:17+00:00","og_image":[{"url":"https:\/\/www.coach-hunter.com\/content\/wp-content\/uploads\/2018\/03\/endorphine-1024x576.jpg","type":"","width":"","height":""}],"twitter_card":"summary_large_image","twitter_misc":{"Dur\u00e9e de lecture estim\u00e9e":"4 minutes"},"schema":{"@context":"https:\/\/schema.org","@graph":[{"@type":"WebPage","@id":"https:\/\/www.coach-hunter.com\/content\/endorphines\/","url":"https:\/\/www.coach-hunter.com\/content\/endorphines\/","name":"Endorphines et pratique sportive : une alliance choc !","isPartOf":{"@id":"https:\/\/www.coach-hunter.com\/content\/#website"},"primaryImageOfPage":{"@id":"https:\/\/www.coach-hunter.com\/content\/endorphines\/#primaryimage"},"image":{"@id":"https:\/\/www.coach-hunter.com\/content\/endorphines\/#primaryimage"},"thumbnailUrl":"https:\/\/www.coach-hunter.com\/content\/wp-content\/uploads\/2018\/03\/endorphine-1024x576.jpg","datePublished":"2018-03-14T17:03:40+00:00","dateModified":"2024-05-17T14:57:17+00:00","description":"Les endorphines sont des hormones que l'on associe au bien-\u00eatre. Elles sont s\u00e9cr\u00e9t\u00e9es en quantit\u00e9s plus importantes lors d'une activit\u00e9 physique.","breadcrumb":{"@id":"https:\/\/www.coach-hunter.com\/content\/endorphines\/#breadcrumb"},"inLanguage":"fr-FR","potentialAction":[{"@type":"ReadAction","target":["https:\/\/www.coach-hunter.com\/content\/endorphines\/"]}]},{"@type":"ImageObject","inLanguage":"fr-FR","@id":"https:\/\/www.coach-hunter.com\/content\/endorphines\/#primaryimage","url":"https:\/\/www.coach-hunter.com\/content\/wp-content\/uploads\/2018\/03\/endorphine.jpg","contentUrl":"https:\/\/www.coach-hunter.com\/content\/wp-content\/uploads\/2018\/03\/endorphine.jpg","width":1600,"height":900},{"@type":"BreadcrumbList","@id":"https:\/\/www.coach-hunter.com\/content\/endorphines\/#breadcrumb","itemListElement":[{"@type":"ListItem","position":1,"name":"Accueil","item":"https:\/\/www.coach-hunter.com\/content\/"},{"@type":"ListItem","position":2,"name":"Les endorphines : le plaisir de faire du sport"}]},{"@type":"WebSite","@id":"https:\/\/www.coach-hunter.com\/content\/#website","url":"https:\/\/www.coach-hunter.com\/content\/","name":"Blog Coach Hunter","description":"","potentialAction":[{"@type":"SearchAction","target":{"@type":"EntryPoint","urlTemplate":"https:\/\/www.coach-hunter.com\/content\/?s={search_term_string}"},"query-input":{"@type":"PropertyValueSpecification","valueRequired":true,"valueName":"search_term_string"}}],"inLanguage":"fr-FR"}]}},"_links":{"self":[{"href":"https:\/\/www.coach-hunter.com\/content\/wp-json\/wp\/v2\/pages\/126","targetHints":{"allow":["GET"]}}],"collection":[{"href":"https:\/\/www.coach-hunter.com\/content\/wp-json\/wp\/v2\/pages"}],"about":[{"href":"https:\/\/www.coach-hunter.com\/content\/wp-json\/wp\/v2\/types\/page"}],"author":[{"embeddable":true,"href":"https:\/\/www.coach-hunter.com\/content\/wp-json\/wp\/v2\/users\/2"}],"replies":[{"embeddable":true,"href":"https:\/\/www.coach-hunter.com\/content\/wp-json\/wp\/v2\/comments?post=126"}],"version-history":[{"count":14,"href":"https:\/\/www.coach-hunter.com\/content\/wp-json\/wp\/v2\/pages\/126\/revisions"}],"predecessor-version":[{"id":2173,"href":"https:\/\/www.coach-hunter.com\/content\/wp-json\/wp\/v2\/pages\/126\/revisions\/2173"}],"wp:attachment":[{"href":"https:\/\/www.coach-hunter.com\/content\/wp-json\/wp\/v2\/media?parent=126"}],"curies":[{"name":"wp","href":"https:\/\/api.w.org\/{rel}","templated":true}]}}