{"id":1151,"date":"2020-08-05T12:49:47","date_gmt":"2020-08-05T12:49:47","guid":{"rendered":"https:\/\/www.coach-hunter.com\/content\/?page_id=1151"},"modified":"2020-09-02T14:03:34","modified_gmt":"2020-09-02T14:03:34","slug":"dejeps-boxe-thai-muay-thai","status":"publish","type":"page","link":"https:\/\/www.coach-hunter.com\/content\/dejeps-boxe-thai-muay-thai\/","title":{"rendered":"Le DEJEPS Boxe tha\u00ef-muay tha\u00ef avec Coach Hunter"},"content":{"rendered":"\n<p>Le <strong>dipl\u00f4me d&rsquo; Etat de la jeunesse, de l\u2019 \u00e9ducation populaire et du sport<\/strong> est le dipl\u00f4me de r\u00e9f\u00e9rence pour devenir <strong>coach sportif<\/strong> professionnel dans une discipline. La mention Boxe Tha\u00ef appartient aux&nbsp;<a class=\"callAction\" href=\"https:\/\/www.coach-hunter.com\/content\/dejeps-sports-de-combat\/\">DEJEPS Sports de combat<\/a>.<br>Les dipl\u00f4m\u00e9s du <strong>DEJEPS Boxe tha\u00ef-muay tha\u00ef<\/strong> pourront exercer en tant qu&rsquo;<strong>entra\u00eeneur de boxe tha\u00ef<\/strong> dans des structures sportives priv\u00e9es ou associatives.<\/p>\n\n\n\n<div class=\"wp-block-image\"><figure class=\"aligncenter size-large\"><img loading=\"lazy\" decoding=\"async\" width=\"626\" height=\"417\" src=\"https:\/\/www.coach-hunter.com\/content\/wp-content\/uploads\/2020\/07\/DEJEPS-Boxe-tha\u00ef-muay-tha\u00ef-Copie.jpg\" alt=\"dejeps Boxe tha\u00ef-muay tha\u00ef\" class=\"wp-image-1152\" srcset=\"https:\/\/www.coach-hunter.com\/content\/wp-content\/uploads\/2020\/07\/DEJEPS-Boxe-tha\u00ef-muay-tha\u00ef-Copie.jpg 626w, https:\/\/www.coach-hunter.com\/content\/wp-content\/uploads\/2020\/07\/DEJEPS-Boxe-tha\u00ef-muay-tha\u00ef-Copie-300x200.jpg 300w\" sizes=\"auto, (max-width: 626px) 85vw, 626px\" \/><\/figure><\/div>\n\n\n\n<div class='flexo'><div class=\"lames2\">\n\n\n\n<h2 class=\"wp-block-heading\">Les objectifs du&nbsp;DEJEPS sp\u00e9cialit\u00e9 perfectionnement sportif mention Boxe tha\u00ef-muay tha\u00ef<\/h2>\n\n\n\n<p>Le <strong>DEJEPS mention Boxe tha\u00ef-muay tha\u00ef<\/strong> forme des professeurs de sport sp\u00e9cialis\u00e9s dans cette discipline sportive. Les d\u00e9tenteurs du DEJEPS doivent \u00eatre capable d&rsquo;encadrer des <strong>cours de muay tha\u00ef<\/strong> et les adapter au niveau de leurs \u00e9l\u00e8ves. Ils \u00e9voluent dans le milieu sportif amateur et professionnel. En outre, les dipl\u00f4m\u00e9s pourront proposer des <strong>cours de sport<\/strong> \u00e0 des enfants, \u00e0 des adultes d\u00e9butants, et \u00e0 des sportifs de haut niveau. <\/p>\n\n\n\n<p>Les <strong>d\u00e9tenteurs du dipl\u00f4me<\/strong> devront alors conduire une <strong>d\u00e9marche de perfectionnement sportif en Boxe tha\u00ef<\/strong>. Autrement dit, tout dipl\u00f4m\u00e9 sera en mesure de proposer des programmes sportifs \u00e9volutifs et adapt\u00e9s au niveau et objectifs de ses \u00e9l\u00e8ves. Il devra aussi effectuer la <strong>mise en oeuvre d&rsquo;un projet d&rsquo;action<\/strong> li\u00e9 \u00e0 la pratique sportive. On parle ici d&rsquo;un projet d\u00e9cid\u00e9 par la <strong>direction technique nationale en Boxe tha\u00ef<\/strong>. Ce dernier s&rsquo;applique \u00e0 l&rsquo;\u00e9chelon de la structure sportive.<\/p>\n\n\n\n<\/div><div class=\"lames2\">\n\n\n\n<h2 class=\"wp-block-heading\">Quel parcours pour obtenir le DEJEPS sp\u00e9cialit\u00e9 Boxe tha\u00ef ?<\/h2>\n\n\n\n<p>Les <strong>titulaires du DEJEPS boxe tha\u00ef<\/strong> sauront proposer des programmes d&rsquo;entrainement correspondant aux <strong>objectifs sportifs<\/strong> du public concern\u00e9.A l&rsquo;issue de la formation, ils seront des experts de l&rsquo;<strong>optimisation des performances sportives<\/strong> en muay tha\u00ef.<\/p>\n\n\n\n<p>Cependant, il est n\u00e9cessaire de r\u00e9pondre \u00e0 des <a href=\"https:\/\/www.afmt.fr\/actualites\/407-formations-dejeps-et-bpjeps.html\" target=\"_blank\" rel=\"noreferrer noopener\">exigences pr\u00e9alables<\/a> pour <strong>candidater<\/strong> \u00e0 cette formation. Si le candidat est s\u00e9lectionn\u00e9 par ce premier filtrage, il devra alors r\u00e9ussir les tests de s\u00e9lections. Il s&rsquo;agit d&rsquo;un test \u00e9crit et d&rsquo;un <strong>test techniquo-tactique<\/strong> en boxe tha\u00ef. Le premier validera les connaissances du candidat dans la mention. Tandis que le second attestera de ses <strong>comp\u00e9tences techniques<\/strong> avec mise en situation r\u00e9elle.<\/p>\n\n\n\n<p><strong>Accessibilit\u00e9<\/strong> : Il faut \u00eatre titulaire du PSC1 ou d\u2019un dipl\u00f4me \u00e9quivalent.<br><strong>Dur\u00e9e de formation<\/strong>&nbsp;:&nbsp;650 heures environ dont : 350 heures en centre de formation, 300 heures en structure sportive<br><strong>Co\u00fbt de la formation<\/strong>&nbsp;:&nbsp;4 000 \u20ac environ<\/p>\n\n\n\n<\/div><\/div>\n\n\n\n<h2 class=\"wp-block-heading\">D\u2019autres DEJEPS Sports de combat :<\/h2>\n\n\n\n<ul class=\"wp-block-list\"><li><a href=\"https:\/\/www.coach-hunter.com\/content\/dejeps-arts-martiaux-chinois\/\">DEJEPS Arts martiaux chinois<\/a><\/li><li><a href=\"https:\/\/www.coach-hunter.com\/content\/dejeps-aikido-aikibudo-et-disciplines-associees\/\">DEJEPS A\u00efkido a\u00efkibudo et disciplines associ\u00e9es<\/a><\/li><li><a href=\"https:\/\/www.coach-hunter.com\/content\/dejeps-boxe\/\">DEJEPS Boxe<\/a><\/li><li><a href=\"https:\/\/www.coach-hunter.com\/content\/dejeps-full-contact-boxe-americaine\/\">DEJEPS Full contact \u2013 Boxe am\u00e9ricaine<\/a><\/li><li><a href=\"https:\/\/www.coach-hunter.com\/content\/dejeps-judo-jujitsu\/\">DEJEPS Judo \u2013 Jujitsu<\/a><\/li><li><a href=\"https:\/\/www.coach-hunter.com\/content\/dejeps-karate-et-disciplines-associees\/\">DEJEPS Karat\u00e9 et disciplines associ\u00e9es<\/a><\/li><li><a href=\"https:\/\/www.coach-hunter.com\/content\/dejeps-kick-boxing\/\">DEJEPS Kick \u2013 boxing<\/a><\/li><li><a href=\"https:\/\/www.coach-hunter.com\/content\/dejeps-lutte-et-disciplines-associees\/\">DEJEPS Lutte et disciplines associ\u00e9es<\/a><\/li><li><a href=\"https:\/\/www.coach-hunter.com\/content\/dejeps-savate-boxe-francaise\/\">DEJEPS Savate Boxe Fran\u00e7aise<\/a><\/li><li><a href=\"https:\/\/www.coach-hunter.com\/content\/dejeps-taekwondo-et-disciplines-associees\/\">DEJEPS Taekwondo et disciplines associ\u00e9es<\/a><\/li><\/ul>\n","protected":false},"excerpt":{"rendered":"<p>Le dipl\u00f4me d&rsquo; Etat de la jeunesse, de l\u2019 \u00e9ducation populaire et du sport est le dipl\u00f4me de r\u00e9f\u00e9rence pour devenir coach sportif professionnel dans une discipline. La mention Boxe Tha\u00ef appartient aux&nbsp;DEJEPS Sports de combat.Les dipl\u00f4m\u00e9s du DEJEPS Boxe tha\u00ef-muay tha\u00ef pourront exercer en tant qu&rsquo;entra\u00eeneur de boxe tha\u00ef dans des structures sportives priv\u00e9es &hellip; <a href=\"https:\/\/www.coach-hunter.com\/content\/dejeps-boxe-thai-muay-thai\/\" class=\"more-link\">Continuer la lecture<span class=\"screen-reader-text\"> de &laquo;&nbsp;Le DEJEPS Boxe tha\u00ef-muay tha\u00ef avec Coach Hunter&nbsp;&raquo;<\/span><\/a><\/p>\n","protected":false},"author":5,"featured_media":0,"parent":0,"menu_order":0,"comment_status":"closed","ping_status":"closed","template":"","meta":{"footnotes":""},"class_list":["post-1151","page","type-page","status-publish","hentry"],"yoast_head":"<!-- This site is optimized with the Yoast SEO plugin v25.9 - https:\/\/yoast.com\/wordpress\/plugins\/seo\/ -->\n<title>DEJEPS Boxe tha\u00ef-muay tha\u00ef, formation pour devenir professeur de sport<\/title>\n<meta name=\"description\" content=\"Le DEJEPS Boxe tha\u00ef-muay tha\u00ef est le dipl\u00f4me de r\u00e9f\u00e9rence pour enseigner la boxe tha\u00ef en tant que coach sportif professionnel.\" \/>\n<meta name=\"robots\" content=\"index, follow, max-snippet:-1, max-image-preview:large, max-video-preview:-1\" \/>\n<link rel=\"canonical\" href=\"https:\/\/www.coach-hunter.com\/content\/dejeps-boxe-thai-muay-thai\/\" \/>\n<meta property=\"og:locale\" content=\"fr_FR\" \/>\n<meta property=\"og:type\" content=\"article\" \/>\n<meta property=\"og:title\" content=\"DEJEPS Boxe tha\u00ef-muay tha\u00ef, formation pour devenir professeur de sport\" \/>\n<meta property=\"og:description\" content=\"Le DEJEPS Boxe tha\u00ef-muay tha\u00ef est le dipl\u00f4me de r\u00e9f\u00e9rence pour enseigner la boxe tha\u00ef en tant que coach sportif professionnel.\" \/>\n<meta property=\"og:url\" content=\"https:\/\/www.coach-hunter.com\/content\/dejeps-boxe-thai-muay-thai\/\" \/>\n<meta property=\"og:site_name\" content=\"Blog Coach Hunter\" \/>\n<meta property=\"article:modified_time\" content=\"2020-09-02T14:03:34+00:00\" \/>\n<meta name=\"twitter:card\" content=\"summary_large_image\" \/>\n<meta name=\"twitter:label1\" content=\"Dur\u00e9e de lecture estim\u00e9e\" \/>\n\t<meta name=\"twitter:data1\" content=\"2 minutes\" \/>\n<script type=\"application\/ld+json\" class=\"yoast-schema-graph\">{\"@context\":\"https:\/\/schema.org\",\"@graph\":[{\"@type\":\"WebPage\",\"@id\":\"https:\/\/www.coach-hunter.com\/content\/dejeps-boxe-thai-muay-thai\/\",\"url\":\"https:\/\/www.coach-hunter.com\/content\/dejeps-boxe-thai-muay-thai\/\",\"name\":\"DEJEPS Boxe tha\u00ef-muay tha\u00ef, formation pour devenir professeur de sport\",\"isPartOf\":{\"@id\":\"https:\/\/www.coach-hunter.com\/content\/#website\"},\"datePublished\":\"2020-08-05T12:49:47+00:00\",\"dateModified\":\"2020-09-02T14:03:34+00:00\",\"description\":\"Le DEJEPS Boxe tha\u00ef-muay tha\u00ef est le dipl\u00f4me de r\u00e9f\u00e9rence pour enseigner la boxe tha\u00ef en tant que coach sportif professionnel.\",\"breadcrumb\":{\"@id\":\"https:\/\/www.coach-hunter.com\/content\/dejeps-boxe-thai-muay-thai\/#breadcrumb\"},\"inLanguage\":\"fr-FR\",\"potentialAction\":[{\"@type\":\"ReadAction\",\"target\":[\"https:\/\/www.coach-hunter.com\/content\/dejeps-boxe-thai-muay-thai\/\"]}]},{\"@type\":\"BreadcrumbList\",\"@id\":\"https:\/\/www.coach-hunter.com\/content\/dejeps-boxe-thai-muay-thai\/#breadcrumb\",\"itemListElement\":[{\"@type\":\"ListItem\",\"position\":1,\"name\":\"Accueil\",\"item\":\"https:\/\/www.coach-hunter.com\/content\/\"},{\"@type\":\"ListItem\",\"position\":2,\"name\":\"Le DEJEPS Boxe tha\u00ef-muay tha\u00ef avec Coach Hunter\"}]},{\"@type\":\"WebSite\",\"@id\":\"https:\/\/www.coach-hunter.com\/content\/#website\",\"url\":\"https:\/\/www.coach-hunter.com\/content\/\",\"name\":\"Blog Coach Hunter\",\"description\":\"\",\"potentialAction\":[{\"@type\":\"SearchAction\",\"target\":{\"@type\":\"EntryPoint\",\"urlTemplate\":\"https:\/\/www.coach-hunter.com\/content\/?s={search_term_string}\"},\"query-input\":{\"@type\":\"PropertyValueSpecification\",\"valueRequired\":true,\"valueName\":\"search_term_string\"}}],\"inLanguage\":\"fr-FR\"}]}<\/script>\n<!-- \/ Yoast SEO plugin. -->","yoast_head_json":{"title":"DEJEPS Boxe tha\u00ef-muay tha\u00ef, formation pour devenir professeur de sport","description":"Le DEJEPS Boxe tha\u00ef-muay tha\u00ef est le dipl\u00f4me de r\u00e9f\u00e9rence pour enseigner la boxe tha\u00ef en tant que coach sportif professionnel.","robots":{"index":"index","follow":"follow","max-snippet":"max-snippet:-1","max-image-preview":"max-image-preview:large","max-video-preview":"max-video-preview:-1"},"canonical":"https:\/\/www.coach-hunter.com\/content\/dejeps-boxe-thai-muay-thai\/","og_locale":"fr_FR","og_type":"article","og_title":"DEJEPS Boxe tha\u00ef-muay tha\u00ef, formation pour devenir professeur de sport","og_description":"Le DEJEPS Boxe tha\u00ef-muay tha\u00ef est le dipl\u00f4me de r\u00e9f\u00e9rence pour enseigner la boxe tha\u00ef en tant que coach sportif professionnel.","og_url":"https:\/\/www.coach-hunter.com\/content\/dejeps-boxe-thai-muay-thai\/","og_site_name":"Blog Coach Hunter","article_modified_time":"2020-09-02T14:03:34+00:00","twitter_card":"summary_large_image","twitter_misc":{"Dur\u00e9e de lecture estim\u00e9e":"2 minutes"},"schema":{"@context":"https:\/\/schema.org","@graph":[{"@type":"WebPage","@id":"https:\/\/www.coach-hunter.com\/content\/dejeps-boxe-thai-muay-thai\/","url":"https:\/\/www.coach-hunter.com\/content\/dejeps-boxe-thai-muay-thai\/","name":"DEJEPS Boxe tha\u00ef-muay tha\u00ef, formation pour devenir professeur de sport","isPartOf":{"@id":"https:\/\/www.coach-hunter.com\/content\/#website"},"datePublished":"2020-08-05T12:49:47+00:00","dateModified":"2020-09-02T14:03:34+00:00","description":"Le DEJEPS Boxe tha\u00ef-muay tha\u00ef est le dipl\u00f4me de r\u00e9f\u00e9rence pour enseigner la boxe tha\u00ef en tant que coach sportif professionnel.","breadcrumb":{"@id":"https:\/\/www.coach-hunter.com\/content\/dejeps-boxe-thai-muay-thai\/#breadcrumb"},"inLanguage":"fr-FR","potentialAction":[{"@type":"ReadAction","target":["https:\/\/www.coach-hunter.com\/content\/dejeps-boxe-thai-muay-thai\/"]}]},{"@type":"BreadcrumbList","@id":"https:\/\/www.coach-hunter.com\/content\/dejeps-boxe-thai-muay-thai\/#breadcrumb","itemListElement":[{"@type":"ListItem","position":1,"name":"Accueil","item":"https:\/\/www.coach-hunter.com\/content\/"},{"@type":"ListItem","position":2,"name":"Le DEJEPS Boxe tha\u00ef-muay tha\u00ef avec Coach Hunter"}]},{"@type":"WebSite","@id":"https:\/\/www.coach-hunter.com\/content\/#website","url":"https:\/\/www.coach-hunter.com\/content\/","name":"Blog Coach Hunter","description":"","potentialAction":[{"@type":"SearchAction","target":{"@type":"EntryPoint","urlTemplate":"https:\/\/www.coach-hunter.com\/content\/?s={search_term_string}"},"query-input":{"@type":"PropertyValueSpecification","valueRequired":true,"valueName":"search_term_string"}}],"inLanguage":"fr-FR"}]}},"_links":{"self":[{"href":"https:\/\/www.coach-hunter.com\/content\/wp-json\/wp\/v2\/pages\/1151","targetHints":{"allow":["GET"]}}],"collection":[{"href":"https:\/\/www.coach-hunter.com\/content\/wp-json\/wp\/v2\/pages"}],"about":[{"href":"https:\/\/www.coach-hunter.com\/content\/wp-json\/wp\/v2\/types\/page"}],"author":[{"embeddable":true,"href":"https:\/\/www.coach-hunter.com\/content\/wp-json\/wp\/v2\/users\/5"}],"replies":[{"embeddable":true,"href":"https:\/\/www.coach-hunter.com\/content\/wp-json\/wp\/v2\/comments?post=1151"}],"version-history":[{"count":8,"href":"https:\/\/www.coach-hunter.com\/content\/wp-json\/wp\/v2\/pages\/1151\/revisions"}],"predecessor-version":[{"id":1442,"href":"https:\/\/www.coach-hunter.com\/content\/wp-json\/wp\/v2\/pages\/1151\/revisions\/1442"}],"wp:attachment":[{"href":"https:\/\/www.coach-hunter.com\/content\/wp-json\/wp\/v2\/media?parent=1151"}],"curies":[{"name":"wp","href":"https:\/\/api.w.org\/{rel}","templated":true}]}}