{"id":1072,"date":"2020-09-09T11:56:51","date_gmt":"2020-09-09T11:56:51","guid":{"rendered":"https:\/\/www.coach-hunter.com\/content\/?page_id=1072"},"modified":"2020-09-09T16:52:52","modified_gmt":"2020-09-09T16:52:52","slug":"dejeps-velo-tout-terrain","status":"publish","type":"page","link":"https:\/\/www.coach-hunter.com\/content\/dejeps-velo-tout-terrain\/","title":{"rendered":"Zoom sur le DEJEPS V\u00e9lo tout terrain avec Coach Hunter"},"content":{"rendered":"\n<p>Le <strong>dipl\u00f4me d&rsquo; Etat de la jeunesse, de l\u2019 \u00e9ducation populaire et du sport <\/strong>permet d&rsquo;exercer en tant que directeur sportif dans une mention donn\u00e9e. Le <strong>DEJEPS V\u00e9lo tout terrain<\/strong> fait partie des <a class=\"callAction\" href=\"https:\/\/www.coach-hunter.com\/content\/dejeps-sports-de-courses\/\">DEJEPS Sports de courses<\/a>.<br>Ses d\u00e9tenteurs pourront ainsi exercer en tant qu&rsquo;<strong>entra\u00eeneur sportif de VTT<\/strong> aupr\u00e8s de divers publics comp\u00e9titeurs et amateurs. Il pourra aussi bien intervenir pour des structures priv\u00e9es que publiques.<\/p>\n\n\n\n<div class=\"wp-block-image\"><figure class=\"aligncenter size-large\"><img loading=\"lazy\" decoding=\"async\" width=\"626\" height=\"417\" src=\"https:\/\/www.coach-hunter.com\/content\/wp-content\/uploads\/2020\/07\/DEJEPS-v\u00e9lo-tout-terrain.jpg\" alt=\"DEJEPS V\u00e9lo tout terrain\" class=\"wp-image-1073\" srcset=\"https:\/\/www.coach-hunter.com\/content\/wp-content\/uploads\/2020\/07\/DEJEPS-v\u00e9lo-tout-terrain.jpg 626w, https:\/\/www.coach-hunter.com\/content\/wp-content\/uploads\/2020\/07\/DEJEPS-v\u00e9lo-tout-terrain-300x200.jpg 300w\" sizes=\"auto, (max-width: 626px) 85vw, 626px\" \/><\/figure><\/div>\n\n\n\n<div class='flexo'><div class=\"lames2\">\n\n\n\n<h2 class=\"wp-block-heading\">Les objectifs du&nbsp;DEJEPS sp\u00e9cialit\u00e9 perfectionnement sportif mention V\u00e9lo tout terrain<\/h2>\n\n\n\n<p>Le <strong>DEJEPS mention v\u00e9lo tout terrain<\/strong> est un <strong>dipl\u00f4me d&rsquo;Etat<\/strong> formant les futurs <strong>professionnels <\/strong>de l&rsquo;entrainement sportif en VTT. Leurs fonctions sont v\u00e9ritablement diverses. En termes de public, le dipl\u00f4m\u00e9 pourra exercer aupr\u00e8s d&rsquo;un public comp\u00e9titeur ou bien d\u00e9butant. Ainsi, il assurera aussi bien le suivi des sportifs <strong>haut niveau<\/strong> que l&rsquo;<strong>initiation au VTT<\/strong>. <\/p>\n\n\n\n<p>De mani\u00e8re g\u00e9n\u00e9rale, le dipl\u00f4me <strong>pr\u00e9pare donc \u00e0 l&rsquo;encadrement et \u00e0 l&rsquo;animation<\/strong> des cours d\u00e9di\u00e9s \u00e0 cette discipline. Le d\u00e9tenteur du dipl\u00f4me sera en mesure de concevoir des <strong>programmes de perfectionnement sportif et perfectionnement technique pour le VTT<\/strong>. Il devra coordonner la mise en \u0153uvre des projets et les mener \u00e0 terme.<\/p>\n\n\n\n<p>Mais dans le cadre du VTT, le professionnel devra aussi assurer la <strong>gestion du mat\u00e9riel<\/strong> et son entretien. Cette discipline \u00e9tant une <strong>activit\u00e9 de pleine nature<\/strong>, il sera demand\u00e9 au <strong>coach sportif sp\u00e9cialis\u00e9<\/strong> de sensibiliser ses \u00e9l\u00e8ves \u00e0 l\u2019environnement et au d\u00e9veloppement durable. Il pourra \u00e9ventuellement organiser et accompagner ses \u00e9l\u00e8ves sur des randonn\u00e9es de plusieurs jours.<\/p>\n\n\n\n<\/div><div class=\"lames2\">\n\n\n\n<h2 class=\"wp-block-heading\">Quel parcours pour obtenir le DEJEPS V\u00e9lo tout terrain?<\/h2>\n\n\n\n<p>Le candidat au <strong>DEJEPS VTT mention perfectionnement sportif<\/strong> aura pour mission de conduire une d\u00e9marche de perfectionnement sportif adapt\u00e9e \u00e0 chaque profil d&rsquo;\u00e9l\u00e8ve. Le dipl\u00f4m\u00e9 se positionne comme un professionnel de l&rsquo;entrainement et de <strong>performance sportive<\/strong> en VTT. En effet, le dipl\u00f4me atteste, dans le domaine du v\u00e9lo tout terrain, des comp\u00e9tences mentionn\u00e9es ci-dessus.<\/p>\n\n\n\n<p>Pour valider son entr\u00e9e en formation, le candidat devra ensuite r\u00e9pondre \u00e0 des <strong>exigences pr\u00e9alables<\/strong> (<a rel=\"noreferrer noopener\" href=\"https:\/\/www.creps-rhonealpes.sports.gouv.fr\/data\/userfiles\/DE%20VTT\/Arr%C3%AAt%C3%A9_du_8_novembre_2010_%20portant_cr%C3%A9ation_de_la_mention_v%C3%A9lo_tout_terrain%20_du_dipl%C3%B4me_d_Etat.pdf\" target=\"_blank\">en savoir plus<\/a>).Toutefois, les d\u00e9tenteurs d&rsquo;un brevet d&rsquo;\u00e9tat en cyclisme en sont dispens\u00e9s. Ensuite viennent les tests de s\u00e9lection. Un test p\u00e9dagogique permet aussi de valider les aptitudes du candidat en tant qu&rsquo;enseignant. Il est second\u00e9 par un test technique permettant ainsi de d\u00e9partager les candidats.<\/p>\n\n\n\n<p><strong>Accessibilit\u00e9<\/strong> : Il faut \u00eatre titulaire du PSC1 ou d\u2019un dipl\u00f4me \u00e9quivalent.<br><strong>Dur\u00e9e de formation<\/strong>&nbsp;:&nbsp;1200 heures dont : 700 heures en centre de formation, 500 heures en structure sportive<br><strong>Co\u00fbt de la formation<\/strong>&nbsp;:&nbsp;9 000 \u20ac environ<\/p>\n\n\n\n<\/div><\/div>\n\n\n\n<h2 class=\"wp-block-heading\">D\u2019autres DEJEPS Sports de courses :<\/h2>\n\n\n\n<ul class=\"wp-block-list\"><li><a href=\"https:\/\/www.coach-hunter.com\/content\/le-dejeps-athletisme-et-disciplines-associees\/\">DEJEPS Athl\u00e9tisme et disciplines associ\u00e9es<\/a><\/li><li><a href=\"https:\/\/www.coach-hunter.com\/content\/dejeps-cyclisme-traditionnel\/\">DEJEPS Cyclisme traditionnel<\/a><\/li><li><a href=\"https:\/\/www.coach-hunter.com\/content\/dejeps-natation\/\">DEJEPS Natation<\/a><\/li><li><a href=\"https:\/\/www.coach-hunter.com\/content\/dejeps-triathlon\/\">DEJEPS Triathlon<\/a><\/li><\/ul>\n","protected":false},"excerpt":{"rendered":"<p>Le dipl\u00f4me d&rsquo; Etat de la jeunesse, de l\u2019 \u00e9ducation populaire et du sport permet d&rsquo;exercer en tant que directeur sportif dans une mention donn\u00e9e. Le DEJEPS V\u00e9lo tout terrain fait partie des DEJEPS Sports de courses.Ses d\u00e9tenteurs pourront ainsi exercer en tant qu&rsquo;entra\u00eeneur sportif de VTT aupr\u00e8s de divers publics comp\u00e9titeurs et amateurs. Il &hellip; <a href=\"https:\/\/www.coach-hunter.com\/content\/dejeps-velo-tout-terrain\/\" class=\"more-link\">Continuer la lecture<span class=\"screen-reader-text\"> de &laquo;&nbsp;Zoom sur le DEJEPS V\u00e9lo tout terrain avec Coach Hunter&nbsp;&raquo;<\/span><\/a><\/p>\n","protected":false},"author":5,"featured_media":0,"parent":0,"menu_order":0,"comment_status":"closed","ping_status":"closed","template":"","meta":{"footnotes":""},"class_list":["post-1072","page","type-page","status-publish","hentry"],"yoast_head":"<!-- This site is optimized with the Yoast SEO plugin v25.9 - https:\/\/yoast.com\/wordpress\/plugins\/seo\/ -->\n<title>DEJEPS V\u00e9lo tout terrain, devenir un personal trainer pour le VTT<\/title>\n<meta name=\"description\" content=\"Le DEJEPS V\u00e9lo tout terrain est un dipl\u00f4me d&#039;\u00e9tat permettant d&#039;exercer en tant que qu&#039;entra\u00eeneur sportif de VTT aupr\u00e8s de divers publics.\" \/>\n<meta name=\"robots\" content=\"index, follow, max-snippet:-1, max-image-preview:large, max-video-preview:-1\" \/>\n<link rel=\"canonical\" href=\"https:\/\/www.coach-hunter.com\/content\/dejeps-velo-tout-terrain\/\" \/>\n<meta property=\"og:locale\" content=\"fr_FR\" \/>\n<meta property=\"og:type\" content=\"article\" \/>\n<meta property=\"og:title\" content=\"DEJEPS V\u00e9lo tout terrain, devenir un personal trainer pour le VTT\" \/>\n<meta property=\"og:description\" content=\"Le DEJEPS V\u00e9lo tout terrain est un dipl\u00f4me d&#039;\u00e9tat permettant d&#039;exercer en tant que qu&#039;entra\u00eeneur sportif de VTT aupr\u00e8s de divers publics.\" \/>\n<meta property=\"og:url\" content=\"https:\/\/www.coach-hunter.com\/content\/dejeps-velo-tout-terrain\/\" \/>\n<meta property=\"og:site_name\" content=\"Blog Coach Hunter\" \/>\n<meta property=\"article:modified_time\" content=\"2020-09-09T16:52:52+00:00\" \/>\n<meta name=\"twitter:card\" content=\"summary_large_image\" \/>\n<meta name=\"twitter:label1\" content=\"Dur\u00e9e de lecture estim\u00e9e\" \/>\n\t<meta name=\"twitter:data1\" content=\"2 minutes\" \/>\n<script type=\"application\/ld+json\" class=\"yoast-schema-graph\">{\"@context\":\"https:\/\/schema.org\",\"@graph\":[{\"@type\":\"WebPage\",\"@id\":\"https:\/\/www.coach-hunter.com\/content\/dejeps-velo-tout-terrain\/\",\"url\":\"https:\/\/www.coach-hunter.com\/content\/dejeps-velo-tout-terrain\/\",\"name\":\"DEJEPS V\u00e9lo tout terrain, devenir un personal trainer pour le VTT\",\"isPartOf\":{\"@id\":\"https:\/\/www.coach-hunter.com\/content\/#website\"},\"datePublished\":\"2020-09-09T11:56:51+00:00\",\"dateModified\":\"2020-09-09T16:52:52+00:00\",\"description\":\"Le DEJEPS V\u00e9lo tout terrain est un dipl\u00f4me d'\u00e9tat permettant d'exercer en tant que qu'entra\u00eeneur sportif de VTT aupr\u00e8s de divers publics.\",\"breadcrumb\":{\"@id\":\"https:\/\/www.coach-hunter.com\/content\/dejeps-velo-tout-terrain\/#breadcrumb\"},\"inLanguage\":\"fr-FR\",\"potentialAction\":[{\"@type\":\"ReadAction\",\"target\":[\"https:\/\/www.coach-hunter.com\/content\/dejeps-velo-tout-terrain\/\"]}]},{\"@type\":\"BreadcrumbList\",\"@id\":\"https:\/\/www.coach-hunter.com\/content\/dejeps-velo-tout-terrain\/#breadcrumb\",\"itemListElement\":[{\"@type\":\"ListItem\",\"position\":1,\"name\":\"Accueil\",\"item\":\"https:\/\/www.coach-hunter.com\/content\/\"},{\"@type\":\"ListItem\",\"position\":2,\"name\":\"Zoom sur le DEJEPS V\u00e9lo tout terrain avec Coach Hunter\"}]},{\"@type\":\"WebSite\",\"@id\":\"https:\/\/www.coach-hunter.com\/content\/#website\",\"url\":\"https:\/\/www.coach-hunter.com\/content\/\",\"name\":\"Blog Coach Hunter\",\"description\":\"\",\"potentialAction\":[{\"@type\":\"SearchAction\",\"target\":{\"@type\":\"EntryPoint\",\"urlTemplate\":\"https:\/\/www.coach-hunter.com\/content\/?s={search_term_string}\"},\"query-input\":{\"@type\":\"PropertyValueSpecification\",\"valueRequired\":true,\"valueName\":\"search_term_string\"}}],\"inLanguage\":\"fr-FR\"}]}<\/script>\n<!-- \/ Yoast SEO plugin. -->","yoast_head_json":{"title":"DEJEPS V\u00e9lo tout terrain, devenir un personal trainer pour le VTT","description":"Le DEJEPS V\u00e9lo tout terrain est un dipl\u00f4me d'\u00e9tat permettant d'exercer en tant que qu'entra\u00eeneur sportif de VTT aupr\u00e8s de divers publics.","robots":{"index":"index","follow":"follow","max-snippet":"max-snippet:-1","max-image-preview":"max-image-preview:large","max-video-preview":"max-video-preview:-1"},"canonical":"https:\/\/www.coach-hunter.com\/content\/dejeps-velo-tout-terrain\/","og_locale":"fr_FR","og_type":"article","og_title":"DEJEPS V\u00e9lo tout terrain, devenir un personal trainer pour le VTT","og_description":"Le DEJEPS V\u00e9lo tout terrain est un dipl\u00f4me d'\u00e9tat permettant d'exercer en tant que qu'entra\u00eeneur sportif de VTT aupr\u00e8s de divers publics.","og_url":"https:\/\/www.coach-hunter.com\/content\/dejeps-velo-tout-terrain\/","og_site_name":"Blog Coach Hunter","article_modified_time":"2020-09-09T16:52:52+00:00","twitter_card":"summary_large_image","twitter_misc":{"Dur\u00e9e de lecture estim\u00e9e":"2 minutes"},"schema":{"@context":"https:\/\/schema.org","@graph":[{"@type":"WebPage","@id":"https:\/\/www.coach-hunter.com\/content\/dejeps-velo-tout-terrain\/","url":"https:\/\/www.coach-hunter.com\/content\/dejeps-velo-tout-terrain\/","name":"DEJEPS V\u00e9lo tout terrain, devenir un personal trainer pour le VTT","isPartOf":{"@id":"https:\/\/www.coach-hunter.com\/content\/#website"},"datePublished":"2020-09-09T11:56:51+00:00","dateModified":"2020-09-09T16:52:52+00:00","description":"Le DEJEPS V\u00e9lo tout terrain est un dipl\u00f4me d'\u00e9tat permettant d'exercer en tant que qu'entra\u00eeneur sportif de VTT aupr\u00e8s de divers publics.","breadcrumb":{"@id":"https:\/\/www.coach-hunter.com\/content\/dejeps-velo-tout-terrain\/#breadcrumb"},"inLanguage":"fr-FR","potentialAction":[{"@type":"ReadAction","target":["https:\/\/www.coach-hunter.com\/content\/dejeps-velo-tout-terrain\/"]}]},{"@type":"BreadcrumbList","@id":"https:\/\/www.coach-hunter.com\/content\/dejeps-velo-tout-terrain\/#breadcrumb","itemListElement":[{"@type":"ListItem","position":1,"name":"Accueil","item":"https:\/\/www.coach-hunter.com\/content\/"},{"@type":"ListItem","position":2,"name":"Zoom sur le DEJEPS V\u00e9lo tout terrain avec Coach Hunter"}]},{"@type":"WebSite","@id":"https:\/\/www.coach-hunter.com\/content\/#website","url":"https:\/\/www.coach-hunter.com\/content\/","name":"Blog Coach Hunter","description":"","potentialAction":[{"@type":"SearchAction","target":{"@type":"EntryPoint","urlTemplate":"https:\/\/www.coach-hunter.com\/content\/?s={search_term_string}"},"query-input":{"@type":"PropertyValueSpecification","valueRequired":true,"valueName":"search_term_string"}}],"inLanguage":"fr-FR"}]}},"_links":{"self":[{"href":"https:\/\/www.coach-hunter.com\/content\/wp-json\/wp\/v2\/pages\/1072","targetHints":{"allow":["GET"]}}],"collection":[{"href":"https:\/\/www.coach-hunter.com\/content\/wp-json\/wp\/v2\/pages"}],"about":[{"href":"https:\/\/www.coach-hunter.com\/content\/wp-json\/wp\/v2\/types\/page"}],"author":[{"embeddable":true,"href":"https:\/\/www.coach-hunter.com\/content\/wp-json\/wp\/v2\/users\/5"}],"replies":[{"embeddable":true,"href":"https:\/\/www.coach-hunter.com\/content\/wp-json\/wp\/v2\/comments?post=1072"}],"version-history":[{"count":4,"href":"https:\/\/www.coach-hunter.com\/content\/wp-json\/wp\/v2\/pages\/1072\/revisions"}],"predecessor-version":[{"id":1575,"href":"https:\/\/www.coach-hunter.com\/content\/wp-json\/wp\/v2\/pages\/1072\/revisions\/1575"}],"wp:attachment":[{"href":"https:\/\/www.coach-hunter.com\/content\/wp-json\/wp\/v2\/media?parent=1072"}],"curies":[{"name":"wp","href":"https:\/\/api.w.org\/{rel}","templated":true}]}}